167.94.138.115 - - [30/Jul/2024:08:20:07 +0200] "GET / HTTP/1.1" 200 24193 "-" "Mozilla/5.0 (compatible; CensysInspect/1.1; +https://about.censys.io/)"
52.160.37.98 - - [30/Jul/2024:08:33:17 +0200] "MGLNDD_80.65.208.110_2082" 400 151 "-" "-"
118.123.105.124 - - [30/Jul/2024:08:33:42 +0200] "GET / HTTP/1.0" 302 0 "-" "-"
118.123.105.124 - - [30/Jul/2024:08:33:45 +0200] "GET / HTTP/1.1" 302 5 "-" "Mozilla/5.0 (X11; Linux x86_64) AppleWebKit/537.36 (KHTML, like Gecko) Chrome/86.0.4 240.111 Safari/537.36"
118.123.105.124 - - [30/Jul/2024:08:33:46 +0200] "GET /login/index.php HTTP/1.1" 200 1909 "https://80.65.208.110:2087" "Mozilla/5.0 (X11; Linux x86_64) AppleWebKit/537.36 (KHTML, like Gecko) Chrome/86.0.4 240.111 Safari/537.36"
118.123.105.124 - - [30/Jul/2024:08:33:49 +0200] "GET /favicon.ico HTTP/1.1" 404 1010 "-" "Mozilla/5.0 (X11; Linux x86_64) AppleWebKit/537.36 (KHTML, like Gecko) Chrome/86.0.4 240.111 Safari/537.36"
118.123.105.124 - - [30/Jul/2024:08:33:51 +0200] "GET /robots.txt HTTP/1.1" 404 1010 "-" "Mozilla/5.0 (X11; Linux x86_64) AppleWebKit/537.36 (KHTML, like Gecko) Chrome/86.0.4 240.111 Safari/537.36"
118.123.105.124 - - [30/Jul/2024:08:33:53 +0200] "GET /.well-known/security.txt HTTP/1.1" 404 1010 "-" "Mozilla/5.0 (X11; Linux x86_64) AppleWebKit/537.36 (KHTML, like Gecko) Chrome/86.0.4 240.111 Safari/537.36"
194.233.170.181 - - [30/Jul/2024:09:06:18 +0200] "POST /login/index.php?login=$(echo%20bHM=%20%7C%20base64%20-d%20%7C%20bash) HTTP/1.1" 302 139 "http://80.65.208.110:2083/login/index.php?login=$(echo bHM= | base64 -d | bash)failed" "Mozilla/5.0 (X11; Linux x86_64; rv:105.0) Gecko/20100101 Firefox/105.0"
127.0.0.1 - - [30/Jul/2024:09:06:18 +0200] "POST /v1/loginfail/ HTTP/1.1" 200 40 "-" "-"
194.233.170.181 - - [30/Jul/2024:09:06:18 +0200] "GET /login/index.php?login=$(echo%20bHM=%20%7C%20base64%20-d%20%7C%20bash) HTTP/1.1" 200 25705 "http://80.65.208.110:2083/login/index.php?login=$(echo bHM= | base64 -d | bash)failed" "Mozilla/5.0 (X11; Linux x86_64; rv:105.0) Gecko/20100101 Firefox/105.0"
127.0.0.1 - - [30/Jul/2024:09:06:19 +0200] "POST /v1/loginfail/ HTTP/1.1" 200 40 "-" "-"
194.233.170.181 - - [30/Jul/2024:09:06:19 +0200] "POST /login/index.php?login=$(echo%20bHM=%20%7C%20base64%20-d%20%7C%20bash) HTTP/1.1" 200 25705 "https://80.65.208.110:2083/login/index.php?login=$(echo bHM= | base64 -d | bash)failed" "Mozilla/5.0 (X11; Linux x86_64; rv:105.0) Gecko/20100101 Firefox/105.0"
91.238.181.21 - - [30/Jul/2024:10:04:02 +0200] "\x03\x00\x00/*\xE0\x00\x00\x00\x00\x00Cookie: mstshash=Administr" 400 151 "-" "-"
205.210.31.250 - - [30/Jul/2024:11:18:10 +0200] "GET / HTTP/1.1" 302 5 "-" "Expanse, a Palo Alto Networks company, searches across the global IPv4 space multiple times per day to identify customers' presences on the Internet. If you would like to be excluded from our scans, please send IP addresses/domains to: scaninfo@paloaltonetworks.com"
205.210.31.250 - - [30/Jul/2024:11:18:11 +0200] "GET /login/index.php HTTP/1.1" 200 1909 "-" "Expanse, a Palo Alto Networks company, searches across the global IPv4 space multiple times per day to identify customers' presences on the Internet. If you would like to be excluded from our scans, please send IP addresses/domains to: scaninfo@paloaltonetworks.com"
127.0.0.1 - - [30/Jul/2024:11:29:44 +0200] "POST /v1/loginfail/ HTTP/1.1" 200 40 "-" "-"
64.62.197.5 - - [30/Jul/2024:11:29:44 +0200] "GET / HTTP/1.1" 200 24193 "-" "Mozilla/5.0 (Windows NT 10.0; Win64; x64; rv:108.0) Gecko/20100101 Firefox/108.0"
127.0.0.1 - - [30/Jul/2024:11:32:34 +0200] "POST /v1/loginfail/ HTTP/1.1" 200 40 "-" "-"
87.236.176.29 - - [30/Jul/2024:11:32:34 +0200] "GET / HTTP/1.1" 200 24196 "-" "Mozilla/5.0 (compatible; InternetMeasurement/1.0; +https://internet-measurement.com/)"
127.0.0.1 - - [30/Jul/2024:11:54:31 +0200] "POST /v1/loginfail/ HTTP/1.1" 200 40 "-" "-"
167.94.138.119 - - [30/Jul/2024:11:54:31 +0200] "GET / HTTP/1.1" 200 24193 "-" "-"
127.0.0.1 - - [30/Jul/2024:11:54:36 +0200] "POST /v1/loginfail/ HTTP/1.1" 200 40 "-" "-"
167.94.138.119 - - [30/Jul/2024:11:54:36 +0200] "GET / HTTP/1.1" 200 24193 "-" "Mozilla/5.0 (compatible; CensysInspect/1.1; +https://about.censys.io/)"
194.165.16.73 - - [30/Jul/2024:12:06:33 +0200] "\x03\x00\x00/*\xE0\x00\x00\x00\x00\x00Cookie: mstshash=Administr" 400 151 "-" "-"
206.168.34.206 - - [30/Jul/2024:12:13:30 +0200] "\x16\x03\x01\x00\xEE\x01\x00\x00\xEA\x03\x03\xE5\x94\x90\xB5\x96?#6(m\x05\xFD\xEB\xF7T;\xA0\xEC\x22\xEF,|,o2\xB9\x14PC\xD6l\xE2 \xD5\x84\xF1\xB1\xF3\x1AD\x8BiWa\xE5\xED\xF8\xB4`\x02\xC9\xC3\xE3\xE8\xDAg\x86\x03\x8Bv\xAD\xA4\xF3\xED\xCC\x00&\xCC\xA8\xCC\xA9\xC0/\xC00\xC0+\xC0,\xC0\x13\xC0\x09\xC0\x14\xC0" 400 151 "-" "-"
206.168.34.206 - - [30/Jul/2024:12:13:34 +0200] "GET / HTTP/1.1" 301 163 "-" "-"
206.168.34.206 - - [30/Jul/2024:12:13:43 +0200] "GET / HTTP/1.1" 301 163 "-" "Mozilla/5.0 (compatible; CensysInspect/1.1; +https://about.censys.io/)"
206.168.34.206 - - [30/Jul/2024:12:13:44 +0200] "PRI * HTTP/2.0" 400 151 "-" "-"
206.168.34.206 - - [30/Jul/2024:12:13:48 +0200] "GET / HTTP/1.1" 302 5 "-" "Mozilla/5.0 (compatible; CensysInspect/1.1; +https://about.censys.io/)"
206.168.34.206 - - [30/Jul/2024:12:14:00 +0200] "GET /login/index.php HTTP/1.1" 200 1909 "-" "Mozilla/5.0 (compatible; CensysInspect/1.1; +https://about.censys.io/)"
206.168.34.206 - - [30/Jul/2024:12:14:01 +0200] "GET /design/img/ico/favicon.ico HTTP/1.1" 200 5430 "-" "Mozilla/5.0 (compatible; CensysInspect/1.1; +https://about.censys.io/)"
206.168.34.206 - - [30/Jul/2024:12:14:03 +0200] "GET /favicon.ico HTTP/1.1" 404 1010 "-" "Mozilla/5.0 (compatible; CensysInspect/1.1; +https://about.censys.io/)"
206.168.34.206 - - [30/Jul/2024:12:14:04 +0200] "GET / HTTP/1.1" 302 139 "-" "Mozilla/5.0 (compatible; CensysInspect/1.1; +https://about.censys.io/)"
167.94.145.99 - - [30/Jul/2024:12:22:58 +0200] "GET / HTTP/1.1" 302 5 "-" "-"
167.94.145.99 - - [30/Jul/2024:12:23:08 +0200] "GET / HTTP/1.1" 302 5 "-" "Mozilla/5.0 (compatible; CensysInspect/1.1; +https://about.censys.io/)"
167.94.145.99 - - [30/Jul/2024:12:23:18 +0200] "GET /login/index.php HTTP/1.1" 200 1909 "-" "Mozilla/5.0 (compatible; CensysInspect/1.1; +https://about.censys.io/)"
167.94.145.99 - - [30/Jul/2024:12:23:19 +0200] "GET /design/img/ico/favicon.ico HTTP/1.1" 200 5430 "-" "Mozilla/5.0 (compatible; CensysInspect/1.1; +https://about.censys.io/)"
167.94.145.99 - - [30/Jul/2024:12:23:19 +0200] "GET /favicon.ico HTTP/1.1" 404 1010 "-" "Mozilla/5.0 (compatible; CensysInspect/1.1; +https://about.censys.io/)"
167.94.145.99 - - [30/Jul/2024:12:23:20 +0200] "GET / HTTP/1.1" 302 139 "-" "Mozilla/5.0 (compatible; CensysInspect/1.1; +https://about.censys.io/)"
80.66.76.130 - - [30/Jul/2024:12:35:49 +0200] "\x03\x00\x00/*\xE0\x00\x00\x00\x00\x00Cookie: mstshash=Administr" 400 151 "-" "-"
194.165.16.72 - - [30/Jul/2024:13:36:06 +0200] "\x03\x00\x00/*\xE0\x00\x00\x00\x00\x00Cookie: mstshash=Administr" 400 151 "-" "-"
40.85.156.12 - - [30/Jul/2024:13:36:28 +0200] "MGLNDD_80.65.208.110_2083" 400 151 "-" "-"
91.238.181.23 - - [30/Jul/2024:14:21:43 +0200] "\x03\x00\x00/*\xE0\x00\x00\x00\x00\x00Cookie: mstshash=Administr" 400 151 "-" "-"
64.62.156.81 - - [30/Jul/2024:14:58:55 +0200] "GET / HTTP/1.1" 302 5 "-" "Mozilla/5.0 (X11; Linux x86_64) AppleWebKit/537.36 (KHTML, like Gecko) Chrome/126.0.0.0 Safari/537.36"
64.62.156.86 - - [30/Jul/2024:14:59:33 +0200] "GET / HTTP/1.1" 302 5 "-" "Mozilla/5.0 (Windows NT 10.0; Win64; x64) AppleWebKit/537.36 (KHTML, like Gecko) Chrome/114.0.0.0 YaBrowser/23.7.0.2534 Yowser/2.5 Safari/537.36"
64.62.156.86 - - [30/Jul/2024:14:59:33 +0200] "GET /login/index.php HTTP/1.1" 200 1909 "https://80.65.208.110:2087/" "Mozilla/5.0 (Windows NT 10.0; Win64; x64) AppleWebKit/537.36 (KHTML, like Gecko) Chrome/114.0.0.0 YaBrowser/23.7.0.2534 Yowser/2.5 Safari/537.36"
64.62.156.80 - - [30/Jul/2024:14:59:45 +0200] "GET /favicon.ico HTTP/1.1" 404 1010 "-" "Mozilla/5.0 (Windows NT 10.0; Win64; x64) AppleWebKit/537.36 (KHTML, like Gecko) Chrome/110.0.0.0 Safari/537.36 Edg/110.0.1587.41"
185.165.191.26 - - [30/Jul/2024:15:02:50 +0200] "Content-Length: 65" 400 151 "-" "-"
65.49.1.107 - - [30/Jul/2024:15:39:51 +0200] "GET / HTTP/1.1" 302 5 "-" "Mozilla/5.0 (Windows NT 10.0; Win64; x64) AppleWebKit/537.36 (KHTML, like Gecko) Chrome/108.0.0.0 Safari/537.36 OPR/94.0.0.0"
65.49.1.95 - - [30/Jul/2024:15:40:16 +0200] "GET / HTTP/1.1" 302 5 "-" "Mozilla/5.0 (Windows NT 10.0; Win64; x64; rv:109.0) Gecko/20100101 Firefox/115.0"
65.49.1.95 - - [30/Jul/2024:15:40:16 +0200] "GET /login/index.php HTTP/1.1" 200 1909 "https://80.65.208.110:2031/" "Mozilla/5.0 (Windows NT 10.0; Win64; x64; rv:109.0) Gecko/20100101 Firefox/115.0"
65.49.1.104 - - [30/Jul/2024:15:40:20 +0200] "GET /favicon.ico HTTP/1.1" 404 1010 "-" "Mozilla/5.0 (X11; Linux x86_64) AppleWebKit/537.36 (KHTML, like Gecko) Chrome/123.0.0.0 Safari/537.36"
87.236.176.195 - - [30/Jul/2024:15:56:44 +0200] "GET / HTTP/1.1" 200 4975 "-" "Mozilla/5.0 (compatible; InternetMeasurement/1.0; +https://internet-measurement.com/)"
87.236.176.225 - - [30/Jul/2024:15:56:46 +0200] "GET /skins/elastic/images/favicon.ico?s=1612812581 HTTP/1.1" 200 2294 "-" "Mozilla/5.0 (compatible; InternetMeasurement/1.0; +https://internet-measurement.com/)"
87.236.176.89 - - [30/Jul/2024:16:00:20 +0200] "GET / HTTP/1.1" 301 163 "-" "Mozilla/5.0 (compatible; InternetMeasurement/1.0; +https://internet-measurement.com/)"
87.236.176.89 - - [30/Jul/2024:16:00:20 +0200] "GET / HTTP/1.1" 302 5 "http://www.thelewale.in:2086" "Mozilla/5.0 (compatible; InternetMeasurement/1.0; +https://internet-measurement.com/)"
87.236.176.89 - - [30/Jul/2024:16:00:21 +0200] "GET /login/index.php HTTP/1.1" 200 1909 "https://www.thelewale.in:2087/" "Mozilla/5.0 (compatible; InternetMeasurement/1.0; +https://internet-measurement.com/)"
87.236.176.4 - - [30/Jul/2024:16:00:22 +0200] "GET /favicon.ico HTTP/1.1" 404 1010 "-" "Mozilla/5.0 (compatible; InternetMeasurement/1.0; +https://internet-measurement.com/)"
87.236.176.188 - - [30/Jul/2024:16:00:22 +0200] "GET /login/design/img/ico/favicon.ico HTTP/1.1" 200 5430 "-" "Mozilla/5.0 (compatible; InternetMeasurement/1.0; +https://internet-measurement.com/)"
165.22.39.64 - - [30/Jul/2024:16:00:24 +0200] "GET /favicon.ico HTTP/1.1" 404 1010 "-" "Mozilla/5.0 (compatible; InternetMeasurement/1.0; +https://internet-measurement.com/)"
23.154.177.25 - - [30/Jul/2024:16:00:25 +0200] "GET /favicon.ico HTTP/1.1" 404 1010 "-" "Mozilla/5.0 (Windows NT 10.0; Win64; x64) AppleWebKit/537.36 (KHTML, like Gecko) Chrome/95.0.4638.69 Safari/537.36"
179.60.149.238 - - [30/Jul/2024:16:47:01 +0200] "\x03\x00\x00/*\xE0\x00\x00\x00\x00\x00Cookie: mstshash=Administr" 400 151 "-" "-"
87.236.176.185 - - [30/Jul/2024:16:51:30 +0200] "GET / HTTP/1.1" 301 163 "-" "Mozilla/5.0 (compatible; InternetMeasurement/1.0; +https://internet-measurement.com/)"
127.0.0.1 - - [30/Jul/2024:16:51:31 +0200] "POST /v1/loginfail/ HTTP/1.1" 200 40 "-" "-"
87.236.176.185 - - [30/Jul/2024:16:51:31 +0200] "GET / HTTP/1.1" 200 24196 "http://www.thelewale.in:2082" "Mozilla/5.0 (compatible; InternetMeasurement/1.0; +https://internet-measurement.com/)"
80.66.76.121 - - [30/Jul/2024:17:19:03 +0200] "\x03\x00\x00/*\xE0\x00\x00\x00\x00\x00Cookie: mstshash=Administr" 400 151 "-" "-"
199.45.154.121 - - [30/Jul/2024:17:20:42 +0200] "\x16\x03\x01\x00\xEE\x01\x00\x00\xEA\x03\x03\x1A&0#\x00\xD6\x00E\x8A6\xC4\xD2\x89\xB5\xA6C5\x1F\x84d\x0F \x87\xAC!\xB7M\x98}\x07\x99) \x9C\xA4\xF4\xAD23\x8A\x123\x8F_\x9D?!\xA6e\xAFY\xE3Ct\x84\xE1T\x97\x15!\xE536\xF3\x81\x00&\xCC\xA8\xCC\xA9\xC0/\xC00\xC0+\xC0,\xC0\x13\xC0\x09\xC0\x14\xC0" 400 151 "-" "-"
199.45.154.121 - - [30/Jul/2024:17:20:45 +0200] "GET / HTTP/1.1" 200 4976 "-" "-"
199.45.154.121 - - [30/Jul/2024:17:20:48 +0200] "GET / HTTP/1.1" 200 4976 "-" "Mozilla/5.0 (compatible; CensysInspect/1.1; +https://about.censys.io/)"
199.45.154.121 - - [30/Jul/2024:17:20:49 +0200] "GET /skins/elastic/images/favicon.ico?s=1612812581 HTTP/1.1" 200 2294 "-" "Mozilla/5.0 (compatible; CensysInspect/1.1; +https://about.censys.io/)"
199.45.154.121 - - [30/Jul/2024:17:20:49 +0200] "GET /favicon.ico HTTP/1.1" 404 147 "-" "Mozilla/5.0 (compatible; CensysInspect/1.1; +https://about.censys.io/)"
199.45.154.121 - - [30/Jul/2024:17:20:49 +0200] "PRI * HTTP/2.0" 400 151 "-" "-"
147.185.132.176 - - [30/Jul/2024:17:38:12 +0200] "GET / HTTP/1.1" 302 5 "-" "Expanse, a Palo Alto Networks company, searches across the global IPv4 space multiple times per day to identify customers' presences on the Internet. If you would like to be excluded from our scans, please send IP addresses/domains to: scaninfo@paloaltonetworks.com"
147.185.132.176 - - [30/Jul/2024:17:38:13 +0200] "GET /login/index.php HTTP/1.1" 200 1909 "-" "Expanse, a Palo Alto Networks company, searches across the global IPv4 space multiple times per day to identify customers' presences on the Internet. If you would like to be excluded from our scans, please send IP addresses/domains to: scaninfo@paloaltonetworks.com"
162.216.150.210 - - [30/Jul/2024:17:39:46 +0200] "GET / HTTP/1.1" 200 4976 "-" "Expanse, a Palo Alto Networks company, searches across the global IPv4 space multiple times per day to identify customers' presences on the Internet. If you would like to be excluded from our scans, please send IP addresses/domains to: scaninfo@paloaltonetworks.com"
172.168.153.147 - - [30/Jul/2024:18:45:44 +0200] "MGLNDD_80.65.208.110_2095" 400 151 "-" "-"
199.45.154.146 - - [30/Jul/2024:19:10:54 +0200] "\x16\x03\x01\x00\xEE\x01\x00\x00\xEA\x03\x03M\x17\xD8\xD4\xD1j'\xC3\xBAg\x8A\xB4@k\xFEJ\xCA\xDF;p\xA6A\xA2\x04>\xCEE\xA0wF\x1C0 (\xFC\xD6\x82Jj\xB5\x87\xC2xrU\xE0\x9A\x99\xA7\xEA\x05n\x7F\xF9\x82\xFBJ\xA1\x98,[\x873\xCDD\x00&\xCC\xA8\xCC\xA9\xC0/\xC00\xC0+\xC0,\xC0\x13\xC0\x09\xC0\x14\xC0" 400 151 "-" "-"
199.45.154.146 - - [30/Jul/2024:19:10:57 +0200] "GET / HTTP/1.1" 301 163 "-" "-"
199.45.154.146 - - [30/Jul/2024:19:11:06 +0200] "GET / HTTP/1.1" 301 163 "-" "Mozilla/5.0 (compatible; CensysInspect/1.1; +https://about.censys.io/)"
199.45.154.146 - - [30/Jul/2024:19:11:06 +0200] "PRI * HTTP/2.0" 400 151 "-" "-"
127.0.0.1 - - [30/Jul/2024:19:11:10 +0200] "POST /v1/loginfail/ HTTP/1.1" 200 40 "-" "-"
199.45.154.146 - - [30/Jul/2024:19:11:10 +0200] "GET / HTTP/1.1" 200 24193 "-" "Mozilla/5.0 (compatible; CensysInspect/1.1; +https://about.censys.io/)"
87.236.176.97 - - [30/Jul/2024:19:12:15 +0200] "GET / HTTP/1.1" 302 5 "-" "Mozilla/5.0 (compatible; InternetMeasurement/1.0; +https://internet-measurement.com/)"
87.236.176.97 - - [30/Jul/2024:19:12:16 +0200] "GET /login/index.php HTTP/1.1" 200 1909 "https://www.thelewale.in:2087" "Mozilla/5.0 (compatible; InternetMeasurement/1.0; +https://internet-measurement.com/)"
87.236.176.236 - - [30/Jul/2024:19:12:17 +0200] "GET /login/design/img/ico/favicon.ico HTTP/1.1" 200 5430 "-" "Mozilla/5.0 (compatible; InternetMeasurement/1.0; +https://internet-measurement.com/)"
87.236.176.17 - - [30/Jul/2024:19:21:38 +0200] "GET / HTTP/1.1" 200 4975 "-" "Mozilla/5.0 (compatible; InternetMeasurement/1.0; +https://internet-measurement.com/)"
87.236.176.250 - - [30/Jul/2024:19:21:39 +0200] "GET /skins/elastic/images/favicon.ico?s=1612812581 HTTP/1.1" 200 2294 "-" "Mozilla/5.0 (compatible; InternetMeasurement/1.0; +https://internet-measurement.com/)"
127.0.0.1 - - [30/Jul/2024:20:02:33 +0200] "POST /v1/loginfail/ HTTP/1.1" 200 40 "-" "-"
87.236.176.70 - - [30/Jul/2024:20:02:34 +0200] "GET / HTTP/1.1" 200 24193 "-" "Mozilla/5.0 (compatible; InternetMeasurement/1.0; +https://internet-measurement.com/)"
87.236.176.14 - - [30/Jul/2024:20:09:59 +0200] "GET / HTTP/1.1" 302 5 "-" "Mozilla/5.0 (compatible; InternetMeasurement/1.0; +https://internet-measurement.com/)"
87.236.176.14 - - [30/Jul/2024:20:09:59 +0200] "GET /login/index.php HTTP/1.1" 200 1909 "https://80.65.208.110:2031" "Mozilla/5.0 (compatible; InternetMeasurement/1.0; +https://internet-measurement.com/)"
87.236.176.190 - - [30/Jul/2024:20:10:00 +0200] "GET /login/design/img/ico/favicon.ico HTTP/1.1" 200 5430 "-" "Mozilla/5.0 (compatible; InternetMeasurement/1.0; +https://internet-measurement.com/)"
45.156.128.86 - - [30/Jul/2024:20:30:15 +0200] "GET / HTTP/1.1" 301 163 "-" "Mozilla/5.0 (Windows NT 10.0; WOW64) AppleWebKit/537.36 (KHTML, like Gecko) Chrome/66.0.3359.117 Safari/537.36"
45.156.128.86 - - [30/Jul/2024:20:30:15 +0200] "GET / HTTP/1.1" 302 5 "http://80.65.208.110:2086/" "Mozilla/5.0 (Windows NT 10.0; WOW64) AppleWebKit/537.36 (KHTML, like Gecko) Chrome/66.0.3359.117 Safari/537.36"
45.156.128.86 - - [30/Jul/2024:20:30:16 +0200] "GET /login/index.php HTTP/1.1" 200 1909 "https://80.65.208.110:2087/" "Mozilla/5.0 (Windows NT 10.0; WOW64) AppleWebKit/537.36 (KHTML, like Gecko) Chrome/66.0.3359.117 Safari/537.36"
127.0.0.1 - - [30/Jul/2024:21:08:56 +0200] "POST /v1/loginfail/ HTTP/1.1" 200 40 "-" "-"
47.251.93.118 - - [30/Jul/2024:21:08:56 +0200] "GET / HTTP/1.1" 200 24193 "-" "curl/7.64.1"
127.0.0.1 - - [30/Jul/2024:21:09:27 +0200] "POST /v1/loginfail/ HTTP/1.1" 200 40 "-" "-"
123.160.223.75 - - [30/Jul/2024:21:09:27 +0200] "GET / HTTP/1.1" 200 25325 "-" "Mozilla/5.0 (Macintosh; Intel Mac OS X 10_15_7) AppleWebKit/537.36 (KHTML, like Gecko) Chrome/96.0.4664.110 Safari/537.36"
127.0.0.1 - - [30/Jul/2024:21:09:28 +0200] "POST /v1/loginfail/ HTTP/1.1" 200 40 "-" "-"
123.160.223.74 - - [30/Jul/2024:21:09:28 +0200] "GET / HTTP/1.1" 200 25328 "-" "Mozilla/5.0 (Macintosh; Intel Mac OS X 10_15_7) AppleWebKit/537.36 (KHTML, like Gecko) Chrome/96.0.4664.110 Safari/537.36"
127.0.0.1 - - [30/Jul/2024:21:09:30 +0200] "POST /v1/loginfail/ HTTP/1.1" 200 40 "-" "-"
123.160.223.74 - - [30/Jul/2024:21:09:31 +0200] "GET / HTTP/1.1" 200 25328 "-" "Mozilla/5.0 (Macintosh; Intel Mac OS X 11_0_0) AppleWebKit/537.36 (KHTML, like Gecko) Chrome/87.0.4280.88 Safari/537.36"
123.160.223.74 - - [30/Jul/2024:21:09:35 +0200] "POST /login/index.php?acc=cookie HTTP/1.1" 200 5 "https://www.moefccpc.org:2083/" "Mozilla/5.0 (Macintosh; Intel Mac OS X 11_0_0) AppleWebKit/537.36 (KHTML, like Gecko) Chrome/87.0.4280.88 Safari/537.36"
87.236.176.152 - - [30/Jul/2024:21:16:07 +0200] "GET / HTTP/1.1" 302 5 "-" "Mozilla/5.0 (compatible; InternetMeasurement/1.0; +https://internet-measurement.com/)"
87.236.176.152 - - [30/Jul/2024:21:16:08 +0200] "GET /login/index.php HTTP/1.1" 200 1909 "https://www.thelewale.in:2031" "Mozilla/5.0 (compatible; InternetMeasurement/1.0; +https://internet-measurement.com/)"
87.236.176.154 - - [30/Jul/2024:21:16:10 +0200] "GET /login/design/img/ico/favicon.ico HTTP/1.1" 200 5430 "-" "Mozilla/5.0 (compatible; InternetMeasurement/1.0; +https://internet-measurement.com/)"
205.210.31.52 - - [30/Jul/2024:21:33:19 +0200] "GET / HTTP/1.1" 200 4975 "-" "Expanse, a Palo Alto Networks company, searches across the global IPv4 space multiple times per day to identify customers' presences on the Internet. If you would like to be excluded from our scans, please send IP addresses/domains to: scaninfo@paloaltonetworks.com"
167.94.146.61 - - [30/Jul/2024:23:05:24 +0200] "\x16\x03\x01\x00\xEE\x01\x00\x00\xEA\x03\x03\x84\xE2'i\xFB\x1A\xD8\x82b\x15U\xD2\x18(\xBD\xD1~\xBF\xBE\x81\xB1\xCF'6Q\x91\xD1D \x18\x0Ba \x15S\x05\xAA\xFDq\xC6K\xFCA\xD9\x94Q\xB9\xA3\xB6\x8D\xC9\x9A\x87\x10\xDA\xB9$\x9A\xA0\xB6\x1C}\xC8\xBBG\x00&\xCC\xA8\xCC\xA9\xC0/\xC00\xC0+\xC0,\xC0\x13\xC0\x09\xC0\x14\xC0" 400 151 "-" "-"
167.94.146.61 - - [30/Jul/2024:23:05:27 +0200] "GET / HTTP/1.1" 200 4976 "-" "-"
167.94.146.61 - - [30/Jul/2024:23:05:31 +0200] "GET / HTTP/1.1" 200 4976 "-" "Mozilla/5.0 (compatible; CensysInspect/1.1; +https://about.censys.io/)"
167.94.146.61 - - [30/Jul/2024:23:05:32 +0200] "GET /skins/elastic/images/favicon.ico?s=1612812581 HTTP/1.1" 200 2294 "-" "Mozilla/5.0 (compatible; CensysInspect/1.1; +https://about.censys.io/)"
167.94.146.61 - - [30/Jul/2024:23:05:32 +0200] "GET /favicon.ico HTTP/1.1" 404 147 "-" "Mozilla/5.0 (compatible; CensysInspect/1.1; +https://about.censys.io/)"
167.94.146.61 - - [30/Jul/2024:23:05:33 +0200] "PRI * HTTP/2.0" 400 151 "-" "-"
88.214.25.63 - - [30/Jul/2024:23:13:55 +0200] "\x03\x00\x00/*\xE0\x00\x00\x00\x00\x00Cookie: mstshash=Administr" 400 151 "-" "-"
152.32.251.9 - - [31/Jul/2024:00:00:23 +0200] "GET / HTTP/1.1" 302 5 "-" "-"
162.142.125.192 - - [31/Jul/2024:01:13:54 +0200] "GET / HTTP/1.1" 301 163 "-" "Mozilla/5.0 (compatible; CensysInspect/1.1; +https://about.censys.io/)"
162.142.125.192 - - [31/Jul/2024:01:13:55 +0200] "PRI * HTTP/2.0" 400 151 "-" "-"
162.142.125.192 - - [31/Jul/2024:01:13:59 +0200] "GET / HTTP/1.1" 302 5 "-" "Mozilla/5.0 (compatible; CensysInspect/1.1; +https://about.censys.io/)"
162.142.125.192 - - [31/Jul/2024:01:14:10 +0200] "GET /login/index.php HTTP/1.1" 200 1909 "-" "Mozilla/5.0 (compatible; CensysInspect/1.1; +https://about.censys.io/)"
162.142.125.192 - - [31/Jul/2024:01:14:12 +0200] "GET /design/img/ico/favicon.ico HTTP/1.1" 200 5430 "-" "Mozilla/5.0 (compatible; CensysInspect/1.1; +https://about.censys.io/)"
162.142.125.192 - - [31/Jul/2024:01:14:13 +0200] "GET /favicon.ico HTTP/1.1" 404 1010 "-" "Mozilla/5.0 (compatible; CensysInspect/1.1; +https://about.censys.io/)"
162.142.125.192 - - [31/Jul/2024:01:14:15 +0200] "GET / HTTP/1.1" 302 139 "-" "Mozilla/5.0 (compatible; CensysInspect/1.1; +https://about.censys.io/)"
88.214.25.64 - - [31/Jul/2024:01:21:17 +0200] "\x03\x00\x00/*\xE0\x00\x00\x00\x00\x00Cookie: mstshash=Administr" 400 151 "-" "-"
162.142.125.32 - - [31/Jul/2024:01:37:42 +0200] "Content-Length: 991" 400 151 "-" "-"
162.142.125.32 - - [31/Jul/2024:01:37:55 +0200] "GET / HTTP/1.1" 302 5 "-" "-"
162.142.125.32 - - [31/Jul/2024:01:38:12 +0200] "GET / HTTP/1.1" 302 5 "-" "Mozilla/5.0 (compatible; CensysInspect/1.1; +https://about.censys.io/)"
162.142.125.32 - - [31/Jul/2024:01:38:33 +0200] "GET /login/index.php HTTP/1.1" 200 1909 "-" "Mozilla/5.0 (compatible; CensysInspect/1.1; +https://about.censys.io/)"
162.142.125.32 - - [31/Jul/2024:01:38:35 +0200] "GET /design/img/ico/favicon.ico HTTP/1.1" 200 5430 "-" "Mozilla/5.0 (compatible; CensysInspect/1.1; +https://about.censys.io/)"
162.142.125.32 - - [31/Jul/2024:01:38:39 +0200] "GET /favicon.ico HTTP/1.1" 404 1010 "-" "Mozilla/5.0 (compatible; CensysInspect/1.1; +https://about.censys.io/)"
162.142.125.32 - - [31/Jul/2024:01:38:43 +0200] "GET / HTTP/1.1" 302 139 "-" "Mozilla/5.0 (compatible; CensysInspect/1.1; +https://about.censys.io/)"
91.238.181.31 - - [31/Jul/2024:01:45:07 +0200] "\x03\x00\x00/*\xE0\x00\x00\x00\x00\x00Cookie: mstshash=Administr" 400 151 "-" "-"
172.233.76.221 - - [31/Jul/2024:02:00:01 +0200] "" 400 0 "-" "-"
172.233.76.221 - - [31/Jul/2024:02:00:01 +0200] "GET / HTTP/1.0" 302 139 "-" "-"
172.233.76.221 - - [31/Jul/2024:02:00:01 +0200] "\x00\x1E\x00\x06\x01\x00\x00\x01\x00\x00\x00\x00\x00\x00\x07version\x04bind\x00\x00\x10\x00\x03" 400 151 "-" "-"
172.233.76.221 - - [31/Jul/2024:02:00:02 +0200] "HELP" 400 151 "-" "-"
172.233.76.221 - - [31/Jul/2024:02:00:13 +0200] "" 400 0 "-" "-"
127.0.0.1 - - [31/Jul/2024:02:00:14 +0200] "POST /v1/loginfail/ HTTP/1.1" 200 40 "-" "-"
172.233.76.221 - - [31/Jul/2024:02:00:14 +0200] "GET / HTTP/1.0" 200 24150 "-" "-"
172.233.76.221 - - [31/Jul/2024:02:00:15 +0200] "OPTIONS / HTTP/1.0" 405 151 "-" "-"
172.233.76.221 - - [31/Jul/2024:02:00:15 +0200] "OPTIONS / RTSP/1.0" 400 151 "-" "-"
172.233.76.221 - - [31/Jul/2024:02:00:16 +0200] "\x80\x00\x00(r\xFE\x1D\x13\x00\x00\x00\x00\x00\x00\x00\x02\x00\x01\x86\xA0\x00\x01\x97|\x00\x00\x00\x00\x00\x00\x00\x00\x00\x00\x00\x00\x00\x00\x00\x00\x00\x00\x00\x00" 400 151 "-" "-"
172.233.76.221 - - [31/Jul/2024:02:00:17 +0200] "\x00\x1E\x00\x06\x01\x00\x00\x01\x00\x00\x00\x00\x00\x00\x07version\x04bind\x00\x00\x10\x00\x03" 400 151 "-" "-"
172.233.76.221 - - [31/Jul/2024:02:00:17 +0200] "HELP" 400 151 "-" "-"
172.233.76.221 - - [31/Jul/2024:02:00:18 +0200] "\x16\x03\x00\x00S\x01\x00\x00O\x03\x00?G\xD7\xF7\xBA,\xEE\xEA\xB2`~\xF3\x00\xFD\x82{\xB9\xD5\x96\xC8w\x9B\xE6\xC4\xDB<=\xDBo\xEF\x10n\x00\x00(\x00\x16\x00\x13\x00" 400 151 "-" "-"
172.233.76.221 - - [31/Jul/2024:02:00:18 +0200] "\x00\x00\x00\xA4\xFFSMBr\x00\x00\x00\x00\x08\x01@\x00\x00\x00\x00\x00\x00\x00\x00\x00\x00\x00\x00\x00\x00@\x06\x00\x00\x01\x00\x00\x81\x00\x02PC NETWORK PROGRAM 1.0\x00\x02MICROSOFT NETWORKS 1.03\x00\x02MICROSOFT NETWORKS 3.0\x00\x02LANMAN1.0\x00\x02LM1.2X002\x00\x02Samba\x00\x02NT LANMAN 1.0\x00\x02NT LM 0.12\x00" 400 151 "-" "-"
172.233.76.221 - - [31/Jul/2024:02:00:19 +0200] "GET /nice%20ports%2C/Tri%6Eity.txt%2ebak HTTP/1.0" 404 147 "-" "-"
172.233.76.221 - - [31/Jul/2024:02:00:19 +0200] "\x01default" 400 151 "-" "-"
172.233.76.221 - - [31/Jul/2024:02:00:20 +0200] "OPTIONS sip:nm SIP/2.0" 400 151 "-" "-"
172.233.76.221 - - [31/Jul/2024:02:00:21 +0200] "\x00Z\x00\x00\x01\x00\x00\x00\x016\x01,\x00\x00\x08\x00\x7F\xFF\x7F\x08\x00\x00\x00\x01\x00 \x00:\x00\x00\x00\x00\x00\x00\x00\x00\x00\x00\x00\x00\x00\x00\x00\x004\xE6\x00\x00\x00\x01\x00\x00\x00\x00\x00\x00\x00\x00(CONNECT_DATA=(COMMAND=version))" 400 151 "-" "-"
172.233.76.221 - - [31/Jul/2024:02:00:21 +0200] "\x05\x04\x00\x01\x02\x80\x05\x01\x00\x03" 400 151 "-" "-"
172.233.76.221 - - [31/Jul/2024:02:00:22 +0200] "GET /?CAVIT HTTP/1.1" 400 151 "-" "-"
172.233.76.184 - - [31/Jul/2024:02:00:22 +0200] "GET /v2/_catalog HTTP/1.1" 302 139 "-" "Go-http-client/1.1"
172.233.79.194 - - [31/Jul/2024:02:00:22 +0200] "GET / HTTP/1.1" 302 139 "-" "Mozilla/5.0 (compatible; Odin; https://docs.getodin.com/)"
172.233.79.194 - - [31/Jul/2024:02:00:22 +0200] "GET /cgi-bin/authLogin.cgi HTTP/1.1" 302 139 "-" "Go-http-client/1.1"
172.234.86.234 - - [31/Jul/2024:02:00:22 +0200] "GET /solr/admin/info/system HTTP/1.1" 302 139 "-" "Go-http-client/1.1"
172.234.86.234 - - [31/Jul/2024:02:00:22 +0200] "GET /query?q=SHOW+DIAGNOSTICS HTTP/1.1" 302 139 "-" "Go-http-client/1.1"
127.0.0.1 - - [31/Jul/2024:02:00:22 +0200] "POST /v1/loginfail/ HTTP/1.1" 200 40 "-" "-"
172.234.86.234 - - [31/Jul/2024:02:00:22 +0200] "GET /query?q=SHOW+DIAGNOSTICS HTTP/1.1" 404 147 "http://80.65.208.110:2083/query?q=SHOW+DIAGNOSTICS" "Go-http-client/1.1"
172.233.76.184 - - [31/Jul/2024:02:00:22 +0200] "GET /v2/_catalog HTTP/1.1" 404 147 "http://80.65.208.110:2083/v2/_catalog" "Go-http-client/1.1"
172.234.86.234 - - [31/Jul/2024:02:00:22 +0200] "GET /solr/admin/info/system HTTP/1.1" 404 147 "http://80.65.208.110:2083/solr/admin/info/system" "Go-http-client/1.1"
172.233.79.194 - - [31/Jul/2024:02:00:22 +0200] "GET /cgi-bin/authLogin.cgi HTTP/1.1" 404 147 "http://80.65.208.110:2083/cgi-bin/authLogin.cgi" "Go-http-client/1.1"
172.233.76.192 - - [31/Jul/2024:02:00:22 +0200] "POST / HTTP/1.1" 200 24193 "-" "Go-http-client/1.1"
127.0.0.1 - - [31/Jul/2024:02:00:22 +0200] "POST /v1/loginfail/ HTTP/1.1" 200 40 "-" "-"
172.233.79.194 - - [31/Jul/2024:02:00:23 +0200] "GET / HTTP/1.1" 200 24193 "http://80.65.208.110:2083" "Mozilla/5.0 (compatible; Odin; https://docs.getodin.com/)"
172.234.86.234 - - [31/Jul/2024:02:00:23 +0200] "GET /solr/admin/cores?action=STATUS&wt=json HTTP/1.1" 302 139 "-" "Go-http-client/1.1"
172.234.86.234 - - [31/Jul/2024:02:00:23 +0200] "GET /solr/admin/cores?action=STATUS&wt=json HTTP/1.1" 404 147 "http://80.65.208.110:2083/solr/admin/cores?action=STATUS&wt=json" "Go-http-client/1.1"
162.142.125.219 - - [31/Jul/2024:02:13:34 +0200] "GET / HTTP/1.1" 302 5 "-" "Mozilla/5.0 (compatible; CensysInspect/1.1; +https://about.censys.io/)"
162.142.125.219 - - [31/Jul/2024:02:13:46 +0200] "GET /login/index.php HTTP/1.1" 200 1909 "-" "Mozilla/5.0 (compatible; CensysInspect/1.1; +https://about.censys.io/)"
162.142.125.219 - - [31/Jul/2024:02:13:47 +0200] "GET /design/img/ico/favicon.ico HTTP/1.1" 200 5430 "-" "Mozilla/5.0 (compatible; CensysInspect/1.1; +https://about.censys.io/)"
162.142.125.219 - - [31/Jul/2024:02:13:49 +0200] "GET /favicon.ico HTTP/1.1" 404 1010 "-" "Mozilla/5.0 (compatible; CensysInspect/1.1; +https://about.censys.io/)"
162.142.125.219 - - [31/Jul/2024:02:13:50 +0200] "GET / HTTP/1.1" 302 139 "-" "Mozilla/5.0 (compatible; CensysInspect/1.1; +https://about.censys.io/)"
172.233.76.171 - - [31/Jul/2024:02:15:38 +0200] "" 400 0 "-" "-"
172.233.76.171 - - [31/Jul/2024:02:15:38 +0200] "GET / HTTP/1.0" 302 139 "-" "-"
172.233.76.171 - - [31/Jul/2024:02:15:38 +0200] "\x00\x1E\x00\x06\x01\x00\x00\x01\x00\x00\x00\x00\x00\x00\x07version\x04bind\x00\x00\x10\x00\x03" 400 151 "-" "-"
172.233.76.171 - - [31/Jul/2024:02:15:38 +0200] "HELP" 400 151 "-" "-"
172.233.76.171 - - [31/Jul/2024:02:15:50 +0200] "" 400 0 "-" "-"
127.0.0.1 - - [31/Jul/2024:02:15:51 +0200] "POST /v1/loginfail/ HTTP/1.1" 200 40 "-" "-"
172.233.76.171 - - [31/Jul/2024:02:15:51 +0200] "GET / HTTP/1.0" 200 24150 "-" "-"
172.233.76.171 - - [31/Jul/2024:02:15:51 +0200] "OPTIONS / HTTP/1.0" 405 151 "-" "-"
172.233.76.171 - - [31/Jul/2024:02:15:52 +0200] "OPTIONS / RTSP/1.0" 400 151 "-" "-"
172.233.76.171 - - [31/Jul/2024:02:15:53 +0200] "\x80\x00\x00(r\xFE\x1D\x13\x00\x00\x00\x00\x00\x00\x00\x02\x00\x01\x86\xA0\x00\x01\x97|\x00\x00\x00\x00\x00\x00\x00\x00\x00\x00\x00\x00\x00\x00\x00\x00\x00\x00\x00\x00" 400 151 "-" "-"
172.233.76.171 - - [31/Jul/2024:02:15:53 +0200] "\x00\x1E\x00\x06\x01\x00\x00\x01\x00\x00\x00\x00\x00\x00\x07version\x04bind\x00\x00\x10\x00\x03" 400 151 "-" "-"
172.233.76.171 - - [31/Jul/2024:02:15:54 +0200] "HELP" 400 151 "-" "-"
172.233.76.171 - - [31/Jul/2024:02:15:54 +0200] "\x16\x03\x00\x00S\x01\x00\x00O\x03\x00?G\xD7\xF7\xBA,\xEE\xEA\xB2`~\xF3\x00\xFD\x82{\xB9\xD5\x96\xC8w\x9B\xE6\xC4\xDB<=\xDBo\xEF\x10n\x00\x00(\x00\x16\x00\x13\x00" 400 151 "-" "-"
172.233.76.171 - - [31/Jul/2024:02:15:55 +0200] "\x00\x00\x00\xA4\xFFSMBr\x00\x00\x00\x00\x08\x01@\x00\x00\x00\x00\x00\x00\x00\x00\x00\x00\x00\x00\x00\x00@\x06\x00\x00\x01\x00\x00\x81\x00\x02PC NETWORK PROGRAM 1.0\x00\x02MICROSOFT NETWORKS 1.03\x00\x02MICROSOFT NETWORKS 3.0\x00\x02LANMAN1.0\x00\x02LM1.2X002\x00\x02Samba\x00\x02NT LANMAN 1.0\x00\x02NT LM 0.12\x00" 400 151 "-" "-"
172.233.76.171 - - [31/Jul/2024:02:15:55 +0200] "GET /nice%20ports%2C/Tri%6Eity.txt%2ebak HTTP/1.0" 404 147 "-" "-"
172.233.76.171 - - [31/Jul/2024:02:15:56 +0200] "\x01default" 400 151 "-" "-"
172.233.76.171 - - [31/Jul/2024:02:15:57 +0200] "OPTIONS sip:nm SIP/2.0" 400 151 "-" "-"
172.233.76.171 - - [31/Jul/2024:02:15:57 +0200] "\x00Z\x00\x00\x01\x00\x00\x00\x016\x01,\x00\x00\x08\x00\x7F\xFF\x7F\x08\x00\x00\x00\x01\x00 \x00:\x00\x00\x00\x00\x00\x00\x00\x00\x00\x00\x00\x00\x00\x00\x00\x004\xE6\x00\x00\x00\x01\x00\x00\x00\x00\x00\x00\x00\x00(CONNECT_DATA=(COMMAND=version))" 400 151 "-" "-"
172.233.76.171 - - [31/Jul/2024:02:15:58 +0200] "\x05\x04\x00\x01\x02\x80\x05\x01\x00\x03" 400 151 "-" "-"
172.233.76.171 - - [31/Jul/2024:02:15:58 +0200] "GET /?CAVIT HTTP/1.1" 400 151 "-" "-"
172.233.79.194 - - [31/Jul/2024:02:15:58 +0200] "GET / HTTP/1.1" 302 139 "-" "Mozilla/5.0 (compatible; Odin; https://docs.getodin.com/)"
172.234.86.234 - - [31/Jul/2024:02:15:58 +0200] "GET /query?q=SHOW+DIAGNOSTICS HTTP/1.1" 302 139 "-" "Go-http-client/1.1"
172.234.86.234 - - [31/Jul/2024:02:15:58 +0200] "GET /solr/admin/info/system HTTP/1.1" 302 139 "-" "Go-http-client/1.1"
172.233.76.184 - - [31/Jul/2024:02:15:58 +0200] "GET /v2/_catalog HTTP/1.1" 302 139 "-" "Go-http-client/1.1"
172.233.79.194 - - [31/Jul/2024:02:15:58 +0200] "GET /cgi-bin/authLogin.cgi HTTP/1.1" 302 139 "-" "Go-http-client/1.1"
127.0.0.1 - - [31/Jul/2024:02:15:59 +0200] "POST /v1/loginfail/ HTTP/1.1" 200 40 "-" "-"
172.233.76.184 - - [31/Jul/2024:02:15:59 +0200] "GET /v2/_catalog HTTP/1.1" 404 147 "http://80.65.208.110:2083/v2/_catalog" "Go-http-client/1.1"
172.234.86.234 - - [31/Jul/2024:02:15:59 +0200] "GET /query?q=SHOW+DIAGNOSTICS HTTP/1.1" 404 147 "http://80.65.208.110:2083/query?q=SHOW+DIAGNOSTICS" "Go-http-client/1.1"
172.234.86.234 - - [31/Jul/2024:02:15:59 +0200] "GET /solr/admin/info/system HTTP/1.1" 404 147 "http://80.65.208.110:2083/solr/admin/info/system" "Go-http-client/1.1"
172.233.79.194 - - [31/Jul/2024:02:15:59 +0200] "GET /cgi-bin/authLogin.cgi HTTP/1.1" 404 147 "http://80.65.208.110:2083/cgi-bin/authLogin.cgi" "Go-http-client/1.1"
127.0.0.1 - - [31/Jul/2024:02:15:59 +0200] "POST /v1/loginfail/ HTTP/1.1" 200 40 "-" "-"
172.233.79.194 - - [31/Jul/2024:02:15:59 +0200] "GET / HTTP/1.1" 200 24193 "http://80.65.208.110:2083" "Mozilla/5.0 (compatible; Odin; https://docs.getodin.com/)"
172.233.76.192 - - [31/Jul/2024:02:15:59 +0200] "POST / HTTP/1.1" 200 24193 "-" "Go-http-client/1.1"
172.234.86.234 - - [31/Jul/2024:02:15:59 +0200] "GET /solr/admin/cores?action=STATUS&wt=json HTTP/1.1" 302 139 "-" "Go-http-client/1.1"
172.234.86.234 - - [31/Jul/2024:02:16:00 +0200] "GET /solr/admin/cores?action=STATUS&wt=json HTTP/1.1" 404 147 "http://80.65.208.110:2083/solr/admin/cores?action=STATUS&wt=json" "Go-http-client/1.1"
179.60.149.54 - - [31/Jul/2024:02:48:44 +0200] "\x03\x00\x00/*\xE0\x00\x00\x00\x00\x00Cookie: mstshash=Administr" 400 151 "-" "-"
64.62.197.192 - - [31/Jul/2024:02:52:32 +0200] "GET / HTTP/1.1" 200 4975 "-" "Mozilla/5.0 (Macintosh; Intel Mac OS X 10_15_7) AppleWebKit/605.1.15 (KHTML, like Gecko) Version/15.4 Safari/605.1.15"
64.62.197.190 - - [31/Jul/2024:02:53:14 +0200] "GET /favicon.ico HTTP/1.1" 404 549 "-" "Mozilla/5.0 (Windows NT 10.0; Win64; x64) AppleWebKit/537.36 (KHTML, like Gecko) Chrome/109.0.0.0 Safari/537.36"
88.214.25.64 - - [31/Jul/2024:03:28:07 +0200] "\x03\x00\x00/*\xE0\x00\x00\x00\x00\x00Cookie: mstshash=Administr" 400 151 "-" "-"
47.74.61.35 - - [31/Jul/2024:03:43:58 +0200] "\x16\x03\x01\x00\xEE\x01\x00\x00\xEA\x03\x03I\x06\xB2\xF9\xBC\x99i\xC0Y\xFB\xF8\xBAe-\x83Ud]\x0E\x8D\xB7b8\xB4g\xC6\xDD9dZ8f g\xC1\x81i\xB3\xF6\xF2\xCB\xB0\xA9\x19N\xD6\xBD\x95g|p\xFC\xE9<Z\xA1\x90T\xB7\xE9\xA58'O;\x00&\xC0+\xC0/\xC0,\xC00\xCC\xA9\xCC\xA8\xC0\x09\xC0\x13\xC0" 400 151 "-" "-"
123.160.223.74 - - [31/Jul/2024:03:44:19 +0200] "GET / HTTP/1.1" 200 4976 "-" "Mozilla/5.0 (Macintosh; Intel Mac OS X 10_15_7) AppleWebKit/537.36 (KHTML, like Gecko) Chrome/96.0.4664.110 Safari/537.36"
123.160.223.74 - - [31/Jul/2024:03:44:20 +0200] "GET / HTTP/1.1" 200 4976 "-" "Mozilla/5.0 (Macintosh; Intel Mac OS X 11_0_0) AppleWebKit/537.36 (KHTML, like Gecko) Chrome/87.0.4280.88 Safari/537.36"
123.160.223.75 - - [31/Jul/2024:03:44:21 +0200] "GET /program/js/common.min.js?s=1612812581 HTTP/1.1" 200 13186 "http://80.65.208.110:2095/" "Mozilla/5.0 (Macintosh; Intel Mac OS X 11_0_0) AppleWebKit/537.36 (KHTML, like Gecko) Chrome/87.0.4280.88 Safari/537.36"
123.160.223.75 - - [31/Jul/2024:03:44:21 +0200] "GET /program/js/jstz.min.js?s=1612812585 HTTP/1.1" 200 13835 "http://80.65.208.110:2095/" "Mozilla/5.0 (Macintosh; Intel Mac OS X 11_0_0) AppleWebKit/537.36 (KHTML, like Gecko) Chrome/87.0.4280.88 Safari/537.36"
123.160.223.75 - - [31/Jul/2024:03:44:21 +0200] "GET /program/js/jquery.min.js?s=1612812585 HTTP/1.1" 200 89595 "http://80.65.208.110:2095/" "Mozilla/5.0 (Macintosh; Intel Mac OS X 11_0_0) AppleWebKit/537.36 (KHTML, like Gecko) Chrome/87.0.4280.88 Safari/537.36"
123.160.223.74 - - [31/Jul/2024:03:44:22 +0200] "GET /program/js/app.min.js?s=1612812581 HTTP/1.1" 200 172281 "http://80.65.208.110:2095/" "Mozilla/5.0 (Macintosh; Intel Mac OS X 11_0_0) AppleWebKit/537.36 (KHTML, like Gecko) Chrome/87.0.4280.88 Safari/537.36"
123.160.223.75 - - [31/Jul/2024:03:44:22 +0200] "GET /plugins/jqueryui/js/jquery-ui.min.js?s=1612812580 HTTP/1.1" 200 259776 "http://80.65.208.110:2095/" "Mozilla/5.0 (Macintosh; Intel Mac OS X 11_0_0) AppleWebKit/537.36 (KHTML, like Gecko) Chrome/87.0.4280.88 Safari/537.36"
123.160.223.75 - - [31/Jul/2024:03:44:23 +0200] "GET /skins/elastic/deps/bootstrap.bundle.min.js?s=1612812589 HTTP/1.1" 200 78587 "http://80.65.208.110:2095/" "Mozilla/5.0 (Macintosh; Intel Mac OS X 11_0_0) AppleWebKit/537.36 (KHTML, like Gecko) Chrome/87.0.4280.88 Safari/537.36"
123.160.223.74 - - [31/Jul/2024:03:44:23 +0200] "GET /skins/elastic/ui.min.js?s=1612812581 HTTP/1.1" 200 60311 "http://80.65.208.110:2095/" "Mozilla/5.0 (Macintosh; Intel Mac OS X 11_0_0) AppleWebKit/537.36 (KHTML, like Gecko) Chrome/87.0.4280.88 Safari/537.36"
123.160.223.72 - - [31/Jul/2024:03:44:27 +0200] "GET /skins/elastic/images/favicon.ico?s=1612812581 HTTP/1.1" 200 2294 "-" "Mozilla/5.0 (Macintosh; Intel Mac OS X 10_15_7) AppleWebKit/537.36 (KHTML, like Gecko) Chrome/96.0.4664.110 Safari/537.36"
123.160.223.74 - - [31/Jul/2024:03:44:29 +0200] "GET / HTTP/1.1" 200 4976 "-" "Mozilla/5.0 (Macintosh; Intel Mac OS X 10_15_7) AppleWebKit/537.36 (KHTML, like Gecko) Chrome/96.0.4664.110 Safari/537.36"
123.160.223.75 - - [31/Jul/2024:03:44:30 +0200] "GET / HTTP/1.1" 200 4976 "-" "Mozilla/5.0 (Macintosh; Intel Mac OS X 11_0_0) AppleWebKit/537.36 (KHTML, like Gecko) Chrome/87.0.4280.88 Safari/537.36"
123.160.223.74 - - [31/Jul/2024:03:44:31 +0200] "GET /program/js/common.min.js?s=1612812581 HTTP/1.1" 200 13186 "http://www.moefccpc.org:2095/" "Mozilla/5.0 (Macintosh; Intel Mac OS X 11_0_0) AppleWebKit/537.36 (KHTML, like Gecko) Chrome/87.0.4280.88 Safari/537.36"
123.160.223.74 - - [31/Jul/2024:03:44:31 +0200] "GET /program/js/jstz.min.js?s=1612812585 HTTP/1.1" 200 13835 "http://www.moefccpc.org:2095/" "Mozilla/5.0 (Macintosh; Intel Mac OS X 11_0_0) AppleWebKit/537.36 (KHTML, like Gecko) Chrome/87.0.4280.88 Safari/537.36"
123.160.223.75 - - [31/Jul/2024:03:44:31 +0200] "GET /program/js/jquery.min.js?s=1612812585 HTTP/1.1" 200 89595 "http://www.moefccpc.org:2095/" "Mozilla/5.0 (Macintosh; Intel Mac OS X 11_0_0) AppleWebKit/537.36 (KHTML, like Gecko) Chrome/87.0.4280.88 Safari/537.36"
123.160.223.74 - - [31/Jul/2024:03:44:32 +0200] "GET /program/js/app.min.js?s=1612812581 HTTP/1.1" 200 172281 "http://www.moefccpc.org:2095/" "Mozilla/5.0 (Macintosh; Intel Mac OS X 11_0_0) AppleWebKit/537.36 (KHTML, like Gecko) Chrome/87.0.4280.88 Safari/537.36"
123.160.223.75 - - [31/Jul/2024:03:44:32 +0200] "GET /plugins/jqueryui/js/jquery-ui.min.js?s=1612812580 HTTP/1.1" 200 259776 "http://www.moefccpc.org:2095/" "Mozilla/5.0 (Macintosh; Intel Mac OS X 11_0_0) AppleWebKit/537.36 (KHTML, like Gecko) Chrome/87.0.4280.88 Safari/537.36"
123.160.223.75 - - [31/Jul/2024:03:44:33 +0200] "GET /skins/elastic/ui.min.js?s=1612812581 HTTP/1.1" 200 60311 "http://www.moefccpc.org:2095/" "Mozilla/5.0 (Macintosh; Intel Mac OS X 11_0_0) AppleWebKit/537.36 (KHTML, like Gecko) Chrome/87.0.4280.88 Safari/537.36"
123.160.223.75 - - [31/Jul/2024:03:44:34 +0200] "GET /skins/elastic/deps/bootstrap.bundle.min.js?s=1612812589 HTTP/1.1" 200 78587 "http://www.moefccpc.org:2095/" "Mozilla/5.0 (Macintosh; Intel Mac OS X 11_0_0) AppleWebKit/537.36 (KHTML, like Gecko) Chrome/87.0.4280.88 Safari/537.36"
123.160.223.72 - - [31/Jul/2024:03:44:37 +0200] "GET /skins/elastic/images/favicon.ico?s=1612812581 HTTP/1.1" 200 2294 "-" "Mozilla/5.0 (Macintosh; Intel Mac OS X 10_15_7) AppleWebKit/537.36 (KHTML, like Gecko) Chrome/96.0.4664.110 Safari/537.36"
87.236.176.72 - - [31/Jul/2024:04:55:12 +0200] "GET / HTTP/1.1" 200 4976 "-" "Mozilla/5.0 (compatible; InternetMeasurement/1.0; +https://internet-measurement.com/)"
87.236.176.131 - - [31/Jul/2024:04:55:13 +0200] "GET /skins/elastic/images/favicon.ico?s=1612812581 HTTP/1.1" 200 2294 "-" "Mozilla/5.0 (compatible; InternetMeasurement/1.0; +https://internet-measurement.com/)"
127.0.0.1 - - [31/Jul/2024:04:59:04 +0200] "POST /v1/loginfail/ HTTP/1.1" 200 40 "-" "-"
147.185.132.156 - - [31/Jul/2024:04:59:04 +0200] "GET / HTTP/1.1" 200 24193 "-" "Expanse, a Palo Alto Networks company, searches across the global IPv4 space multiple times per day to identify customers' presences on the Internet. If you would like to be excluded from our scans, please send IP addresses/domains to: scaninfo@paloaltonetworks.com"
179.60.149.238 - - [31/Jul/2024:05:36:19 +0200] "\x03\x00\x00/*\xE0\x00\x00\x00\x00\x00Cookie: mstshash=Administr" 400 151 "-" "-"
172.202.251.194 - - [31/Jul/2024:05:39:09 +0200] "MGLNDD_80.65.208.110_2096" 400 151 "-" "-"
207.90.244.14 - - [31/Jul/2024:05:53:17 +0200] "GET / HTTP/1.1" 301 163 "-" "Mozilla/5.0 (Windows NT 6.1) AppleWebKit/537.36 (KHTML, like Gecko) Chrome/41.0.2228.0 Safari/537.36"
207.90.244.14 - - [31/Jul/2024:05:53:18 +0200] "GET /favicon.ico HTTP/1.1" 301 163 "-" "Mozilla/5.0 (Windows NT 10.0; Win64; x64) AppleWebKit/537.36 (KHTML, like Gecko) Chrome/102.0.5005.63 Safari/537.36"
207.90.244.14 - - [31/Jul/2024:05:53:21 +0200] "GET / HTTP/1.1" 302 139 "-" "Mozilla/5.0 (Windows NT 6.1) AppleWebKit/537.36 (KHTML, like Gecko) Chrome/41.0.2228.0 Safari/537.36"
207.90.244.14 - - [31/Jul/2024:05:53:22 +0200] "GET /robots.txt HTTP/1.1" 302 139 "-" "-"
207.90.244.14 - - [31/Jul/2024:05:53:22 +0200] "GET /sitemap.xml HTTP/1.1" 302 139 "-" "-"
207.90.244.14 - - [31/Jul/2024:05:53:23 +0200] "GET /.well-known/security.txt HTTP/1.1" 302 139 "-" "-"
207.90.244.14 - - [31/Jul/2024:05:53:24 +0200] "GET /favicon.ico HTTP/1.1" 302 139 "-" "Mozilla/5.0 (Windows NT 10.0; Win64; x64) AppleWebKit/537.36 (KHTML, like Gecko) Chrome/102.0.5005.63 Safari/537.36"
91.238.181.24 - - [31/Jul/2024:06:11:35 +0200] "\x03\x00\x00/*\xE0\x00\x00\x00\x00\x00Cookie: mstshash=Administr" 400 151 "-" "-"
35.203.210.234 - - [31/Jul/2024:06:45:47 +0200] "GET / HTTP/1.1" 200 4976 "-" "Expanse, a Palo Alto Networks company, searches across the global IPv4 space multiple times per day to identify customers' presences on the Internet. If you would like to be excluded from our scans, please send IP addresses/domains to: scaninfo@paloaltonetworks.com"
147.185.132.129 - - [31/Jul/2024:06:58:19 +0200] "GET / HTTP/1.1" 301 163 "-" "Expanse, a Palo Alto Networks company, searches across the global IPv4 space multiple times per day to identify customers' presences on the Internet. If you would like to be excluded from our scans, please send IP addresses/domains to: scaninfo@paloaltonetworks.com"
127.0.0.1 - - [31/Jul/2024:06:58:20 +0200] "POST /v1/loginfail/ HTTP/1.1" 200 40 "-" "-"
147.185.132.129 - - [31/Jul/2024:06:58:20 +0200] "GET / HTTP/1.1" 200 24193 "http://80.65.208.110:2082/" "Expanse, a Palo Alto Networks company, searches across the global IPv4 space multiple times per day to identify customers' presences on the Internet. If you would like to be excluded from our scans, please send IP addresses/domains to: scaninfo@paloaltonetworks.com"
198.235.24.18 - - [31/Jul/2024:07:01:09 +0200] "GET / HTTP/1.1" 302 139 "-" "Expanse, a Palo Alto Networks company, searches across the global IPv4 space multiple times per day to identify customers' presences on the Internet. If you would like to be excluded from our scans, please send IP addresses/domains to: scaninfo@paloaltonetworks.com"
127.0.0.1 - - [31/Jul/2024:07:01:10 +0200] "POST /v1/loginfail/ HTTP/1.1" 200 40 "-" "-"
198.235.24.18 - - [31/Jul/2024:07:01:10 +0200] "GET / HTTP/1.1" 200 24193 "http://80.65.208.110:2083/" "Expanse, a Palo Alto Networks company, searches across the global IPv4 space multiple times per day to identify customers' presences on the Internet. If you would like to be excluded from our scans, please send IP addresses/domains to: scaninfo@paloaltonetworks.com"
35.203.211.74 - - [31/Jul/2024:07:10:37 +0200] "GET / HTTP/1.1" 302 5 "-" "Expanse, a Palo Alto Networks company, searches across the global IPv4 space multiple times per day to identify customers' presences on the Internet. If you would like to be excluded from our scans, please send IP addresses/domains to: scaninfo@paloaltonetworks.com"
35.203.211.74 - - [31/Jul/2024:07:10:37 +0200] "GET /login/index.php HTTP/1.1" 200 1909 "-" "Expanse, a Palo Alto Networks company, searches across the global IPv4 space multiple times per day to identify customers' presences on the Internet. If you would like to be excluded from our scans, please send IP addresses/domains to: scaninfo@paloaltonetworks.com"
194.165.16.10 - - [31/Jul/2024:07:14:11 +0200] "\x03\x00\x00/*\xE0\x00\x00\x00\x00\x00Cookie: mstshash=Administr" 400 151 "-" "-"
172.232.194.202 - - [31/Jul/2024:07:22:46 +0200] "" 400 0 "-" "-"
172.232.194.202 - - [31/Jul/2024:07:22:46 +0200] "GET / HTTP/1.0" 400 249 "-" "-"
172.232.194.202 - - [31/Jul/2024:07:22:47 +0200] "GET /odinhttpcall1722403366 HTTP/1.1" 404 147 "-" "Mozilla/5.0 (compatible; Odin; https://docs.getodin.com/)"
172.232.194.202 - - [31/Jul/2024:07:22:47 +0200] "POST /sdk HTTP/1.1" 404 147 "-" "Mozilla/5.0 (compatible; Odin; https://docs.getodin.com/)"
172.232.194.202 - - [31/Jul/2024:07:22:47 +0200] "GET /HNAP1 HTTP/1.1" 404 147 "-" "Mozilla/5.0 (compatible; Odin; https://docs.getodin.com/)"
172.232.194.202 - - [31/Jul/2024:07:22:47 +0200] "GET /evox/about HTTP/1.1" 404 147 "-" "Mozilla/5.0 (compatible; Odin; https://docs.getodin.com/)"
172.232.194.202 - - [31/Jul/2024:07:22:48 +0200] "GET / HTTP/1.0" 200 4962 "-" "-"
172.232.194.202 - - [31/Jul/2024:07:22:48 +0200] "GET / HTTP/1.1" 200 4975 "-" "-"
172.232.208.189 - - [31/Jul/2024:07:22:49 +0200] "GET /cgi-bin/authLogin.cgi HTTP/1.1" 400 249 "-" "Go-http-client/1.1"
172.232.206.78 - - [31/Jul/2024:07:22:49 +0200] "GET /query?q=SHOW+DIAGNOSTICS HTTP/1.1" 400 249 "-" "Go-http-client/1.1"
172.232.208.48 - - [31/Jul/2024:07:22:49 +0200] "GET /v2/_catalog HTTP/1.1" 400 249 "-" "Go-http-client/1.1"
172.232.206.78 - - [31/Jul/2024:07:22:49 +0200] "GET /solr/admin/info/system HTTP/1.1" 400 249 "-" "Go-http-client/1.1"
172.232.208.243 - - [31/Jul/2024:07:22:49 +0200] "GET / HTTP/1.1" 400 249 "-" "Mozilla/5.0 (compatible; Odin; https://docs.getodin.com/)"
172.232.206.78 - - [31/Jul/2024:07:22:49 +0200] "GET /solr/admin/cores?action=STATUS&wt=json HTTP/1.1" 400 249 "-" "Go-http-client/1.1"
172.232.216.83 - - [31/Jul/2024:07:22:49 +0200] "POST / HTTP/1.1" 200 4975 "-" "Go-http-client/1.1"
172.232.208.243 - - [31/Jul/2024:07:22:50 +0200] "GET / HTTP/1.1" 200 4975 "-" "Mozilla/5.0 (compatible; Odin; https://docs.getodin.com/)"
127.0.0.1 - - [31/Jul/2024:07:25:30 +0200] "POST /v1/loginfail/ HTTP/1.1" 200 40 "-" "-"
49.43.153.9 - - [31/Jul/2024:07:25:30 +0200] "GET / HTTP/1.1" 200 25325 "-" "Mozilla/5.0 (Windows NT 10.0; Win64; x64) AppleWebKit/537.36 (KHTML, like Gecko) Chrome/127.0.0.0 Safari/537.36"
49.43.153.9 - - [31/Jul/2024:07:25:31 +0200] "POST /login/index.php?acc=cookie HTTP/1.1" 200 5 "https://80.65.208.110:2083/" "Mozilla/5.0 (Windows NT 10.0; Win64; x64) AppleWebKit/537.36 (KHTML, like Gecko) Chrome/127.0.0.0 Safari/537.36"
49.43.153.9 - - [31/Jul/2024:07:25:47 +0200] "GET /login/cwp_theme/original/font-awesome/webfonts/fa-solid-900.woff2 HTTP/1.1" 200 40148 "https://80.65.208.110:2083/login/cwp_theme/original/font-awesome/css/fontawesome-all.css" "Mozilla/5.0 (Windows NT 10.0; Win64; x64) AppleWebKit/537.36 (KHTML, like Gecko) Chrome/127.0.0.0 Safari/537.36"
127.0.0.1 - - [31/Jul/2024:07:25:48 +0200] "POST /v1/valid_user/ HTTP/1.1" 200 253 "-" "-"
49.43.153.9 - - [31/Jul/2024:07:25:48 +0200] "POST /login/index.php?acc=validate HTTP/1.1" 200 154 "https://80.65.208.110:2083/" "Mozilla/5.0 (Windows NT 10.0; Win64; x64) AppleWebKit/537.36 (KHTML, like Gecko) Chrome/127.0.0.0 Safari/537.36"
127.0.0.1 - - [31/Jul/2024:07:25:49 +0200] "POST /v1/generaluser/ HTTP/1.1" 200 425 "-" "-"
127.0.0.1 - - [31/Jul/2024:07:25:49 +0200] "POST /oauth/v2/server/authorize.php HTTP/1.1" 302 77 "-" "-"
49.43.153.9 - - [31/Jul/2024:07:25:49 +0200] "POST /thelewal/ HTTP/1.1" 302 5 "https://80.65.208.110:2083/" "Mozilla/5.0 (Windows NT 10.0; Win64; x64) AppleWebKit/537.36 (KHTML, like Gecko) Chrome/127.0.0.0 Safari/537.36"
49.43.153.9 - - [31/Jul/2024:07:25:49 +0200] "GET /cwp_2c2adacb2651a2d7/thelewal/ HTTP/1.1" 302 139 "-" "Mozilla/5.0 (Windows NT 10.0; Win64; x64) AppleWebKit/537.36 (KHTML, like Gecko) Chrome/127.0.0.0 Safari/537.36"
127.0.0.1 - - [31/Jul/2024:07:25:49 +0200] "POST /v1/user_panel_dashboard/ HTTP/1.1" 200 4465 "-" "-"
49.43.153.9 - - [31/Jul/2024:07:25:50 +0200] "GET /cwp_2c2adacb2651a2d7/thelewal/ HTTP/1.1" 200 249343 "-" "Mozilla/5.0 (Windows NT 10.0; Win64; x64) AppleWebKit/537.36 (KHTML, like Gecko) Chrome/127.0.0.0 Safari/537.36"
49.43.153.9 - - [31/Jul/2024:07:25:50 +0200] "GET /thelewal/cwp_theme/original/font-awesome/css/font-awesome.css HTTP/1.1" 200 37414 "https://80.65.208.110:2083/cwp_2c2adacb2651a2d7/thelewal/" "Mozilla/5.0 (Windows NT 10.0; Win64; x64) AppleWebKit/537.36 (KHTML, like Gecko) Chrome/127.0.0.0 Safari/537.36"
49.43.153.9 - - [31/Jul/2024:07:25:50 +0200] "GET /thelewal/cwp_theme/original/css/bootstrap.min.css HTTP/1.1" 200 121200 "https://80.65.208.110:2083/cwp_2c2adacb2651a2d7/thelewal/" "Mozilla/5.0 (Windows NT 10.0; Win64; x64) AppleWebKit/537.36 (KHTML, like Gecko) Chrome/127.0.0.0 Safari/537.36"
49.43.153.9 - - [31/Jul/2024:07:25:50 +0200] "GET /thelewal/cwp_theme/original/css/plugins/toastr/toastr.min.css HTTP/1.1" 200 6661 "https://80.65.208.110:2083/cwp_2c2adacb2651a2d7/thelewal/" "Mozilla/5.0 (Windows NT 10.0; Win64; x64) AppleWebKit/537.36 (KHTML, like Gecko) Chrome/127.0.0.0 Safari/537.36"
49.43.153.9 - - [31/Jul/2024:07:25:50 +0200] "GET /thelewal/cwp_theme/original/js/plugins/gritter/jquery.gritter.css HTTP/1.1" 200 2556 "https://80.65.208.110:2083/cwp_2c2adacb2651a2d7/thelewal/" "Mozilla/5.0 (Windows NT 10.0; Win64; x64) AppleWebKit/537.36 (KHTML, like Gecko) Chrome/127.0.0.0 Safari/537.36"
49.43.153.9 - - [31/Jul/2024:07:25:50 +0200] "GET /thelewal/cwp_theme/original/css/animate.css HTTP/1.1" 200 66203 "https://80.65.208.110:2083/cwp_2c2adacb2651a2d7/thelewal/" "Mozilla/5.0 (Windows NT 10.0; Win64; x64) AppleWebKit/537.36 (KHTML, like Gecko) Chrome/127.0.0.0 Safari/537.36"
49.43.153.9 - - [31/Jul/2024:07:25:50 +0200] "GET /thelewal/cwp_theme/original/css/original.css HTTP/1.1" 200 211218 "https://80.65.208.110:2083/cwp_2c2adacb2651a2d7/thelewal/" "Mozilla/5.0 (Windows NT 10.0; Win64; x64) AppleWebKit/537.36 (KHTML, like Gecko) Chrome/127.0.0.0 Safari/537.36"
49.43.153.9 - - [31/Jul/2024:07:25:50 +0200] "GET /thelewal/cwp_theme/original/css/plugins/switchery/switchery.css HTTP/1.1" 200 610 "https://80.65.208.110:2083/cwp_2c2adacb2651a2d7/thelewal/" "Mozilla/5.0 (Windows NT 10.0; Win64; x64) AppleWebKit/537.36 (KHTML, like Gecko) Chrome/127.0.0.0 Safari/537.36"
