49.43.154.143 - - [27/Jul/2024:13:16:30 +0200] "GET /cwp_b4583d1ab2b25915/quattroi/cwp_theme/original/js/formdrop.js HTTP/1.1" 200 11866 "https://80.65.208.110:2083/cwp_b4583d1ab2b25915/quattroi/fileManager_v2.php" "Mozilla/5.0 (Windows NT 10.0; Win64; x64) AppleWebKit/537.36 (KHTML, like Gecko) Chrome/127.0.0.0 Safari/537.36"
49.43.154.143 - - [27/Jul/2024:13:16:30 +0200] "GET /cwp_b4583d1ab2b25915/quattroi/cwp_theme/original/font-awesome/fonts/fontawesome-webfont.woff2?v=4.7.0 HTTP/1.1" 200 77160 "https://80.65.208.110:2083/cwp_b4583d1ab2b25915/quattroi/cwp_theme/original/font-awesome/css/font-awesome.css" "Mozilla/5.0 (Windows NT 10.0; Win64; x64) AppleWebKit/537.36 (KHTML, like Gecko) Chrome/127.0.0.0 Safari/537.36"
127.0.0.1 - - [27/Jul/2024:13:16:30 +0200] "POST /v1/user_panel_dashboard/ HTTP/1.1" 200 4362 "-" "-"
127.0.0.1 - - [27/Jul/2024:13:16:30 +0200] "POST /v1/iduser/ HTTP/1.1" 200 3145 "-" "-"
127.0.0.1 - - [27/Jul/2024:13:16:31 +0200] "POST /v1/iduser/ HTTP/1.1" 200 3145 "-" "-"
49.43.154.143 - - [27/Jul/2024:13:16:31 +0200] "GET /cwp_b4583d1ab2b25915/quattroi/quattroi/index.php?module=filemanager&resolveIds=1&acc=listFiles¤tDir=/home/quattroi/ HTTP/1.1" 200 3251 "https://80.65.208.110:2083/cwp_b4583d1ab2b25915/quattroi/fileManager_v2.php" "Mozilla/5.0 (Windows NT 10.0; Win64; x64) AppleWebKit/537.36 (KHTML, like Gecko) Chrome/127.0.0.0 Safari/537.36"
127.0.0.1 - - [27/Jul/2024:13:16:31 +0200] "POST /v1/user_panel_dashboard/ HTTP/1.1" 200 4362 "-" "-"
127.0.0.1 - - [27/Jul/2024:13:16:31 +0200] "POST /v1/iduser/ HTTP/1.1" 200 3145 "-" "-"
127.0.0.1 - - [27/Jul/2024:13:16:31 +0200] "POST /v1/iduser/ HTTP/1.1" 200 3145 "-" "-"
49.43.154.143 - - [27/Jul/2024:13:16:31 +0200] "GET /cwp_b4583d1ab2b25915/quattroi/quattroi/index.php?module=filemanager&acc=lisFolder&dir=/home/quattroi/ HTTP/1.1" 200 1335 "https://80.65.208.110:2083/cwp_b4583d1ab2b25915/quattroi/fileManager_v2.php" "Mozilla/5.0 (Windows NT 10.0; Win64; x64) AppleWebKit/537.36 (KHTML, like Gecko) Chrome/127.0.0.0 Safari/537.36"
127.0.0.1 - - [27/Jul/2024:13:16:33 +0200] "POST /v1/user_panel_dashboard/ HTTP/1.1" 200 4362 "-" "-"
127.0.0.1 - - [27/Jul/2024:13:16:33 +0200] "POST /v1/iduser/ HTTP/1.1" 200 3145 "-" "-"
127.0.0.1 - - [27/Jul/2024:13:16:33 +0200] "POST /v1/iduser/ HTTP/1.1" 200 3145 "-" "-"
49.43.154.143 - - [27/Jul/2024:13:16:33 +0200] "GET /cwp_b4583d1ab2b25915/quattroi/quattroi/index.php?module=filemanager&resolveIds=1&acc=listFiles¤tDir=/home/quattroi/public_html HTTP/1.1" 200 513 "https://80.65.208.110:2083/cwp_b4583d1ab2b25915/quattroi/fileManager_v2.php" "Mozilla/5.0 (Windows NT 10.0; Win64; x64) AppleWebKit/537.36 (KHTML, like Gecko) Chrome/127.0.0.0 Safari/537.36"
160.22.84.202 - - [27/Jul/2024:13:16:33 +0200] "GET / HTTP/1.1" 302 5 "-" "Mozilla/5.0 (Windows NT 10.0; Win64; x64) AppleWebKit/537.36 (KHTML, like Gecko) Chrome/126.0.0.0 Safari/537.36"
160.22.84.202 - - [27/Jul/2024:13:16:33 +0200] "GET /login/index.php HTTP/1.1" 200 1909 "-" "Mozilla/5.0 (Windows NT 10.0; Win64; x64) AppleWebKit/537.36 (KHTML, like Gecko) Chrome/126.0.0.0 Safari/537.36"
160.22.84.202 - - [27/Jul/2024:13:16:33 +0200] "GET /login/design/img/login.css HTTP/1.1" 200 6294 "https://80.65.208.110:2031/login/index.php" "Mozilla/5.0 (Windows NT 10.0; Win64; x64) AppleWebKit/537.36 (KHTML, like Gecko) Chrome/126.0.0.0 Safari/537.36"
160.22.84.202 - - [27/Jul/2024:13:16:34 +0200] "GET /login/design/images/cwp_small.png HTTP/1.1" 200 19922 "https://80.65.208.110:2031/login/index.php" "Mozilla/5.0 (Windows NT 10.0; Win64; x64) AppleWebKit/537.36 (KHTML, like Gecko) Chrome/126.0.0.0 Safari/537.36"
127.0.0.1 - - [27/Jul/2024:13:16:37 +0200] "POST /v1/user_panel_dashboard/ HTTP/1.1" 200 4362 "-" "-"
127.0.0.1 - - [27/Jul/2024:13:16:37 +0200] "POST /v1/iduser/ HTTP/1.1" 200 3145 "-" "-"
127.0.0.1 - - [27/Jul/2024:13:16:37 +0200] "POST /v1/iduser/ HTTP/1.1" 200 3145 "-" "-"
49.43.154.143 - - [27/Jul/2024:13:16:37 +0200] "POST /cwp_b4583d1ab2b25915/quattroi/quattroi/index.php?module=filemanager&acc=remove HTTP/1.1" 200 5 "https://80.65.208.110:2083/cwp_b4583d1ab2b25915/quattroi/fileManager_v2.php" "Mozilla/5.0 (Windows NT 10.0; Win64; x64) AppleWebKit/537.36 (KHTML, like Gecko) Chrome/127.0.0.0 Safari/537.36"
127.0.0.1 - - [27/Jul/2024:13:16:38 +0200] "POST /v1/user_panel_dashboard/ HTTP/1.1" 200 4362 "-" "-"
127.0.0.1 - - [27/Jul/2024:13:16:38 +0200] "POST /v1/iduser/ HTTP/1.1" 200 3145 "-" "-"
127.0.0.1 - - [27/Jul/2024:13:16:38 +0200] "POST /v1/iduser/ HTTP/1.1" 200 3145 "-" "-"
49.43.154.143 - - [27/Jul/2024:13:16:38 +0200] "GET /cwp_b4583d1ab2b25915/quattroi/quattroi/index.php?module=filemanager&resolveIds=1&acc=listFiles¤tDir=/home/quattroi/public_html HTTP/1.1" 200 64 "https://80.65.208.110:2083/cwp_b4583d1ab2b25915/quattroi/fileManager_v2.php" "Mozilla/5.0 (Windows NT 10.0; Win64; x64) AppleWebKit/537.36 (KHTML, like Gecko) Chrome/127.0.0.0 Safari/537.36"
160.22.84.202 - - [27/Jul/2024:13:16:45 +0200] "POST /login/index.php HTTP/1.1" 302 25 "https://80.65.208.110:2031/login/index.php" "Mozilla/5.0 (Windows NT 10.0; Win64; x64) AppleWebKit/537.36 (KHTML, like Gecko) Chrome/126.0.0.0 Safari/537.36"
127.0.0.1 - cwptestoauth [27/Jul/2024:13:16:45 +0200] "POST /oauth/v2/server/token.php HTTP/1.1" 400 94 "-" "curl/7.76.1"
160.22.84.202 - - [27/Jul/2024:13:16:46 +0200] "GET /cwp_ad97a5cd6498f7173a8ab1ec02653b35/admin/index.php?chk=y HTTP/1.1" 200 102078 "https://80.65.208.110:2031/login/index.php" "Mozilla/5.0 (Windows NT 10.0; Win64; x64) AppleWebKit/537.36 (KHTML, like Gecko) Chrome/126.0.0.0 Safari/537.36"
160.22.84.202 - - [27/Jul/2024:13:16:46 +0200] "GET /cwp_ad97a5cd6498f7173a8ab1ec02653b35/admin/design/img/js.php HTTP/1.1" 200 246369 "https://80.65.208.110:2031/cwp_ad97a5cd6498f7173a8ab1ec02653b35/admin/index.php?chk=y" "Mozilla/5.0 (Windows NT 10.0; Win64; x64) AppleWebKit/537.36 (KHTML, like Gecko) Chrome/126.0.0.0 Safari/537.36"
160.22.84.202 - - [27/Jul/2024:13:16:48 +0200] "GET /cwp_ad97a5cd6498f7173a8ab1ec02653b35/admin/design/css/fonts/droidsans/v8/SlGWmQWMvZQIdix7AFxXmMh3eDs1Zw.woff2 HTTP/1.1" 200 22296 "https://80.65.208.110:2031/cwp_ad97a5cd6498f7173a8ab1ec02653b35/admin/design/css/fonts/droidsans/v8/droidsans_400-700.css" "Mozilla/5.0 (Windows NT 10.0; Win64; x64) AppleWebKit/537.36 (KHTML, like Gecko) Chrome/126.0.0.0 Safari/537.36"
160.22.84.202 - - [27/Jul/2024:13:16:48 +0200] "GET /cwp_ad97a5cd6498f7173a8ab1ec02653b35/admin/design/fonts/icomoon.woff HTTP/1.1" 200 159876 "https://80.65.208.110:2031/cwp_ad97a5cd6498f7173a8ab1ec02653b35/admin/design/css/icons.css" "Mozilla/5.0 (Windows NT 10.0; Win64; x64) AppleWebKit/537.36 (KHTML, like Gecko) Chrome/126.0.0.0 Safari/537.36"
160.22.84.202 - - [27/Jul/2024:13:16:48 +0200] "GET /cwp_ad97a5cd6498f7173a8ab1ec02653b35/admin/design/css/fonts/droidsans/v8/SlGVmQWMvZQIdix7AFxXkHNSbQ.woff2 HTTP/1.1" 200 21252 "https://80.65.208.110:2031/cwp_ad97a5cd6498f7173a8ab1ec02653b35/admin/design/css/fonts/droidsans/v8/droidsans_400-700.css" "Mozilla/5.0 (Windows NT 10.0; Win64; x64) AppleWebKit/537.36 (KHTML, like Gecko) Chrome/126.0.0.0 Safari/537.36"
160.22.84.202 - - [27/Jul/2024:13:16:48 +0200] "GET /cwp_ad97a5cd6498f7173a8ab1ec02653b35/admin/design/fonts/silkcons.woff HTTP/1.1" 200 10856 "https://80.65.208.110:2031/cwp_ad97a5cd6498f7173a8ab1ec02653b35/admin/design/css/icons.css" "Mozilla/5.0 (Windows NT 10.0; Win64; x64) AppleWebKit/537.36 (KHTML, like Gecko) Chrome/126.0.0.0 Safari/537.36"
160.22.84.202 - - [27/Jul/2024:13:16:48 +0200] "GET /cwp_ad97a5cd6498f7173a8ab1ec02653b35/admin/design/fonts/broccolidry.woff HTTP/1.1" 200 30324 "https://80.65.208.110:2031/cwp_ad97a5cd6498f7173a8ab1ec02653b35/admin/design/css/icons.css" "Mozilla/5.0 (Windows NT 10.0; Win64; x64) AppleWebKit/537.36 (KHTML, like Gecko) Chrome/126.0.0.0 Safari/537.36"
160.22.84.202 - - [27/Jul/2024:13:16:48 +0200] "GET /cwp_ad97a5cd6498f7173a8ab1ec02653b35/admin/design/fonts/wpzoom.woff HTTP/1.1" 200 38804 "https://80.65.208.110:2031/cwp_ad97a5cd6498f7173a8ab1ec02653b35/admin/design/css/icons.css" "Mozilla/5.0 (Windows NT 10.0; Win64; x64) AppleWebKit/537.36 (KHTML, like Gecko) Chrome/126.0.0.0 Safari/537.36"
160.22.84.202 - - [27/Jul/2024:13:16:48 +0200] "GET /cwp_ad97a5cd6498f7173a8ab1ec02653b35/admin/design/fonts/iconic.woff HTTP/1.1" 200 18636 "https://80.65.208.110:2031/cwp_ad97a5cd6498f7173a8ab1ec02653b35/admin/design/css/icons.css" "Mozilla/5.0 (Windows NT 10.0; Win64; x64) AppleWebKit/537.36 (KHTML, like Gecko) Chrome/126.0.0.0 Safari/537.36"
160.22.84.202 - - [27/Jul/2024:13:16:49 +0200] "GET /cwp_ad97a5cd6498f7173a8ab1ec02653b35/admin/design/fonts/fontawesome-webfont.woff?v=4.1.0 HTTP/1.1" 200 65452 "https://80.65.208.110:2031/cwp_ad97a5cd6498f7173a8ab1ec02653b35/admin/design/css/icons.css" "Mozilla/5.0 (Windows NT 10.0; Win64; x64) AppleWebKit/537.36 (KHTML, like Gecko) Chrome/126.0.0.0 Safari/537.36"
160.22.84.202 - - [27/Jul/2024:13:16:49 +0200] "GET /cwp_ad97a5cd6498f7173a8ab1ec02653b35/admin/design/fonts/entypo.woff HTTP/1.1" 200 34012 "https://80.65.208.110:2031/cwp_ad97a5cd6498f7173a8ab1ec02653b35/admin/design/css/icons.css" "Mozilla/5.0 (Windows NT 10.0; Win64; x64) AppleWebKit/537.36 (KHTML, like Gecko) Chrome/126.0.0.0 Safari/537.36"
160.22.84.202 - - [27/Jul/2024:13:16:49 +0200] "GET /cwp_ad97a5cd6498f7173a8ab1ec02653b35/admin/design/fonts/cuticons.woff HTTP/1.1" 200 5832 "https://80.65.208.110:2031/cwp_ad97a5cd6498f7173a8ab1ec02653b35/admin/design/css/icons.css" "Mozilla/5.0 (Windows NT 10.0; Win64; x64) AppleWebKit/537.36 (KHTML, like Gecko) Chrome/126.0.0.0 Safari/537.36"
160.22.84.202 - - [27/Jul/2024:13:16:50 +0200] "POST /cwp_ad97a5cd6498f7173a8ab1ec02653b35/admin/loader_ajax.php?ajax=dashboard HTTP/1.1" 200 409 "https://80.65.208.110:2031/cwp_ad97a5cd6498f7173a8ab1ec02653b35/admin/index.php?chk=y" "Mozilla/5.0 (Windows NT 10.0; Win64; x64) AppleWebKit/537.36 (KHTML, like Gecko) Chrome/126.0.0.0 Safari/537.36"
160.22.84.202 - - [27/Jul/2024:13:16:54 +0200] "GET /cwp_ad97a5cd6498f7173a8ab1ec02653b35/admin/loader.php?func=get_load&_=1722079008495 HTTP/1.1" 200 37 "https://80.65.208.110:2031/cwp_ad97a5cd6498f7173a8ab1ec02653b35/admin/index.php?chk=y" "Mozilla/5.0 (Windows NT 10.0; Win64; x64) AppleWebKit/537.36 (KHTML, like Gecko) Chrome/126.0.0.0 Safari/537.36"
160.22.84.202 - - [27/Jul/2024:13:16:54 +0200] "GET /cwp_ad97a5cd6498f7173a8ab1ec02653b35/admin/loader.php?func=get_top_short&_=1722079008496 HTTP/1.1" 200 499 "https://80.65.208.110:2031/cwp_ad97a5cd6498f7173a8ab1ec02653b35/admin/index.php?chk=y" "Mozilla/5.0 (Windows NT 10.0; Win64; x64) AppleWebKit/537.36 (KHTML, like Gecko) Chrome/126.0.0.0 Safari/537.36"
160.22.84.202 - - [27/Jul/2024:13:16:59 +0200] "GET /cwp_ad97a5cd6498f7173a8ab1ec02653b35/admin/loader.php?func=get_load&_=1722079008497 HTTP/1.1" 200 37 "https://80.65.208.110:2031/cwp_ad97a5cd6498f7173a8ab1ec02653b35/admin/index.php?chk=y" "Mozilla/5.0 (Windows NT 10.0; Win64; x64) AppleWebKit/537.36 (KHTML, like Gecko) Chrome/126.0.0.0 Safari/537.36"
160.22.84.202 - - [27/Jul/2024:13:16:59 +0200] "GET /cwp_ad97a5cd6498f7173a8ab1ec02653b35/admin/loader.php?func=get_top_short&_=1722079008498 HTTP/1.1" 200 499 "https://80.65.208.110:2031/cwp_ad97a5cd6498f7173a8ab1ec02653b35/admin/index.php?chk=y" "Mozilla/5.0 (Windows NT 10.0; Win64; x64) AppleWebKit/537.36 (KHTML, like Gecko) Chrome/126.0.0.0 Safari/537.36"
160.22.84.202 - - [27/Jul/2024:13:17:00 +0200] "GET /login/index.php?logout=yes HTTP/1.1" 302 1924 "https://80.65.208.110:2031/cwp_ad97a5cd6498f7173a8ab1ec02653b35/admin/index.php?chk=y" "Mozilla/5.0 (Windows NT 10.0; Win64; x64) AppleWebKit/537.36 (KHTML, like Gecko) Chrome/126.0.0.0 Safari/537.36"
160.22.84.202 - - [27/Jul/2024:13:17:00 +0200] "GET /login/index.php?login=logout HTTP/1.1" 200 1935 "https://80.65.208.110:2031/cwp_ad97a5cd6498f7173a8ab1ec02653b35/admin/index.php?chk=y" "Mozilla/5.0 (Windows NT 10.0; Win64; x64) AppleWebKit/537.36 (KHTML, like Gecko) Chrome/126.0.0.0 Safari/537.36"
127.0.0.1 - - [27/Jul/2024:13:17:41 +0200] "POST /v1/user_panel_dashboard/ HTTP/1.1" 200 4362 "-" "-"
127.0.0.1 - - [27/Jul/2024:13:17:41 +0200] "POST /v1/iduser/ HTTP/1.1" 200 3145 "-" "-"
127.0.0.1 - - [27/Jul/2024:13:17:41 +0200] "POST /v1/iduser/ HTTP/1.1" 200 3145 "-" "-"
49.43.154.143 - - [27/Jul/2024:13:17:41 +0200] "POST /cwp_b4583d1ab2b25915/quattroi/quattroi/index.php?module=filemanager&acc=uploadFiles¤tPath=/home/quattroi/public_html HTTP/1.1" 200 5 "https://80.65.208.110:2083/cwp_b4583d1ab2b25915/quattroi/fileManager_v2.php" "Mozilla/5.0 (Windows NT 10.0; Win64; x64) AppleWebKit/537.36 (KHTML, like Gecko) Chrome/127.0.0.0 Safari/537.36"
127.0.0.1 - - [27/Jul/2024:13:17:43 +0200] "POST /v1/user_panel_dashboard/ HTTP/1.1" 200 4362 "-" "-"
127.0.0.1 - - [27/Jul/2024:13:17:43 +0200] "POST /v1/iduser/ HTTP/1.1" 200 3145 "-" "-"
127.0.0.1 - - [27/Jul/2024:13:17:44 +0200] "POST /v1/iduser/ HTTP/1.1" 200 3145 "-" "-"
49.43.154.143 - - [27/Jul/2024:13:17:44 +0200] "GET /cwp_b4583d1ab2b25915/quattroi/quattroi/index.php?module=filemanager&resolveIds=1&acc=listFiles¤tDir=/home/quattroi/public_html HTTP/1.1" 200 534 "https://80.65.208.110:2083/cwp_b4583d1ab2b25915/quattroi/fileManager_v2.php" "Mozilla/5.0 (Windows NT 10.0; Win64; x64) AppleWebKit/537.36 (KHTML, like Gecko) Chrome/127.0.0.0 Safari/537.36"
127.0.0.1 - - [27/Jul/2024:13:17:56 +0200] "POST /v1/user_panel_dashboard/ HTTP/1.1" 200 4362 "-" "-"
127.0.0.1 - - [27/Jul/2024:13:17:56 +0200] "POST /v1/iduser/ HTTP/1.1" 200 3145 "-" "-"
127.0.0.1 - - [27/Jul/2024:13:17:56 +0200] "POST /v1/iduser/ HTTP/1.1" 200 3145 "-" "-"
49.43.154.143 - - [27/Jul/2024:13:17:57 +0200] "POST /cwp_b4583d1ab2b25915/quattroi/quattroi/index.php?module=filemanager&acc=descompress HTTP/1.1" 200 29785 "https://80.65.208.110:2083/cwp_b4583d1ab2b25915/quattroi/fileManager_v2.php" "Mozilla/5.0 (Windows NT 10.0; Win64; x64) AppleWebKit/537.36 (KHTML, like Gecko) Chrome/127.0.0.0 Safari/537.36"
127.0.0.1 - - [27/Jul/2024:13:17:57 +0200] "POST /v1/user_panel_dashboard/ HTTP/1.1" 200 4362 "-" "-"
127.0.0.1 - - [27/Jul/2024:13:17:57 +0200] "POST /v1/iduser/ HTTP/1.1" 200 3145 "-" "-"
127.0.0.1 - - [27/Jul/2024:13:17:57 +0200] "POST /v1/iduser/ HTTP/1.1" 200 3145 "-" "-"
49.43.154.143 - - [27/Jul/2024:13:17:57 +0200] "GET /cwp_b4583d1ab2b25915/quattroi/quattroi/index.php?module=filemanager&resolveIds=1&acc=listFiles¤tDir=/home/quattroi/public_html HTTP/1.1" 200 947 "https://80.65.208.110:2083/cwp_b4583d1ab2b25915/quattroi/fileManager_v2.php" "Mozilla/5.0 (Windows NT 10.0; Win64; x64) AppleWebKit/537.36 (KHTML, like Gecko) Chrome/127.0.0.0 Safari/537.36"
127.0.0.1 - - [27/Jul/2024:13:17:59 +0200] "POST /v1/user_panel_dashboard/ HTTP/1.1" 200 4362 "-" "-"
127.0.0.1 - - [27/Jul/2024:13:18:00 +0200] "POST /v1/iduser/ HTTP/1.1" 200 3145 "-" "-"
127.0.0.1 - - [27/Jul/2024:13:18:00 +0200] "POST /v1/iduser/ HTTP/1.1" 200 3145 "-" "-"
49.43.154.143 - - [27/Jul/2024:13:18:00 +0200] "GET /cwp_b4583d1ab2b25915/quattroi/quattroi/index.php?module=filemanager&resolveIds=1&acc=listFiles¤tDir=/home/quattroi/public_html/public_html HTTP/1.1" 200 43147 "https://80.65.208.110:2083/cwp_b4583d1ab2b25915/quattroi/fileManager_v2.php" "Mozilla/5.0 (Windows NT 10.0; Win64; x64) AppleWebKit/537.36 (KHTML, like Gecko) Chrome/127.0.0.0 Safari/537.36"
127.0.0.1 - - [27/Jul/2024:13:18:11 +0200] "POST /v1/user_panel_dashboard/ HTTP/1.1" 200 4362 "-" "-"
127.0.0.1 - - [27/Jul/2024:13:18:12 +0200] "POST /v1/iduser/ HTTP/1.1" 200 3145 "-" "-"
127.0.0.1 - - [27/Jul/2024:13:18:12 +0200] "POST /v1/iduser/ HTTP/1.1" 200 3145 "-" "-"
49.43.154.143 - - [27/Jul/2024:13:18:12 +0200] "GET /cwp_b4583d1ab2b25915/quattroi/quattroi/index.php?module=filemanager&acc=lisSub&dir=/home/quattroi/public_html/ HTTP/1.1" 200 293 "https://80.65.208.110:2083/cwp_b4583d1ab2b25915/quattroi/fileManager_v2.php" "Mozilla/5.0 (Windows NT 10.0; Win64; x64) AppleWebKit/537.36 (KHTML, like Gecko) Chrome/127.0.0.0 Safari/537.36"
127.0.0.1 - - [27/Jul/2024:13:18:15 +0200] "POST /v1/user_panel_dashboard/ HTTP/1.1" 200 4362 "-" "-"
127.0.0.1 - - [27/Jul/2024:13:18:15 +0200] "POST /v1/iduser/ HTTP/1.1" 200 3145 "-" "-"
127.0.0.1 - - [27/Jul/2024:13:18:15 +0200] "POST /v1/iduser/ HTTP/1.1" 200 3145 "-" "-"
49.43.154.143 - - [27/Jul/2024:13:18:15 +0200] "POST /cwp_b4583d1ab2b25915/quattroi/quattroi/index.php?module=filemanager&acc=movefiles HTTP/1.1" 200 5 "https://80.65.208.110:2083/cwp_b4583d1ab2b25915/quattroi/fileManager_v2.php" "Mozilla/5.0 (Windows NT 10.0; Win64; x64) AppleWebKit/537.36 (KHTML, like Gecko) Chrome/127.0.0.0 Safari/537.36"
127.0.0.1 - - [27/Jul/2024:13:18:16 +0200] "POST /v1/user_panel_dashboard/ HTTP/1.1" 200 4362 "-" "-"
127.0.0.1 - - [27/Jul/2024:13:18:16 +0200] "POST /v1/iduser/ HTTP/1.1" 200 3145 "-" "-"
127.0.0.1 - - [27/Jul/2024:13:18:16 +0200] "POST /v1/iduser/ HTTP/1.1" 200 3145 "-" "-"
49.43.154.143 - - [27/Jul/2024:13:18:16 +0200] "GET /cwp_b4583d1ab2b25915/quattroi/quattroi/index.php?module=filemanager&resolveIds=1&acc=listFiles¤tDir=/home/quattroi/public_html/ HTTP/1.1" 200 41769 "https://80.65.208.110:2083/cwp_b4583d1ab2b25915/quattroi/fileManager_v2.php" "Mozilla/5.0 (Windows NT 10.0; Win64; x64) AppleWebKit/537.36 (KHTML, like Gecko) Chrome/127.0.0.0 Safari/537.36"
127.0.0.1 - - [27/Jul/2024:13:20:15 +0200] "POST /v1/user_panel_dashboard/ HTTP/1.1" 200 4362 "-" "-"
127.0.0.1 - - [27/Jul/2024:13:20:16 +0200] "POST /v1/iduser/ HTTP/1.1" 200 3145 "-" "-"
127.0.0.1 - - [27/Jul/2024:13:20:16 +0200] "POST /v1/iduser/ HTTP/1.1" 200 3145 "-" "-"
49.43.154.143 - - [27/Jul/2024:13:20:16 +0200] "POST /cwp_b4583d1ab2b25915/quattroi/quattroi/index.php?module=filemanager&acc=remove HTTP/1.1" 200 5 "https://80.65.208.110:2083/cwp_b4583d1ab2b25915/quattroi/fileManager_v2.php" "Mozilla/5.0 (Windows NT 10.0; Win64; x64) AppleWebKit/537.36 (KHTML, like Gecko) Chrome/127.0.0.0 Safari/537.36"
127.0.0.1 - - [27/Jul/2024:13:20:16 +0200] "POST /v1/user_panel_dashboard/ HTTP/1.1" 200 4362 "-" "-"
127.0.0.1 - - [27/Jul/2024:13:20:16 +0200] "POST /v1/iduser/ HTTP/1.1" 200 3145 "-" "-"
127.0.0.1 - - [27/Jul/2024:13:20:16 +0200] "POST /v1/iduser/ HTTP/1.1" 200 3145 "-" "-"
49.43.154.143 - - [27/Jul/2024:13:20:16 +0200] "GET /cwp_b4583d1ab2b25915/quattroi/quattroi/index.php?module=filemanager&resolveIds=1&acc=listFiles¤tDir=/home/quattroi/public_html/ HTTP/1.1" 200 41379 "https://80.65.208.110:2083/cwp_b4583d1ab2b25915/quattroi/fileManager_v2.php" "Mozilla/5.0 (Windows NT 10.0; Win64; x64) AppleWebKit/537.36 (KHTML, like Gecko) Chrome/127.0.0.0 Safari/537.36"
127.0.0.1 - - [27/Jul/2024:13:20:17 +0200] "POST /v1/user_panel_dashboard/ HTTP/1.1" 200 4362 "-" "-"
127.0.0.1 - - [27/Jul/2024:13:20:17 +0200] "POST /v1/iduser/ HTTP/1.1" 200 3145 "-" "-"
127.0.0.1 - - [27/Jul/2024:13:20:17 +0200] "POST /v1/iduser/ HTTP/1.1" 200 3145 "-" "-"
49.43.154.143 - - [27/Jul/2024:13:20:17 +0200] "GET /cwp_b4583d1ab2b25915/quattroi/quattroi/index.php?module=filemanager&acc=lisSub&dir=/home/quattroi/public_html/ HTTP/1.1" 200 2357 "https://80.65.208.110:2083/cwp_b4583d1ab2b25915/quattroi/fileManager_v2.php" "Mozilla/5.0 (Windows NT 10.0; Win64; x64) AppleWebKit/537.36 (KHTML, like Gecko) Chrome/127.0.0.0 Safari/537.36"
127.0.0.1 - - [27/Jul/2024:13:20:23 +0200] "POST /v1/user_panel_dashboard/ HTTP/1.1" 200 4362 "-" "-"
127.0.0.1 - - [27/Jul/2024:13:20:23 +0200] "POST /v1/iduser/ HTTP/1.1" 200 3145 "-" "-"
127.0.0.1 - - [27/Jul/2024:13:20:23 +0200] "POST /v1/iduser/ HTTP/1.1" 200 3145 "-" "-"
49.43.154.143 - - [27/Jul/2024:13:20:28 +0200] "POST /cwp_b4583d1ab2b25915/quattroi/quattroi/index.php?module=filemanager&acc=removeMultiple HTTP/1.1" 200 5 "https://80.65.208.110:2083/cwp_b4583d1ab2b25915/quattroi/fileManager_v2.php" "Mozilla/5.0 (Windows NT 10.0; Win64; x64) AppleWebKit/537.36 (KHTML, like Gecko) Chrome/127.0.0.0 Safari/537.36"
127.0.0.1 - - [27/Jul/2024:13:20:28 +0200] "POST /v1/user_panel_dashboard/ HTTP/1.1" 200 4362 "-" "-"
127.0.0.1 - - [27/Jul/2024:13:20:28 +0200] "POST /v1/iduser/ HTTP/1.1" 200 3145 "-" "-"
127.0.0.1 - - [27/Jul/2024:13:20:28 +0200] "POST /v1/iduser/ HTTP/1.1" 200 3145 "-" "-"
49.43.154.143 - - [27/Jul/2024:13:20:28 +0200] "POST /cwp_b4583d1ab2b25915/quattroi/quattroi/index.php?module=filemanager&acc=removeMultiple HTTP/1.1" 200 5 "https://80.65.208.110:2083/cwp_b4583d1ab2b25915/quattroi/fileManager_v2.php" "Mozilla/5.0 (Windows NT 10.0; Win64; x64) AppleWebKit/537.36 (KHTML, like Gecko) Chrome/127.0.0.0 Safari/537.36"
127.0.0.1 - - [27/Jul/2024:13:20:29 +0200] "POST /v1/user_panel_dashboard/ HTTP/1.1" 200 4362 "-" "-"
127.0.0.1 - - [27/Jul/2024:13:20:29 +0200] "POST /v1/iduser/ HTTP/1.1" 200 3145 "-" "-"
127.0.0.1 - - [27/Jul/2024:13:20:29 +0200] "POST /v1/iduser/ HTTP/1.1" 200 3145 "-" "-"
49.43.154.143 - - [27/Jul/2024:13:20:29 +0200] "GET /cwp_b4583d1ab2b25915/quattroi/quattroi/index.php?module=filemanager&resolveIds=1&acc=listFiles¤tDir=/home/quattroi/public_html/ HTTP/1.1" 200 64 "https://80.65.208.110:2083/cwp_b4583d1ab2b25915/quattroi/fileManager_v2.php" "Mozilla/5.0 (Windows NT 10.0; Win64; x64) AppleWebKit/537.36 (KHTML, like Gecko) Chrome/127.0.0.0 Safari/537.36"
127.0.0.1 - - [27/Jul/2024:13:20:29 +0200] "POST /v1/user_panel_dashboard/ HTTP/1.1" 200 4362 "-" "-"
127.0.0.1 - - [27/Jul/2024:13:20:29 +0200] "POST /v1/iduser/ HTTP/1.1" 200 3145 "-" "-"
127.0.0.1 - - [27/Jul/2024:13:20:29 +0200] "POST /v1/iduser/ HTTP/1.1" 200 3145 "-" "-"
49.43.154.143 - - [27/Jul/2024:13:20:29 +0200] "GET /cwp_b4583d1ab2b25915/quattroi/quattroi/index.php?module=filemanager&acc=lisSub&dir=/home/quattroi/public_html/ HTTP/1.1" 200 28 "https://80.65.208.110:2083/cwp_b4583d1ab2b25915/quattroi/fileManager_v2.php" "Mozilla/5.0 (Windows NT 10.0; Win64; x64) AppleWebKit/537.36 (KHTML, like Gecko) Chrome/127.0.0.0 Safari/537.36"
127.0.0.1 - - [27/Jul/2024:13:20:29 +0200] "POST /v1/user_panel_dashboard/ HTTP/1.1" 200 4362 "-" "-"
127.0.0.1 - - [27/Jul/2024:13:20:29 +0200] "POST /v1/iduser/ HTTP/1.1" 200 3145 "-" "-"
127.0.0.1 - - [27/Jul/2024:13:20:29 +0200] "POST /v1/iduser/ HTTP/1.1" 200 3145 "-" "-"
49.43.154.143 - - [27/Jul/2024:13:20:29 +0200] "GET /cwp_b4583d1ab2b25915/quattroi/quattroi/index.php?module=filemanager&resolveIds=1&acc=listFiles¤tDir=/home/quattroi/public_html/ HTTP/1.1" 200 64 "https://80.65.208.110:2083/cwp_b4583d1ab2b25915/quattroi/fileManager_v2.php" "Mozilla/5.0 (Windows NT 10.0; Win64; x64) AppleWebKit/537.36 (KHTML, like Gecko) Chrome/127.0.0.0 Safari/537.36"
127.0.0.1 - - [27/Jul/2024:13:20:30 +0200] "POST /v1/user_panel_dashboard/ HTTP/1.1" 200 4362 "-" "-"
127.0.0.1 - - [27/Jul/2024:13:20:30 +0200] "POST /v1/iduser/ HTTP/1.1" 200 3145 "-" "-"
127.0.0.1 - - [27/Jul/2024:13:20:30 +0200] "POST /v1/iduser/ HTTP/1.1" 200 3145 "-" "-"
49.43.154.143 - - [27/Jul/2024:13:20:30 +0200] "GET /cwp_b4583d1ab2b25915/quattroi/quattroi/index.php?module=filemanager&acc=lisSub&dir=/home/quattroi/public_html/ HTTP/1.1" 200 28 "https://80.65.208.110:2083/cwp_b4583d1ab2b25915/quattroi/fileManager_v2.php" "Mozilla/5.0 (Windows NT 10.0; Win64; x64) AppleWebKit/537.36 (KHTML, like Gecko) Chrome/127.0.0.0 Safari/537.36"
127.0.0.1 - - [27/Jul/2024:13:24:06 +0200] "POST /v1/lang/ HTTP/1.1" 200 2160 "-" "-"
127.0.0.1 - - [27/Jul/2024:13:24:06 +0200] "POST /v1/generaluser/ HTTP/1.1" 200 434 "-" "-"
49.43.154.143 - - [27/Jul/2024:13:24:06 +0200] "GET /cwp_b4583d1ab2b25915/quattroi/fileManager_v2.php HTTP/1.1" 200 75623 "https://80.65.208.110:2083/cwp_b4583d1ab2b25915/quattroi/" "Mozilla/5.0 (Windows NT 10.0; Win64; x64) AppleWebKit/537.36 (KHTML, like Gecko) Chrome/127.0.0.0 Safari/537.36"
127.0.0.1 - - [27/Jul/2024:13:24:06 +0200] "POST /v1/user_panel_dashboard/ HTTP/1.1" 200 4362 "-" "-"
127.0.0.1 - - [27/Jul/2024:13:24:07 +0200] "POST /v1/iduser/ HTTP/1.1" 200 3145 "-" "-"
127.0.0.1 - - [27/Jul/2024:13:24:07 +0200] "POST /v1/iduser/ HTTP/1.1" 200 3145 "-" "-"
49.43.154.143 - - [27/Jul/2024:13:24:07 +0200] "GET /cwp_b4583d1ab2b25915/quattroi/quattroi/index.php?module=filemanager&resolveIds=1&acc=listFiles¤tDir=/home/quattroi/ HTTP/1.1" 200 3251 "https://80.65.208.110:2083/cwp_b4583d1ab2b25915/quattroi/fileManager_v2.php" "Mozilla/5.0 (Windows NT 10.0; Win64; x64) AppleWebKit/537.36 (KHTML, like Gecko) Chrome/127.0.0.0 Safari/537.36"
127.0.0.1 - - [27/Jul/2024:13:24:07 +0200] "POST /v1/user_panel_dashboard/ HTTP/1.1" 200 4362 "-" "-"
127.0.0.1 - - [27/Jul/2024:13:24:07 +0200] "POST /v1/iduser/ HTTP/1.1" 200 3145 "-" "-"
127.0.0.1 - - [27/Jul/2024:13:24:07 +0200] "POST /v1/iduser/ HTTP/1.1" 200 3145 "-" "-"
49.43.154.143 - - [27/Jul/2024:13:24:07 +0200] "GET /cwp_b4583d1ab2b25915/quattroi/quattroi/index.php?module=filemanager&acc=lisFolder&dir=/home/quattroi/ HTTP/1.1" 200 1335 "https://80.65.208.110:2083/cwp_b4583d1ab2b25915/quattroi/fileManager_v2.php" "Mozilla/5.0 (Windows NT 10.0; Win64; x64) AppleWebKit/537.36 (KHTML, like Gecko) Chrome/127.0.0.0 Safari/537.36"
127.0.0.1 - - [27/Jul/2024:13:24:09 +0200] "POST /v1/user_panel_dashboard/ HTTP/1.1" 200 4362 "-" "-"
127.0.0.1 - - [27/Jul/2024:13:24:09 +0200] "POST /v1/iduser/ HTTP/1.1" 200 3145 "-" "-"
127.0.0.1 - - [27/Jul/2024:13:24:09 +0200] "POST /v1/iduser/ HTTP/1.1" 200 3145 "-" "-"
49.43.154.143 - - [27/Jul/2024:13:24:09 +0200] "GET /cwp_b4583d1ab2b25915/quattroi/quattroi/index.php?module=filemanager&resolveIds=1&acc=listFiles¤tDir=/home/quattroi/public_html HTTP/1.1" 200 64 "https://80.65.208.110:2083/cwp_b4583d1ab2b25915/quattroi/fileManager_v2.php" "Mozilla/5.0 (Windows NT 10.0; Win64; x64) AppleWebKit/537.36 (KHTML, like Gecko) Chrome/127.0.0.0 Safari/537.36"
127.0.0.1 - - [27/Jul/2024:13:24:48 +0200] "POST /v1/user_panel_dashboard/ HTTP/1.1" 200 4362 "-" "-"
127.0.0.1 - - [27/Jul/2024:13:24:48 +0200] "POST /v1/iduser/ HTTP/1.1" 200 3145 "-" "-"
127.0.0.1 - - [27/Jul/2024:13:24:49 +0200] "POST /v1/iduser/ HTTP/1.1" 200 3145 "-" "-"
49.43.154.143 - - [27/Jul/2024:13:24:49 +0200] "POST /cwp_b4583d1ab2b25915/quattroi/quattroi/index.php?module=filemanager&acc=uploadFiles¤tPath=/home/quattroi/public_html HTTP/1.1" 200 5 "https://80.65.208.110:2083/cwp_b4583d1ab2b25915/quattroi/fileManager_v2.php" "Mozilla/5.0 (Windows NT 10.0; Win64; x64) AppleWebKit/537.36 (KHTML, like Gecko) Chrome/127.0.0.0 Safari/537.36"
127.0.0.1 - - [27/Jul/2024:13:24:56 +0200] "POST /v1/user_panel_dashboard/ HTTP/1.1" 200 4362 "-" "-"
127.0.0.1 - - [27/Jul/2024:13:24:56 +0200] "POST /v1/iduser/ HTTP/1.1" 200 3145 "-" "-"
127.0.0.1 - - [27/Jul/2024:13:24:56 +0200] "POST /v1/iduser/ HTTP/1.1" 200 3145 "-" "-"
49.43.154.143 - - [27/Jul/2024:13:24:56 +0200] "GET /cwp_b4583d1ab2b25915/quattroi/quattroi/index.php?module=filemanager&resolveIds=1&acc=listFiles¤tDir=/home/quattroi/public_html HTTP/1.1" 200 535 "https://80.65.208.110:2083/cwp_b4583d1ab2b25915/quattroi/fileManager_v2.php" "Mozilla/5.0 (Windows NT 10.0; Win64; x64) AppleWebKit/537.36 (KHTML, like Gecko) Chrome/127.0.0.0 Safari/537.36"
127.0.0.1 - - [27/Jul/2024:13:25:10 +0200] "POST /v1/user_panel_dashboard/ HTTP/1.1" 200 4362 "-" "-"
127.0.0.1 - - [27/Jul/2024:13:25:10 +0200] "POST /v1/iduser/ HTTP/1.1" 200 3145 "-" "-"
127.0.0.1 - - [27/Jul/2024:13:25:10 +0200] "POST /v1/iduser/ HTTP/1.1" 200 3145 "-" "-"
49.43.154.143 - - [27/Jul/2024:13:25:11 +0200] "POST /cwp_b4583d1ab2b25915/quattroi/quattroi/index.php?module=filemanager&acc=descompress HTTP/1.1" 200 52975 "https://80.65.208.110:2083/cwp_b4583d1ab2b25915/quattroi/fileManager_v2.php" "Mozilla/5.0 (Windows NT 10.0; Win64; x64) AppleWebKit/537.36 (KHTML, like Gecko) Chrome/127.0.0.0 Safari/537.36"
127.0.0.1 - - [27/Jul/2024:13:25:11 +0200] "POST /v1/user_panel_dashboard/ HTTP/1.1" 200 4362 "-" "-"
127.0.0.1 - - [27/Jul/2024:13:25:11 +0200] "POST /v1/iduser/ HTTP/1.1" 200 3145 "-" "-"
127.0.0.1 - - [27/Jul/2024:13:25:11 +0200] "POST /v1/iduser/ HTTP/1.1" 200 3145 "-" "-"
49.43.154.143 - - [27/Jul/2024:13:25:11 +0200] "GET /cwp_b4583d1ab2b25915/quattroi/quattroi/index.php?module=filemanager&resolveIds=1&acc=listFiles¤tDir=/home/quattroi/public_html HTTP/1.1" 200 948 "https://80.65.208.110:2083/cwp_b4583d1ab2b25915/quattroi/fileManager_v2.php" "Mozilla/5.0 (Windows NT 10.0; Win64; x64) AppleWebKit/537.36 (KHTML, like Gecko) Chrome/127.0.0.0 Safari/537.36"
127.0.0.1 - - [27/Jul/2024:13:25:13 +0200] "POST /v1/user_panel_dashboard/ HTTP/1.1" 200 4362 "-" "-"
127.0.0.1 - - [27/Jul/2024:13:25:13 +0200] "POST /v1/iduser/ HTTP/1.1" 200 3145 "-" "-"
127.0.0.1 - - [27/Jul/2024:13:25:13 +0200] "POST /v1/iduser/ HTTP/1.1" 200 3145 "-" "-"
49.43.154.143 - - [27/Jul/2024:13:25:13 +0200] "GET /cwp_b4583d1ab2b25915/quattroi/quattroi/index.php?module=filemanager&resolveIds=1&acc=listFiles¤tDir=/home/quattroi/public_html/public_html HTTP/1.1" 200 36437 "https://80.65.208.110:2083/cwp_b4583d1ab2b25915/quattroi/fileManager_v2.php" "Mozilla/5.0 (Windows NT 10.0; Win64; x64) AppleWebKit/537.36 (KHTML, like Gecko) Chrome/127.0.0.0 Safari/537.36"
127.0.0.1 - - [27/Jul/2024:13:25:22 +0200] "POST /v1/user_panel_dashboard/ HTTP/1.1" 200 4362 "-" "-"
127.0.0.1 - - [27/Jul/2024:13:25:22 +0200] "POST /v1/iduser/ HTTP/1.1" 200 3145 "-" "-"
127.0.0.1 - - [27/Jul/2024:13:25:22 +0200] "POST /v1/iduser/ HTTP/1.1" 200 3145 "-" "-"
49.43.154.143 - - [27/Jul/2024:13:25:22 +0200] "GET /cwp_b4583d1ab2b25915/quattroi/quattroi/index.php?module=filemanager&acc=lisSub&dir=/home/quattroi/public_html/ HTTP/1.1" 200 293 "https://80.65.208.110:2083/cwp_b4583d1ab2b25915/quattroi/fileManager_v2.php" "Mozilla/5.0 (Windows NT 10.0; Win64; x64) AppleWebKit/537.36 (KHTML, like Gecko) Chrome/127.0.0.0 Safari/537.36"
127.0.0.1 - - [27/Jul/2024:13:25:23 +0200] "POST /v1/user_panel_dashboard/ HTTP/1.1" 200 4362 "-" "-"
127.0.0.1 - - [27/Jul/2024:13:25:23 +0200] "POST /v1/iduser/ HTTP/1.1" 200 3145 "-" "-"
127.0.0.1 - - [27/Jul/2024:13:25:23 +0200] "POST /v1/iduser/ HTTP/1.1" 200 3145 "-" "-"
49.43.154.143 - - [27/Jul/2024:13:25:23 +0200] "POST /cwp_b4583d1ab2b25915/quattroi/quattroi/index.php?module=filemanager&acc=movefiles HTTP/1.1" 200 5 "https://80.65.208.110:2083/cwp_b4583d1ab2b25915/quattroi/fileManager_v2.php" "Mozilla/5.0 (Windows NT 10.0; Win64; x64) AppleWebKit/537.36 (KHTML, like Gecko) Chrome/127.0.0.0 Safari/537.36"
127.0.0.1 - - [27/Jul/2024:13:25:23 +0200] "POST /v1/user_panel_dashboard/ HTTP/1.1" 200 4362 "-" "-"
127.0.0.1 - - [27/Jul/2024:13:25:24 +0200] "POST /v1/iduser/ HTTP/1.1" 200 3145 "-" "-"
127.0.0.1 - - [27/Jul/2024:13:25:24 +0200] "POST /v1/iduser/ HTTP/1.1" 200 3145 "-" "-"
49.43.154.143 - - [27/Jul/2024:13:25:24 +0200] "GET /cwp_b4583d1ab2b25915/quattroi/quattroi/index.php?module=filemanager&resolveIds=1&acc=listFiles¤tDir=/home/quattroi/public_html/ HTTP/1.1" 200 35397 "https://80.65.208.110:2083/cwp_b4583d1ab2b25915/quattroi/fileManager_v2.php" "Mozilla/5.0 (Windows NT 10.0; Win64; x64) AppleWebKit/537.36 (KHTML, like Gecko) Chrome/127.0.0.0 Safari/537.36"
44.220.185.180 - - [27/Jul/2024:13:28:31 +0200] "GET / HTTP/1.1" 302 139 "-" "Mozilla/5.0 (Windows NT 6.2;en-US) AppleWebKit/537.32.36 (KHTML, live Gecko) Chrome/55.0.3099.106 Safari/537.32"
44.220.185.180 - - [27/Jul/2024:13:28:32 +0200] "GET / HTTP/1.1" 302 5 "-" "Mozilla/5.0 (Windows NT 6.2;en-US) AppleWebKit/537.32.36 (KHTML, live Gecko) Chrome/55.0.3099.106 Safari/537.32"
44.220.185.180 - - [27/Jul/2024:13:28:32 +0200] "GET /login/index.php HTTP/1.1" 200 1909 "-" "Mozilla/5.0 (Windows NT 6.2;en-US) AppleWebKit/537.32.36 (KHTML, live Gecko) Chrome/55.0.3099.106 Safari/537.32"
74.82.47.4 - - [27/Jul/2024:13:35:19 +0200] "GET / HTTP/1.1" 302 5 "-" "Mozilla/5.0 (Windows NT 10.0; Win64; x64) AppleWebKit/537.36 (KHTML, like Gecko) Chrome/103.0.0.0 Safari/537.36"
74.82.47.4 - - [27/Jul/2024:13:35:36 +0200] "GET / HTTP/1.1" 302 5 "-" "Mozilla/5.0 (X11; Ubuntu; Linux x86_64; rv:125.0) Gecko/20100101 Firefox/125.0"
74.82.47.4 - - [27/Jul/2024:13:35:36 +0200] "GET /login/index.php HTTP/1.1" 200 1909 "https://80.65.208.110:2031/" "Mozilla/5.0 (X11; Ubuntu; Linux x86_64; rv:125.0) Gecko/20100101 Firefox/125.0"
74.82.47.4 - - [27/Jul/2024:13:35:39 +0200] "GET /favicon.ico HTTP/1.1" 404 1010 "-" "Mozilla/5.0 (Macintosh; Intel Mac OS X 10.15; rv:102.0) Gecko/20100101 Firefox/102.0"
167.94.138.116 - - [27/Jul/2024:13:50:07 +0200] "GET / HTTP/1.1" 302 5 "-" "-"
167.94.138.116 - - [27/Jul/2024:13:50:17 +0200] "GET / HTTP/1.1" 302 5 "-" "Mozilla/5.0 (compatible; CensysInspect/1.1; +https://about.censys.io/)"
167.94.138.116 - - [27/Jul/2024:13:50:29 +0200] "GET /login/index.php HTTP/1.1" 200 1909 "-" "Mozilla/5.0 (compatible; CensysInspect/1.1; +https://about.censys.io/)"
167.94.138.116 - - [27/Jul/2024:13:50:31 +0200] "GET /design/img/ico/favicon.ico HTTP/1.1" 200 5430 "-" "Mozilla/5.0 (compatible; CensysInspect/1.1; +https://about.censys.io/)"
167.94.138.116 - - [27/Jul/2024:13:50:32 +0200] "GET /favicon.ico HTTP/1.1" 404 1010 "-" "Mozilla/5.0 (compatible; CensysInspect/1.1; +https://about.censys.io/)"
167.94.138.116 - - [27/Jul/2024:13:50:33 +0200] "GET / HTTP/1.1" 302 139 "-" "Mozilla/5.0 (compatible; CensysInspect/1.1; +https://about.censys.io/)"
88.214.25.63 - - [27/Jul/2024:14:00:54 +0200] "\x03\x00\x00/*\xE0\x00\x00\x00\x00\x00Cookie: mstshash=Administr" 400 151 "-" "-"
199.45.154.159 - - [27/Jul/2024:14:02:56 +0200] "\x16\x03\x01\x00\xEE\x01\x00\x00\xEA\x03\x03\xCE\xEA6?\xB0I\x82\xEC\xB3\x0Cc\xE4\x95\xC1 \xEE\x9A\xB3\xD2j\x11m\x95V\x93TO\xCEc\xF7\x938 \xCA\xD5\xF6\x11\xBDw\xF8\xAEN\xFC\x11N-6\x98\xFB\xA5\xA2D\x11\xDB\x8A\xB6\xC0\xFB\x9BW7\x1F\x0C0u\x00&\xCC\xA8\xCC\xA9\xC0/\xC00\xC0+\xC0,\xC0\x13\xC0\x09\xC0\x14\xC0" 400 151 "-" "-"
199.45.154.159 - - [27/Jul/2024:14:02:59 +0200] "GET / HTTP/1.1" 301 163 "-" "-"
199.45.154.159 - - [27/Jul/2024:14:03:09 +0200] "GET / HTTP/1.1" 301 163 "-" "Mozilla/5.0 (compatible; CensysInspect/1.1; +https://about.censys.io/)"
199.45.154.159 - - [27/Jul/2024:14:03:10 +0200] "PRI * HTTP/2.0" 400 151 "-" "-"
199.45.154.159 - - [27/Jul/2024:14:03:16 +0200] "GET / HTTP/1.1" 302 5 "-" "Mozilla/5.0 (compatible; CensysInspect/1.1; +https://about.censys.io/)"
199.45.154.159 - - [27/Jul/2024:14:03:28 +0200] "GET /login/index.php HTTP/1.1" 200 1909 "-" "Mozilla/5.0 (compatible; CensysInspect/1.1; +https://about.censys.io/)"
199.45.154.159 - - [27/Jul/2024:14:03:29 +0200] "GET /design/img/ico/favicon.ico HTTP/1.1" 200 5430 "-" "Mozilla/5.0 (compatible; CensysInspect/1.1; +https://about.censys.io/)"
199.45.154.159 - - [27/Jul/2024:14:03:29 +0200] "GET /favicon.ico HTTP/1.1" 404 1010 "-" "Mozilla/5.0 (compatible; CensysInspect/1.1; +https://about.censys.io/)"
199.45.154.159 - - [27/Jul/2024:14:03:30 +0200] "GET / HTTP/1.1" 302 139 "-" "Mozilla/5.0 (compatible; CensysInspect/1.1; +https://about.censys.io/)"
179.60.149.8 - - [27/Jul/2024:14:19:45 +0200] "\x03\x00\x00/*\xE0\x00\x00\x00\x00\x00Cookie: mstshash=Administr" 400 151 "-" "-"
172.169.109.202 - - [27/Jul/2024:15:05:59 +0200] "MGLNDD_80.65.208.110_2082" 400 151 "-" "-"
106.75.174.148 - - [27/Jul/2024:15:30:24 +0200] "GET /dqgqoeCXckuwPtxov HTTP/1.1" 404 1010 "-" "-"
106.75.174.148 - - [27/Jul/2024:15:30:26 +0200] "GET /dqgqoeCXckuwPtxov HTTP/1.1" 404 1010 "-" "-"
91.238.181.22 - - [27/Jul/2024:15:47:26 +0200] "\x03\x00\x00/*\xE0\x00\x00\x00\x00\x00Cookie: mstshash=Administr" 400 151 "-" "-"
194.233.170.183 - - [27/Jul/2024:15:49:55 +0200] "POST /login/index.php?login=$(echo%20bHM=%20%7C%20base64%20-d%20%7C%20bash) HTTP/1.1" 302 139 "http://80.65.208.110:2083/login/index.php?login=$(echo bHM= | base64 -d | bash)failed" "Mozilla/5.0 (X11; Linux x86_64; rv:105.0) Gecko/20100101 Firefox/105.0"
127.0.0.1 - - [27/Jul/2024:15:49:56 +0200] "POST /v1/loginfail/ HTTP/1.1" 200 40 "-" "-"
194.233.170.183 - - [27/Jul/2024:15:49:56 +0200] "GET /login/index.php?login=$(echo%20bHM=%20%7C%20base64%20-d%20%7C%20bash) HTTP/1.1" 200 25705 "http://80.65.208.110:2083/login/index.php?login=$(echo bHM= | base64 -d | bash)failed" "Mozilla/5.0 (X11; Linux x86_64; rv:105.0) Gecko/20100101 Firefox/105.0"
127.0.0.1 - - [27/Jul/2024:15:49:57 +0200] "POST /v1/loginfail/ HTTP/1.1" 200 40 "-" "-"
194.233.170.183 - - [27/Jul/2024:15:49:57 +0200] "POST /login/index.php?login=$(echo%20bHM=%20%7C%20base64%20-d%20%7C%20bash) HTTP/1.1" 200 25705 "https://80.65.208.110:2083/login/index.php?login=$(echo bHM= | base64 -d | bash)failed" "Mozilla/5.0 (X11; Linux x86_64; rv:105.0) Gecko/20100101 Firefox/105.0"
91.238.181.20 - - [27/Jul/2024:16:30:36 +0200] "\x03\x00\x00/*\xE0\x00\x00\x00\x00\x00Cookie: mstshash=Administr" 400 151 "-" "-"
162.216.149.166 - - [27/Jul/2024:16:46:58 +0200] "GET / HTTP/1.1" 302 5 "-" "Expanse, a Palo Alto Networks company, searches across the global IPv4 space multiple times per day to identify customers' presences on the Internet. If you would like to be excluded from our scans, please send IP addresses/domains to: scaninfo@paloaltonetworks.com"
162.216.149.166 - - [27/Jul/2024:16:46:59 +0200] "GET /login/index.php HTTP/1.1" 200 1909 "-" "Expanse, a Palo Alto Networks company, searches across the global IPv4 space multiple times per day to identify customers' presences on the Internet. If you would like to be excluded from our scans, please send IP addresses/domains to: scaninfo@paloaltonetworks.com"
162.216.150.188 - - [27/Jul/2024:17:35:41 +0200] "GET / HTTP/1.1" 200 4976 "-" "Expanse, a Palo Alto Networks company, searches across the global IPv4 space multiple times per day to identify customers' presences on the Internet. If you would like to be excluded from our scans, please send IP addresses/domains to: scaninfo@paloaltonetworks.com"
91.238.181.71 - - [27/Jul/2024:19:03:37 +0200] "\x03\x00\x00/*\xE0\x00\x00\x00\x00\x00Cookie: mstshash=Administr" 400 151 "-" "-"
167.94.138.116 - - [27/Jul/2024:19:33:14 +0200] "\x16\x03\x01\x00\xEE\x01\x00\x00\xEA\x03\x03I\xCC\x82\xD6\x07\x81\x9A\x18\x17\x8B\xD9\xE1\xAA\xA7F\xDETmP>\xC1'Pvo\xFA5\xA2\xEDI\x22\x88 \x0C7Z\xCC^\xC7\xD5rR\xDD\x84\xAB/\xE7?`s\xCA\x10\xE1\xF5\xD5\xF2\xF3\xDBGCp\x80\xC97+\x00&\xCC\xA8\xCC\xA9\xC0/\xC00\xC0+\xC0,\xC0\x13\xC0\x09\xC0\x14\xC0" 400 151 "-" "-"
167.94.138.116 - - [27/Jul/2024:19:33:18 +0200] "GET / HTTP/1.1" 200 4976 "-" "-"
167.94.138.116 - - [27/Jul/2024:19:33:23 +0200] "GET / HTTP/1.1" 200 4976 "-" "Mozilla/5.0 (compatible; CensysInspect/1.1; +https://about.censys.io/)"
167.94.138.116 - - [27/Jul/2024:19:33:24 +0200] "GET /skins/elastic/images/favicon.ico?s=1612812581 HTTP/1.1" 200 2294 "-" "Mozilla/5.0 (compatible; CensysInspect/1.1; +https://about.censys.io/)"
167.94.138.116 - - [27/Jul/2024:19:33:28 +0200] "GET /favicon.ico HTTP/1.1" 404 147 "-" "Mozilla/5.0 (compatible; CensysInspect/1.1; +https://about.censys.io/)"
167.94.138.116 - - [27/Jul/2024:19:33:31 +0200] "PRI * HTTP/2.0" 400 151 "-" "-"
88.214.25.62 - - [27/Jul/2024:19:36:03 +0200] "\x03\x00\x00/*\xE0\x00\x00\x00\x00\x00Cookie: mstshash=Administr" 400 151 "-" "-"
127.0.0.1 - - [27/Jul/2024:20:22:32 +0200] "POST /v1/loginfail/ HTTP/1.1" 200 40 "-" "-"
147.185.132.69 - - [27/Jul/2024:20:22:32 +0200] "GET / HTTP/1.1" 200 24193 "-" "Expanse, a Palo Alto Networks company, searches across the global IPv4 space multiple times per day to identify customers' presences on the Internet. If you would like to be excluded from our scans, please send IP addresses/domains to: scaninfo@paloaltonetworks.com"
172.206.145.215 - - [27/Jul/2024:20:46:16 +0200] "MGLNDD_80.65.208.110_2083" 400 151 "-" "-"
91.238.181.23 - - [27/Jul/2024:20:48:23 +0200] "\x03\x00\x00/*\xE0\x00\x00\x00\x00\x00Cookie: mstshash=Administr" 400 151 "-" "-"
71.6.134.230 - - [27/Jul/2024:20:55:04 +0200] "GET / HTTP/1.1" 302 5 "-" "Mozilla/5.0 (Windows NT 10.0; Win64; x64) AppleWebKit/537.36 (KHTML, like Gecko) Chrome/102.0.0.0 Safari/537.36"
205.210.31.232 - - [27/Jul/2024:20:57:38 +0200] "GET / HTTP/1.1" 301 163 "-" "Expanse, a Palo Alto Networks company, searches across the global IPv4 space multiple times per day to identify customers' presences on the Internet. If you would like to be excluded from our scans, please send IP addresses/domains to: scaninfo@paloaltonetworks.com"
127.0.0.1 - - [27/Jul/2024:20:57:40 +0200] "POST /v1/loginfail/ HTTP/1.1" 200 40 "-" "-"
205.210.31.232 - - [27/Jul/2024:20:57:40 +0200] "GET / HTTP/1.1" 200 24193 "http://80.65.208.110:2082/" "Expanse, a Palo Alto Networks company, searches across the global IPv4 space multiple times per day to identify customers' presences on the Internet. If you would like to be excluded from our scans, please send IP addresses/domains to: scaninfo@paloaltonetworks.com"
162.142.125.32 - - [27/Jul/2024:21:47:25 +0200] "Content-Length: 991" 400 151 "-" "-"
162.142.125.32 - - [27/Jul/2024:21:47:39 +0200] "GET / HTTP/1.1" 302 5 "-" "-"
162.142.125.32 - - [27/Jul/2024:21:47:50 +0200] "GET / HTTP/1.1" 302 5 "-" "Mozilla/5.0 (compatible; CensysInspect/1.1; +https://about.censys.io/)"
162.142.125.32 - - [27/Jul/2024:21:48:02 +0200] "GET /login/index.php HTTP/1.1" 200 1909 "-" "Mozilla/5.0 (compatible; CensysInspect/1.1; +https://about.censys.io/)"
162.142.125.32 - - [27/Jul/2024:21:48:04 +0200] "GET /design/img/ico/favicon.ico HTTP/1.1" 200 5430 "-" "Mozilla/5.0 (compatible; CensysInspect/1.1; +https://about.censys.io/)"
162.142.125.32 - - [27/Jul/2024:21:48:07 +0200] "GET /favicon.ico HTTP/1.1" 404 1010 "-" "Mozilla/5.0 (compatible; CensysInspect/1.1; +https://about.censys.io/)"
162.142.125.32 - - [27/Jul/2024:21:48:10 +0200] "GET / HTTP/1.1" 302 139 "-" "Mozilla/5.0 (compatible; CensysInspect/1.1; +https://about.censys.io/)"
206.168.34.38 - - [27/Jul/2024:21:56:21 +0200] "Content-Length: 991" 400 151 "-" "-"
206.168.34.38 - - [27/Jul/2024:21:56:31 +0200] "GET / HTTP/1.1" 302 5 "-" "-"
206.168.34.38 - - [27/Jul/2024:21:56:42 +0200] "GET / HTTP/1.1" 302 5 "-" "Mozilla/5.0 (compatible; CensysInspect/1.1; +https://about.censys.io/)"
206.168.34.38 - - [27/Jul/2024:21:56:54 +0200] "GET /login/index.php HTTP/1.1" 200 1909 "-" "Mozilla/5.0 (compatible; CensysInspect/1.1; +https://about.censys.io/)"
206.168.34.38 - - [27/Jul/2024:21:56:55 +0200] "GET /design/img/ico/favicon.ico HTTP/1.1" 200 5430 "-" "Mozilla/5.0 (compatible; CensysInspect/1.1; +https://about.censys.io/)"
206.168.34.38 - - [27/Jul/2024:21:56:58 +0200] "GET /favicon.ico HTTP/1.1" 404 1010 "-" "Mozilla/5.0 (compatible; CensysInspect/1.1; +https://about.censys.io/)"
206.168.34.38 - - [27/Jul/2024:21:56:59 +0200] "GET / HTTP/1.1" 302 139 "-" "Mozilla/5.0 (compatible; CensysInspect/1.1; +https://about.censys.io/)"
167.94.138.118 - - [27/Jul/2024:23:29:24 +0200] "Content-Length: 991" 400 151 "-" "-"
167.94.138.118 - - [27/Jul/2024:23:29:37 +0200] "GET / HTTP/1.1" 302 5 "-" "-"
167.94.138.118 - - [27/Jul/2024:23:29:48 +0200] "GET / HTTP/1.1" 302 5 "-" "Mozilla/5.0 (compatible; CensysInspect/1.1; +https://about.censys.io/)"
167.94.138.118 - - [27/Jul/2024:23:30:00 +0200] "GET /login/index.php HTTP/1.1" 200 1909 "-" "Mozilla/5.0 (compatible; CensysInspect/1.1; +https://about.censys.io/)"
167.94.138.118 - - [27/Jul/2024:23:30:01 +0200] "GET /design/img/ico/favicon.ico HTTP/1.1" 200 5430 "-" "Mozilla/5.0 (compatible; CensysInspect/1.1; +https://about.censys.io/)"
167.94.138.118 - - [27/Jul/2024:23:30:02 +0200] "GET /favicon.ico HTTP/1.1" 404 1010 "-" "Mozilla/5.0 (compatible; CensysInspect/1.1; +https://about.censys.io/)"
167.94.138.118 - - [27/Jul/2024:23:30:03 +0200] "GET / HTTP/1.1" 302 139 "-" "Mozilla/5.0 (compatible; CensysInspect/1.1; +https://about.censys.io/)"
205.210.31.82 - - [27/Jul/2024:23:30:10 +0200] "GET / HTTP/1.1" 302 139 "-" "Expanse, a Palo Alto Networks company, searches across the global IPv4 space multiple times per day to identify customers' presences on the Internet. If you would like to be excluded from our scans, please send IP addresses/domains to: scaninfo@paloaltonetworks.com"
127.0.0.1 - - [27/Jul/2024:23:30:11 +0200] "POST /v1/loginfail/ HTTP/1.1" 200 40 "-" "-"
205.210.31.82 - - [27/Jul/2024:23:30:11 +0200] "GET / HTTP/1.1" 200 24193 "http://80.65.208.110:2083/" "Expanse, a Palo Alto Networks company, searches across the global IPv4 space multiple times per day to identify customers' presences on the Internet. If you would like to be excluded from our scans, please send IP addresses/domains to: scaninfo@paloaltonetworks.com"
88.214.25.65 - - [27/Jul/2024:23:56:08 +0200] "\x03\x00\x00/*\xE0\x00\x00\x00\x00\x00Cookie: mstshash=Administr" 400 151 "-" "-"
179.60.147.13 - - [28/Jul/2024:00:10:06 +0200] "\x03\x00\x00/*\xE0\x00\x00\x00\x00\x00Cookie: mstshash=Administr" 400 151 "-" "-"
127.0.0.1 - - [28/Jul/2024:00:29:11 +0200] "POST /v1/loginfail/ HTTP/1.1" 200 40 "-" "-"
87.236.176.211 - - [28/Jul/2024:00:29:11 +0200] "GET / HTTP/1.1" 200 24193 "-" "Mozilla/5.0 (compatible; InternetMeasurement/1.0; +https://internet-measurement.com/)"
198.235.24.123 - - [28/Jul/2024:01:29:43 +0200] "GET / HTTP/1.1" 301 163 "-" "Expanse, a Palo Alto Networks company, searches across the global IPv4 space multiple times per day to identify customers' presences on the Internet. If you would like to be excluded from our scans, please send IP addresses/domains to: scaninfo@paloaltonetworks.com"
198.235.24.123 - - [28/Jul/2024:01:29:43 +0200] "GET / HTTP/1.1" 302 5 "http://80.65.208.110:2086/" "Expanse, a Palo Alto Networks company, searches across the global IPv4 space multiple times per day to identify customers' presences on the Internet. If you would like to be excluded from our scans, please send IP addresses/domains to: scaninfo@paloaltonetworks.com"
198.235.24.123 - - [28/Jul/2024:01:29:44 +0200] "GET /login/index.php HTTP/1.1" 200 1909 "-" "Expanse, a Palo Alto Networks company, searches across the global IPv4 space multiple times per day to identify customers' presences on the Internet. If you would like to be excluded from our scans, please send IP addresses/domains to: scaninfo@paloaltonetworks.com"
172.202.253.177 - - [28/Jul/2024:01:34:50 +0200] "MGLNDD_80.65.208.110_2095" 400 151 "-" "-"
198.235.24.64 - - [28/Jul/2024:02:04:23 +0200] "GET / HTTP/1.1" 302 139 "-" "Expanse, a Palo Alto Networks company, searches across the global IPv4 space multiple times per day to identify customers' presences on the Internet. If you would like to be excluded from our scans, please send IP addresses/domains to: scaninfo@paloaltonetworks.com"
198.235.24.64 - - [28/Jul/2024:02:04:24 +0200] "GET / HTTP/1.1" 302 5 "http://80.65.208.110:2087/" "Expanse, a Palo Alto Networks company, searches across the global IPv4 space multiple times per day to identify customers' presences on the Internet. If you would like to be excluded from our scans, please send IP addresses/domains to: scaninfo@paloaltonetworks.com"
198.235.24.64 - - [28/Jul/2024:02:04:24 +0200] "GET /login/index.php HTTP/1.1" 200 1909 "-" "Expanse, a Palo Alto Networks company, searches across the global IPv4 space multiple times per day to identify customers' presences on the Internet. If you would like to be excluded from our scans, please send IP addresses/domains to: scaninfo@paloaltonetworks.com"
87.236.176.186 - - [28/Jul/2024:02:29:45 +0200] "GET / HTTP/1.1" 302 5 "-" "Mozilla/5.0 (compatible; InternetMeasurement/1.0; +https://internet-measurement.com/)"
87.236.176.186 - - [28/Jul/2024:02:29:45 +0200] "GET /login/index.php HTTP/1.1" 200 1909 "https://80.65.208.110:2031" "Mozilla/5.0 (compatible; InternetMeasurement/1.0; +https://internet-measurement.com/)"
87.236.176.32 - - [28/Jul/2024:02:29:46 +0200] "GET /login/design/img/ico/favicon.ico HTTP/1.1" 200 5430 "-" "Mozilla/5.0 (compatible; InternetMeasurement/1.0; +https://internet-measurement.com/)"
91.238.181.35 - - [28/Jul/2024:02:46:56 +0200] "\x03\x00\x00/*\xE0\x00\x00\x00\x00\x00Cookie: mstshash=Administr" 400 151 "-" "-"
172.232.194.115 - - [28/Jul/2024:02:49:53 +0200] "" 400 0 "-" "-"
172.232.194.115 - - [28/Jul/2024:02:49:54 +0200] "GET / HTTP/1.0" 200 4963 "-" "-"
172.232.194.115 - - [28/Jul/2024:02:49:54 +0200] "OPTIONS / HTTP/1.0" 405 151 "-" "-"
172.232.194.115 - - [28/Jul/2024:02:49:54 +0200] "OPTIONS / RTSP/1.0" 400 151 "-" "-"
172.232.194.115 - - [28/Jul/2024:02:49:54 +0200] "\x80\x00\x00(r\xFE\x1D\x13\x00\x00\x00\x00\x00\x00\x00\x02\x00\x01\x86\xA0\x00\x01\x97|\x00\x00\x00\x00\x00\x00\x00\x00\x00\x00\x00\x00\x00\x00\x00\x00\x00\x00\x00\x00" 400 151 "-" "-"
172.232.194.115 - - [28/Jul/2024:02:49:55 +0200] "\x00\x1E\x00\x06\x01\x00\x00\x01\x00\x00\x00\x00\x00\x00\x07version\x04bind\x00\x00\x10\x00\x03" 400 151 "-" "-"
172.232.194.115 - - [28/Jul/2024:02:49:55 +0200] "HELP" 400 151 "-" "-"
172.232.194.115 - - [28/Jul/2024:02:49:55 +0200] "\x16\x03\x00\x00S\x01\x00\x00O\x03\x00?G\xD7\xF7\xBA,\xEE\xEA\xB2`~\xF3\x00\xFD\x82{\xB9\xD5\x96\xC8w\x9B\xE6\xC4\xDB<=\xDBo\xEF\x10n\x00\x00(\x00\x16\x00\x13\x00" 400 151 "-" "-"
172.232.194.115 - - [28/Jul/2024:02:49:55 +0200] "\x00\x00\x00\xA4\xFFSMBr\x00\x00\x00\x00\x08\x01@\x00\x00\x00\x00\x00\x00\x00\x00\x00\x00\x00\x00\x00\x00@\x06\x00\x00\x01\x00\x00\x81\x00\x02PC NETWORK PROGRAM 1.0\x00\x02MICROSOFT NETWORKS 1.03\x00\x02MICROSOFT NETWORKS 3.0\x00\x02LANMAN1.0\x00\x02LM1.2X002\x00\x02Samba\x00\x02NT LANMAN 1.0\x00\x02NT LM 0.12\x00" 400 151 "-" "-"
172.232.194.115 - - [28/Jul/2024:02:49:55 +0200] "GET /nice%20ports%2C/Tri%6Eity.txt%2ebak HTTP/1.0" 404 147 "-" "-"
172.232.194.115 - - [28/Jul/2024:02:49:56 +0200] "\x01default" 400 151 "-" "-"
172.232.194.115 - - [28/Jul/2024:02:49:56 +0200] "OPTIONS sip:nm SIP/2.0" 400 151 "-" "-"
172.232.194.115 - - [28/Jul/2024:02:49:56 +0200] "\x00Z\x00\x00\x01\x00\x00\x00\x016\x01,\x00\x00\x08\x00\x7F\xFF\x7F\x08\x00\x00\x00\x01\x00 \x00:\x00\x00\x00\x00\x00\x00\x00\x00\x00\x00\x00\x00\x00\x00\x00\x004\xE6\x00\x00\x00\x01\x00\x00\x00\x00\x00\x00\x00\x00(CONNECT_DATA=(COMMAND=version))" 400 151 "-" "-"
172.232.194.115 - - [28/Jul/2024:02:49:56 +0200] "\x05\x04\x00\x01\x02\x80\x05\x01\x00\x03" 400 151 "-" "-"
172.232.194.115 - - [28/Jul/2024:02:49:56 +0200] "GET /?CAVIT HTTP/1.1" 400 151 "-" "-"
172.232.194.115 - - [28/Jul/2024:02:49:57 +0200] "GET /odinhttpcall1722127796 HTTP/1.1" 404 147 "-" "Mozilla/5.0 (compatible; Odin; https://docs.getodin.com/)"
172.232.194.115 - - [28/Jul/2024:02:49:57 +0200] "t3 12.1.2" 400 151 "-" "-"
