49.43.152.226 - - [09/Aug/2024:12:47:35 +0200] "GET /moefccpc/cwp_theme/original/img/hu.png HTTP/1.1" 200 811 "https://80.65.208.110:2083/cwp_be0a2c247c4147f4/moefccpc/" "Mozilla/5.0 (Windows NT 10.0; Win64; x64) AppleWebKit/537.36 (KHTML, like Gecko) Chrome/127.0.0.0 Safari/537.36"
49.43.152.226 - - [09/Aug/2024:12:47:35 +0200] "GET /moefccpc/cwp_theme/original/img/it.png HTTP/1.1" 200 885 "https://80.65.208.110:2083/cwp_be0a2c247c4147f4/moefccpc/" "Mozilla/5.0 (Windows NT 10.0; Win64; x64) AppleWebKit/537.36 (KHTML, like Gecko) Chrome/127.0.0.0 Safari/537.36"
49.43.152.226 - - [09/Aug/2024:12:47:35 +0200] "GET /moefccpc/cwp_theme/original/img/id.png HTTP/1.1" 200 746 "https://80.65.208.110:2083/cwp_be0a2c247c4147f4/moefccpc/" "Mozilla/5.0 (Windows NT 10.0; Win64; x64) AppleWebKit/537.36 (KHTML, like Gecko) Chrome/127.0.0.0 Safari/537.36"
49.43.152.226 - - [09/Aug/2024:12:47:35 +0200] "GET /moefccpc/cwp_theme/original/img/ms.png HTTP/1.1" 200 859 "https://80.65.208.110:2083/cwp_be0a2c247c4147f4/moefccpc/" "Mozilla/5.0 (Windows NT 10.0; Win64; x64) AppleWebKit/537.36 (KHTML, like Gecko) Chrome/127.0.0.0 Safari/537.36"
49.43.152.226 - - [09/Aug/2024:12:47:35 +0200] "GET /moefccpc/cwp_theme/original/img/ja.png HTTP/1.1" 200 792 "https://80.65.208.110:2083/cwp_be0a2c247c4147f4/moefccpc/" "Mozilla/5.0 (Windows NT 10.0; Win64; x64) AppleWebKit/537.36 (KHTML, like Gecko) Chrome/127.0.0.0 Safari/537.36"
49.43.152.226 - - [09/Aug/2024:12:47:35 +0200] "GET /moefccpc/cwp_theme/original/img/nb.png HTTP/1.1" 200 1041 "https://80.65.208.110:2083/cwp_be0a2c247c4147f4/moefccpc/" "Mozilla/5.0 (Windows NT 10.0; Win64; x64) AppleWebKit/537.36 (KHTML, like Gecko) Chrome/127.0.0.0 Safari/537.36"
49.43.152.226 - - [09/Aug/2024:12:47:35 +0200] "GET /moefccpc/cwp_theme/original/img/nl.png HTTP/1.1" 200 295 "https://80.65.208.110:2083/cwp_be0a2c247c4147f4/moefccpc/" "Mozilla/5.0 (Windows NT 10.0; Win64; x64) AppleWebKit/537.36 (KHTML, like Gecko) Chrome/127.0.0.0 Safari/537.36"
49.43.152.226 - - [09/Aug/2024:12:47:35 +0200] "GET /moefccpc/cwp_theme/original/img/no.png HTTP/1.1" 200 1041 "https://80.65.208.110:2083/cwp_be0a2c247c4147f4/moefccpc/" "Mozilla/5.0 (Windows NT 10.0; Win64; x64) AppleWebKit/537.36 (KHTML, like Gecko) Chrome/127.0.0.0 Safari/537.36"
49.43.152.226 - - [09/Aug/2024:12:47:35 +0200] "GET /moefccpc/cwp_theme/original/img/pl.png HTTP/1.1" 200 815 "https://80.65.208.110:2083/cwp_be0a2c247c4147f4/moefccpc/" "Mozilla/5.0 (Windows NT 10.0; Win64; x64) AppleWebKit/537.36 (KHTML, like Gecko) Chrome/127.0.0.0 Safari/537.36"
49.43.152.226 - - [09/Aug/2024:12:47:35 +0200] "GET /moefccpc/cwp_theme/original/img/pt.png HTTP/1.1" 200 1299 "https://80.65.208.110:2083/cwp_be0a2c247c4147f4/moefccpc/" "Mozilla/5.0 (Windows NT 10.0; Win64; x64) AppleWebKit/537.36 (KHTML, like Gecko) Chrome/127.0.0.0 Safari/537.36"
49.43.152.226 - - [09/Aug/2024:12:47:35 +0200] "GET /moefccpc/cwp_theme/original/img/ru.png HTTP/1.1" 200 709 "https://80.65.208.110:2083/cwp_be0a2c247c4147f4/moefccpc/" "Mozilla/5.0 (Windows NT 10.0; Win64; x64) AppleWebKit/537.36 (KHTML, like Gecko) Chrome/127.0.0.0 Safari/537.36"
49.43.152.226 - - [09/Aug/2024:12:47:35 +0200] "GET /moefccpc/cwp_theme/original/img/ro.png HTTP/1.1" 200 937 "https://80.65.208.110:2083/cwp_be0a2c247c4147f4/moefccpc/" "Mozilla/5.0 (Windows NT 10.0; Win64; x64) AppleWebKit/537.36 (KHTML, like Gecko) Chrome/127.0.0.0 Safari/537.36"
49.43.152.226 - - [09/Aug/2024:12:47:35 +0200] "GET /moefccpc/cwp_theme/original/img/sl.png HTTP/1.1" 200 1013 "https://80.65.208.110:2083/cwp_be0a2c247c4147f4/moefccpc/" "Mozilla/5.0 (Windows NT 10.0; Win64; x64) AppleWebKit/537.36 (KHTML, like Gecko) Chrome/127.0.0.0 Safari/537.36"
49.43.152.226 - - [09/Aug/2024:12:47:35 +0200] "GET /moefccpc/cwp_theme/original/img/sv.png HTTP/1.1" 200 972 "https://80.65.208.110:2083/cwp_be0a2c247c4147f4/moefccpc/" "Mozilla/5.0 (Windows NT 10.0; Win64; x64) AppleWebKit/537.36 (KHTML, like Gecko) Chrome/127.0.0.0 Safari/537.36"
49.43.152.226 - - [09/Aug/2024:12:47:35 +0200] "GET /moefccpc/cwp_theme/original/img/ur.png HTTP/1.1" 200 1157 "https://80.65.208.110:2083/cwp_be0a2c247c4147f4/moefccpc/" "Mozilla/5.0 (Windows NT 10.0; Win64; x64) AppleWebKit/537.36 (KHTML, like Gecko) Chrome/127.0.0.0 Safari/537.36"
49.43.152.226 - - [09/Aug/2024:12:47:35 +0200] "GET /moefccpc/cwp_theme/original/img/uk.png HTTP/1.1" 200 831 "https://80.65.208.110:2083/cwp_be0a2c247c4147f4/moefccpc/" "Mozilla/5.0 (Windows NT 10.0; Win64; x64) AppleWebKit/537.36 (KHTML, like Gecko) Chrome/127.0.0.0 Safari/537.36"
49.43.152.226 - - [09/Aug/2024:12:47:35 +0200] "GET /moefccpc/cwp_theme/original/img/tr.png HTTP/1.1" 200 1168 "https://80.65.208.110:2083/cwp_be0a2c247c4147f4/moefccpc/" "Mozilla/5.0 (Windows NT 10.0; Win64; x64) AppleWebKit/537.36 (KHTML, like Gecko) Chrome/127.0.0.0 Safari/537.36"
49.43.152.226 - - [09/Aug/2024:12:47:35 +0200] "GET /moefccpc/cwp_theme/original/img/th.png HTTP/1.1" 200 859 "https://80.65.208.110:2083/cwp_be0a2c247c4147f4/moefccpc/" "Mozilla/5.0 (Windows NT 10.0; Win64; x64) AppleWebKit/537.36 (KHTML, like Gecko) Chrome/127.0.0.0 Safari/537.36"
49.43.152.226 - - [09/Aug/2024:12:47:35 +0200] "GET /moefccpc/cwp_theme/original/img/zh.png HTTP/1.1" 200 1061 "https://80.65.208.110:2083/cwp_be0a2c247c4147f4/moefccpc/" "Mozilla/5.0 (Windows NT 10.0; Win64; x64) AppleWebKit/537.36 (KHTML, like Gecko) Chrome/127.0.0.0 Safari/537.36"
49.43.152.226 - - [09/Aug/2024:12:47:35 +0200] "GET /moefccpc/cwp_theme/original/img/original.png HTTP/1.1" 200 14808 "https://80.65.208.110:2083/cwp_be0a2c247c4147f4/moefccpc/" "Mozilla/5.0 (Windows NT 10.0; Win64; x64) AppleWebKit/537.36 (KHTML, like Gecko) Chrome/127.0.0.0 Safari/537.36"
49.43.152.226 - - [09/Aug/2024:12:47:35 +0200] "GET /moefccpc/cwp_theme/original/img/darkpic.png HTTP/1.1" 200 5427 "https://80.65.208.110:2083/cwp_be0a2c247c4147f4/moefccpc/" "Mozilla/5.0 (Windows NT 10.0; Win64; x64) AppleWebKit/537.36 (KHTML, like Gecko) Chrome/127.0.0.0 Safari/537.36"
49.43.152.226 - - [09/Aug/2024:12:47:35 +0200] "GET /moefccpc/cwp_theme/original/img/appstore.png HTTP/1.1" 200 9865 "https://80.65.208.110:2083/cwp_be0a2c247c4147f4/moefccpc/" "Mozilla/5.0 (Windows NT 10.0; Win64; x64) AppleWebKit/537.36 (KHTML, like Gecko) Chrome/127.0.0.0 Safari/537.36"
49.43.152.226 - - [09/Aug/2024:12:47:35 +0200] "GET /moefccpc/cwp_theme/original/img/googleplay.png HTTP/1.1" 200 8152 "https://80.65.208.110:2083/cwp_be0a2c247c4147f4/moefccpc/" "Mozilla/5.0 (Windows NT 10.0; Win64; x64) AppleWebKit/537.36 (KHTML, like Gecko) Chrome/127.0.0.0 Safari/537.36"
49.43.152.226 - - [09/Aug/2024:12:47:36 +0200] "GET /moefccpc/cwp_theme/original/img/ico/favicon.ico HTTP/1.1" 200 5430 "https://80.65.208.110:2083/cwp_be0a2c247c4147f4/moefccpc/" "Mozilla/5.0 (Windows NT 10.0; Win64; x64) AppleWebKit/537.36 (KHTML, like Gecko) Chrome/127.0.0.0 Safari/537.36"
127.0.0.1 - - [09/Aug/2024:12:47:36 +0200] "POST /v1/uploadpackage/ HTTP/1.1" 200 142 "-" "-"
49.43.152.226 - - [09/Aug/2024:12:47:36 +0200] "POST /cwp_be0a2c247c4147f4/moefccpc/moefccpc/index.php?acc=disk_space HTTP/1.1" 200 100 "https://80.65.208.110:2083/cwp_be0a2c247c4147f4/moefccpc/" "Mozilla/5.0 (Windows NT 10.0; Win64; x64) AppleWebKit/537.36 (KHTML, like Gecko) Chrome/127.0.0.0 Safari/537.36"
127.0.0.1 - - [09/Aug/2024:12:47:45 +0200] "POST /v1/lang/ HTTP/1.1" 200 2160 "-" "-"
127.0.0.1 - - [09/Aug/2024:12:47:45 +0200] "POST /v1/generaluser/ HTTP/1.1" 200 425 "-" "-"
49.43.152.226 - - [09/Aug/2024:12:47:45 +0200] "GET /cwp_be0a2c247c4147f4/moefccpc/fileManager_v2.php HTTP/1.1" 200 75623 "https://80.65.208.110:2083/cwp_be0a2c247c4147f4/moefccpc/" "Mozilla/5.0 (Windows NT 10.0; Win64; x64) AppleWebKit/537.36 (KHTML, like Gecko) Chrome/127.0.0.0 Safari/537.36"
49.43.152.226 - - [09/Aug/2024:12:47:45 +0200] "GET /cwp_be0a2c247c4147f4/moefccpc/cwp_theme/original/js/bootstrapnew.js HTTP/1.1" 200 79425 "https://80.65.208.110:2083/cwp_be0a2c247c4147f4/moefccpc/fileManager_v2.php" "Mozilla/5.0 (Windows NT 10.0; Win64; x64) AppleWebKit/537.36 (KHTML, like Gecko) Chrome/127.0.0.0 Safari/537.36"
49.43.152.226 - - [09/Aug/2024:12:47:45 +0200] "GET /cwp_be0a2c247c4147f4/moefccpc/cwp_theme/original/js/jquery-2.1.1.min.js HTTP/1.1" 200 84249 "https://80.65.208.110:2083/cwp_be0a2c247c4147f4/moefccpc/fileManager_v2.php" "Mozilla/5.0 (Windows NT 10.0; Win64; x64) AppleWebKit/537.36 (KHTML, like Gecko) Chrome/127.0.0.0 Safari/537.36"
49.43.152.226 - - [09/Aug/2024:12:47:45 +0200] "GET /cwp_be0a2c247c4147f4/moefccpc/cwp_theme/original/font-awesome/css/font-awesome.css HTTP/1.1" 200 37414 "https://80.65.208.110:2083/cwp_be0a2c247c4147f4/moefccpc/fileManager_v2.php" "Mozilla/5.0 (Windows NT 10.0; Win64; x64) AppleWebKit/537.36 (KHTML, like Gecko) Chrome/127.0.0.0 Safari/537.36"
49.43.152.226 - - [09/Aug/2024:12:47:45 +0200] "GET /cwp_be0a2c247c4147f4/moefccpc/cwp_theme/original/css/bootstrapNew.css HTTP/1.1" 200 146255 "https://80.65.208.110:2083/cwp_be0a2c247c4147f4/moefccpc/fileManager_v2.php" "Mozilla/5.0 (Windows NT 10.0; Win64; x64) AppleWebKit/537.36 (KHTML, like Gecko) Chrome/127.0.0.0 Safari/537.36"
49.43.152.226 - - [09/Aug/2024:12:47:45 +0200] "GET /cwp_be0a2c247c4147f4/moefccpc/cwp_theme/original/css/filemanager.css HTTP/1.1" 200 4351 "https://80.65.208.110:2083/cwp_be0a2c247c4147f4/moefccpc/fileManager_v2.php" "Mozilla/5.0 (Windows NT 10.0; Win64; x64) AppleWebKit/537.36 (KHTML, like Gecko) Chrome/127.0.0.0 Safari/537.36"
49.43.152.226 - - [09/Aug/2024:12:47:45 +0200] "GET /cwp_be0a2c247c4147f4/moefccpc/cwp_theme/original/css/dropzone.css HTTP/1.1" 200 15605 "https://80.65.208.110:2083/cwp_be0a2c247c4147f4/moefccpc/fileManager_v2.php" "Mozilla/5.0 (Windows NT 10.0; Win64; x64) AppleWebKit/537.36 (KHTML, like Gecko) Chrome/127.0.0.0 Safari/537.36"
49.43.152.226 - - [09/Aug/2024:12:47:45 +0200] "GET /cwp_be0a2c247c4147f4/moefccpc/cwp_theme/original/css/loadingVue.css HTTP/1.1" 200 570 "https://80.65.208.110:2083/cwp_be0a2c247c4147f4/moefccpc/fileManager_v2.php" "Mozilla/5.0 (Windows NT 10.0; Win64; x64) AppleWebKit/537.36 (KHTML, like Gecko) Chrome/127.0.0.0 Safari/537.36"
49.43.152.226 - - [09/Aug/2024:12:47:45 +0200] "GET /cwp_be0a2c247c4147f4/moefccpc/cwp_theme/original/img/cwp_logo.png HTTP/1.1" 200 19922 "https://80.65.208.110:2083/cwp_be0a2c247c4147f4/moefccpc/fileManager_v2.php" "Mozilla/5.0 (Windows NT 10.0; Win64; x64) AppleWebKit/537.36 (KHTML, like Gecko) Chrome/127.0.0.0 Safari/537.36"
49.43.152.226 - - [09/Aug/2024:12:47:45 +0200] "GET /cwp_be0a2c247c4147f4/moefccpc/cwp_theme/original/js/axios.js HTTP/1.1" 200 72819 "https://80.65.208.110:2083/cwp_be0a2c247c4147f4/moefccpc/fileManager_v2.php" "Mozilla/5.0 (Windows NT 10.0; Win64; x64) AppleWebKit/537.36 (KHTML, like Gecko) Chrome/127.0.0.0 Safari/537.36"
49.43.152.226 - - [09/Aug/2024:12:47:45 +0200] "GET /cwp_be0a2c247c4147f4/moefccpc/cwp_theme/original/js/vue.js HTTP/1.1" 200 416869 "https://80.65.208.110:2083/cwp_be0a2c247c4147f4/moefccpc/fileManager_v2.php" "Mozilla/5.0 (Windows NT 10.0; Win64; x64) AppleWebKit/537.36 (KHTML, like Gecko) Chrome/127.0.0.0 Safari/537.36"
49.43.152.226 - - [09/Aug/2024:12:47:45 +0200] "GET /cwp_be0a2c247c4147f4/moefccpc/cwp_theme/original/js/context.js HTTP/1.1" 200 420 "https://80.65.208.110:2083/cwp_be0a2c247c4147f4/moefccpc/fileManager_v2.php" "Mozilla/5.0 (Windows NT 10.0; Win64; x64) AppleWebKit/537.36 (KHTML, like Gecko) Chrome/127.0.0.0 Safari/537.36"
49.43.152.226 - - [09/Aug/2024:12:47:45 +0200] "GET /cwp_be0a2c247c4147f4/moefccpc/cwp_theme/original/js/treeVue.js HTTP/1.1" 200 3154 "https://80.65.208.110:2083/cwp_be0a2c247c4147f4/moefccpc/fileManager_v2.php" "Mozilla/5.0 (Windows NT 10.0; Win64; x64) AppleWebKit/537.36 (KHTML, like Gecko) Chrome/127.0.0.0 Safari/537.36"
49.43.152.226 - - [09/Aug/2024:12:47:45 +0200] "GET /cwp_be0a2c247c4147f4/moefccpc/cwp_theme/original/js/dropzone.js HTTP/1.1" 200 146540 "https://80.65.208.110:2083/cwp_be0a2c247c4147f4/moefccpc/fileManager_v2.php" "Mozilla/5.0 (Windows NT 10.0; Win64; x64) AppleWebKit/537.36 (KHTML, like Gecko) Chrome/127.0.0.0 Safari/537.36"
49.43.152.226 - - [09/Aug/2024:12:47:45 +0200] "GET /cwp_be0a2c247c4147f4/moefccpc/cwp_theme/original/js/loadingVue.js HTTP/1.1" 200 8513 "https://80.65.208.110:2083/cwp_be0a2c247c4147f4/moefccpc/fileManager_v2.php" "Mozilla/5.0 (Windows NT 10.0; Win64; x64) AppleWebKit/537.36 (KHTML, like Gecko) Chrome/127.0.0.0 Safari/537.36"
49.43.152.226 - - [09/Aug/2024:12:47:45 +0200] "GET /cwp_be0a2c247c4147f4/moefccpc/cwp_theme/original/js/formdrop.js HTTP/1.1" 200 11866 "https://80.65.208.110:2083/cwp_be0a2c247c4147f4/moefccpc/fileManager_v2.php" "Mozilla/5.0 (Windows NT 10.0; Win64; x64) AppleWebKit/537.36 (KHTML, like Gecko) Chrome/127.0.0.0 Safari/537.36"
49.43.152.226 - - [09/Aug/2024:12:47:45 +0200] "GET /cwp_be0a2c247c4147f4/moefccpc/cwp_theme/original/font-awesome/fonts/fontawesome-webfont.woff2?v=4.7.0 HTTP/1.1" 200 77160 "https://80.65.208.110:2083/cwp_be0a2c247c4147f4/moefccpc/cwp_theme/original/font-awesome/css/font-awesome.css" "Mozilla/5.0 (Windows NT 10.0; Win64; x64) AppleWebKit/537.36 (KHTML, like Gecko) Chrome/127.0.0.0 Safari/537.36"
127.0.0.1 - - [09/Aug/2024:12:47:46 +0200] "POST /v1/user_panel_dashboard/ HTTP/1.1" 200 4998 "-" "-"
127.0.0.1 - - [09/Aug/2024:12:47:46 +0200] "POST /v1/iduser/ HTTP/1.1" 200 3145 "-" "-"
127.0.0.1 - - [09/Aug/2024:12:47:46 +0200] "POST /v1/iduser/ HTTP/1.1" 200 3145 "-" "-"
49.43.152.226 - - [09/Aug/2024:12:47:46 +0200] "GET /cwp_be0a2c247c4147f4/moefccpc/moefccpc/index.php?module=filemanager&resolveIds=1&acc=listFiles¤tDir=/home/moefccpc/ HTTP/1.1" 200 3632 "https://80.65.208.110:2083/cwp_be0a2c247c4147f4/moefccpc/fileManager_v2.php" "Mozilla/5.0 (Windows NT 10.0; Win64; x64) AppleWebKit/537.36 (KHTML, like Gecko) Chrome/127.0.0.0 Safari/537.36"
127.0.0.1 - - [09/Aug/2024:12:47:46 +0200] "POST /v1/user_panel_dashboard/ HTTP/1.1" 200 4998 "-" "-"
127.0.0.1 - - [09/Aug/2024:12:47:46 +0200] "POST /v1/iduser/ HTTP/1.1" 200 3145 "-" "-"
127.0.0.1 - - [09/Aug/2024:12:47:46 +0200] "POST /v1/iduser/ HTTP/1.1" 200 3145 "-" "-"
49.43.152.226 - - [09/Aug/2024:12:47:46 +0200] "GET /cwp_be0a2c247c4147f4/moefccpc/moefccpc/index.php?module=filemanager&acc=lisFolder&dir=/home/moefccpc/ HTTP/1.1" 200 1570 "https://80.65.208.110:2083/cwp_be0a2c247c4147f4/moefccpc/fileManager_v2.php" "Mozilla/5.0 (Windows NT 10.0; Win64; x64) AppleWebKit/537.36 (KHTML, like Gecko) Chrome/127.0.0.0 Safari/537.36"
127.0.0.1 - - [09/Aug/2024:12:47:50 +0200] "POST /v1/user_panel_dashboard/ HTTP/1.1" 200 4998 "-" "-"
127.0.0.1 - - [09/Aug/2024:12:47:50 +0200] "POST /v1/iduser/ HTTP/1.1" 200 3145 "-" "-"
127.0.0.1 - - [09/Aug/2024:12:47:50 +0200] "POST /v1/iduser/ HTTP/1.1" 200 3145 "-" "-"
49.43.152.226 - - [09/Aug/2024:12:47:50 +0200] "GET /cwp_be0a2c247c4147f4/moefccpc/moefccpc/index.php?module=filemanager&resolveIds=1&acc=listFiles¤tDir=/home/moefccpc/public_html HTTP/1.1" 200 15041 "https://80.65.208.110:2083/cwp_be0a2c247c4147f4/moefccpc/fileManager_v2.php" "Mozilla/5.0 (Windows NT 10.0; Win64; x64) AppleWebKit/537.36 (KHTML, like Gecko) Chrome/127.0.0.0 Safari/537.36"
127.0.0.1 - - [09/Aug/2024:12:48:04 +0200] "POST /v1/user_panel_dashboard/ HTTP/1.1" 200 4998 "-" "-"
127.0.0.1 - - [09/Aug/2024:12:48:04 +0200] "POST /v1/iduser/ HTTP/1.1" 200 3145 "-" "-"
127.0.0.1 - - [09/Aug/2024:12:48:04 +0200] "POST /v1/iduser/ HTTP/1.1" 200 3145 "-" "-"
49.43.152.226 - - [09/Aug/2024:12:48:06 +0200] "POST /cwp_be0a2c247c4147f4/moefccpc/moefccpc/index.php?module=filemanager&acc=compressFile HTTP/1.1" 200 5 "https://80.65.208.110:2083/cwp_be0a2c247c4147f4/moefccpc/fileManager_v2.php" "Mozilla/5.0 (Windows NT 10.0; Win64; x64) AppleWebKit/537.36 (KHTML, like Gecko) Chrome/127.0.0.0 Safari/537.36"
127.0.0.1 - - [09/Aug/2024:12:48:07 +0200] "POST /v1/user_panel_dashboard/ HTTP/1.1" 200 4998 "-" "-"
127.0.0.1 - - [09/Aug/2024:12:48:07 +0200] "POST /v1/iduser/ HTTP/1.1" 200 3145 "-" "-"
127.0.0.1 - - [09/Aug/2024:12:48:07 +0200] "POST /v1/iduser/ HTTP/1.1" 200 3145 "-" "-"
49.43.152.226 - - [09/Aug/2024:12:48:07 +0200] "GET /cwp_be0a2c247c4147f4/moefccpc/moefccpc/index.php?module=filemanager&resolveIds=1&acc=listFiles¤tDir=/home/moefccpc/public_html HTTP/1.1" 200 15499 "https://80.65.208.110:2083/cwp_be0a2c247c4147f4/moefccpc/fileManager_v2.php" "Mozilla/5.0 (Windows NT 10.0; Win64; x64) AppleWebKit/537.36 (KHTML, like Gecko) Chrome/127.0.0.0 Safari/537.36"
49.43.152.226 - - [09/Aug/2024:12:48:47 +0200] "GET /cwp_be0a2c247c4147f4/moefccpc/moefccpc/fileManager_v2.php?action=download&file=/home/moefccpc/public_html/name111.zip HTTP/1.1" 200 88239505 "https://80.65.208.110:2083/cwp_be0a2c247c4147f4/moefccpc/fileManager_v2.php" "Mozilla/5.0 (Windows NT 10.0; Win64; x64) AppleWebKit/537.36 (KHTML, like Gecko) Chrome/127.0.0.0 Safari/537.36"
127.0.0.1 - - [09/Aug/2024:12:49:01 +0200] "POST /v1/user_panel_dashboard/ HTTP/1.1" 200 4998 "-" "-"
127.0.0.1 - - [09/Aug/2024:12:49:01 +0200] "POST /v1/iduser/ HTTP/1.1" 200 3145 "-" "-"
127.0.0.1 - - [09/Aug/2024:12:49:01 +0200] "POST /v1/iduser/ HTTP/1.1" 200 3145 "-" "-"
49.43.152.226 - - [09/Aug/2024:12:49:01 +0200] "POST /cwp_be0a2c247c4147f4/moefccpc/moefccpc/index.php?module=filemanager&acc=remove HTTP/1.1" 200 5 "https://80.65.208.110:2083/cwp_be0a2c247c4147f4/moefccpc/fileManager_v2.php" "Mozilla/5.0 (Windows NT 10.0; Win64; x64) AppleWebKit/537.36 (KHTML, like Gecko) Chrome/127.0.0.0 Safari/537.36"
127.0.0.1 - - [09/Aug/2024:12:49:01 +0200] "POST /v1/user_panel_dashboard/ HTTP/1.1" 200 4998 "-" "-"
127.0.0.1 - - [09/Aug/2024:12:49:02 +0200] "POST /v1/iduser/ HTTP/1.1" 200 3145 "-" "-"
127.0.0.1 - - [09/Aug/2024:12:49:02 +0200] "POST /v1/iduser/ HTTP/1.1" 200 3145 "-" "-"
49.43.152.226 - - [09/Aug/2024:12:49:02 +0200] "GET /cwp_be0a2c247c4147f4/moefccpc/moefccpc/index.php?module=filemanager&resolveIds=1&acc=listFiles¤tDir=/home/moefccpc/public_html HTTP/1.1" 200 15048 "https://80.65.208.110:2083/cwp_be0a2c247c4147f4/moefccpc/fileManager_v2.php" "Mozilla/5.0 (Windows NT 10.0; Win64; x64) AppleWebKit/537.36 (KHTML, like Gecko) Chrome/127.0.0.0 Safari/537.36"
127.0.0.1 - - [09/Aug/2024:12:49:08 +0200] "POST /v1/user_panel_dashboard/ HTTP/1.1" 200 4998 "-" "-"
127.0.0.1 - - [09/Aug/2024:12:49:08 +0200] "POST /v1/iduser/ HTTP/1.1" 200 3145 "-" "-"
127.0.0.1 - - [09/Aug/2024:12:49:08 +0200] "POST /v1/iduser/ HTTP/1.1" 200 3145 "-" "-"
49.43.152.226 - - [09/Aug/2024:12:49:10 +0200] "POST /cwp_be0a2c247c4147f4/moefccpc/moefccpc/index.php?module=filemanager&acc=removeMultiple HTTP/1.1" 200 5 "https://80.65.208.110:2083/cwp_be0a2c247c4147f4/moefccpc/fileManager_v2.php" "Mozilla/5.0 (Windows NT 10.0; Win64; x64) AppleWebKit/537.36 (KHTML, like Gecko) Chrome/127.0.0.0 Safari/537.36"
127.0.0.1 - - [09/Aug/2024:12:49:11 +0200] "POST /v1/user_panel_dashboard/ HTTP/1.1" 200 4998 "-" "-"
127.0.0.1 - - [09/Aug/2024:12:49:11 +0200] "POST /v1/iduser/ HTTP/1.1" 200 3145 "-" "-"
127.0.0.1 - - [09/Aug/2024:12:49:11 +0200] "POST /v1/iduser/ HTTP/1.1" 200 3145 "-" "-"
49.43.152.226 - - [09/Aug/2024:12:49:11 +0200] "GET /cwp_be0a2c247c4147f4/moefccpc/moefccpc/index.php?module=filemanager&resolveIds=1&acc=listFiles¤tDir=/home/moefccpc/public_html HTTP/1.1" 200 64 "https://80.65.208.110:2083/cwp_be0a2c247c4147f4/moefccpc/fileManager_v2.php" "Mozilla/5.0 (Windows NT 10.0; Win64; x64) AppleWebKit/537.36 (KHTML, like Gecko) Chrome/127.0.0.0 Safari/537.36"
127.0.0.1 - - [09/Aug/2024:12:50:18 +0200] "POST /v1/user_panel_dashboard/ HTTP/1.1" 200 4998 "-" "-"
127.0.0.1 - - [09/Aug/2024:12:50:18 +0200] "POST /v1/iduser/ HTTP/1.1" 200 3145 "-" "-"
127.0.0.1 - - [09/Aug/2024:12:50:18 +0200] "POST /v1/iduser/ HTTP/1.1" 200 3145 "-" "-"
49.43.152.226 - - [09/Aug/2024:12:50:18 +0200] "POST /cwp_be0a2c247c4147f4/moefccpc/moefccpc/index.php?module=filemanager&acc=createFile HTTP/1.1" 200 5 "https://80.65.208.110:2083/cwp_be0a2c247c4147f4/moefccpc/fileManager_v2.php" "Mozilla/5.0 (Windows NT 10.0; Win64; x64) AppleWebKit/537.36 (KHTML, like Gecko) Chrome/127.0.0.0 Safari/537.36"
127.0.0.1 - - [09/Aug/2024:12:50:19 +0200] "POST /v1/user_panel_dashboard/ HTTP/1.1" 200 4998 "-" "-"
127.0.0.1 - - [09/Aug/2024:12:50:19 +0200] "POST /v1/iduser/ HTTP/1.1" 200 3145 "-" "-"
127.0.0.1 - - [09/Aug/2024:12:50:19 +0200] "POST /v1/iduser/ HTTP/1.1" 200 3145 "-" "-"
49.43.152.226 - - [09/Aug/2024:12:50:19 +0200] "GET /cwp_be0a2c247c4147f4/moefccpc/moefccpc/index.php?module=filemanager&resolveIds=1&acc=listFiles¤tDir=/home/moefccpc/public_html HTTP/1.1" 200 516 "https://80.65.208.110:2083/cwp_be0a2c247c4147f4/moefccpc/fileManager_v2.php" "Mozilla/5.0 (Windows NT 10.0; Win64; x64) AppleWebKit/537.36 (KHTML, like Gecko) Chrome/127.0.0.0 Safari/537.36"
127.0.0.1 - - [09/Aug/2024:12:50:58 +0200] "POST /v1/user_panel_dashboard/ HTTP/1.1" 200 4998 "-" "-"
127.0.0.1 - - [09/Aug/2024:12:50:58 +0200] "POST /v1/iduser/ HTTP/1.1" 200 3145 "-" "-"
127.0.0.1 - - [09/Aug/2024:12:50:58 +0200] "POST /v1/iduser/ HTTP/1.1" 200 3145 "-" "-"
49.43.152.226 - - [09/Aug/2024:12:50:58 +0200] "GET /cwp_be0a2c247c4147f4/moefccpc/moefccpc/index.php?module=filemanager&resolveIds=1&acc=listFiles¤tDir=/home/moefccpc/public_html/ HTTP/1.1" 200 516 "https://80.65.208.110:2083/cwp_be0a2c247c4147f4/moefccpc/fileManager_v2.php" "Mozilla/5.0 (Windows NT 10.0; Win64; x64) AppleWebKit/537.36 (KHTML, like Gecko) Chrome/127.0.0.0 Safari/537.36"
127.0.0.1 - - [09/Aug/2024:12:50:59 +0200] "POST /v1/user_panel_dashboard/ HTTP/1.1" 200 4998 "-" "-"
127.0.0.1 - - [09/Aug/2024:12:50:59 +0200] "POST /v1/iduser/ HTTP/1.1" 200 3145 "-" "-"
127.0.0.1 - - [09/Aug/2024:12:50:59 +0200] "POST /v1/iduser/ HTTP/1.1" 200 3145 "-" "-"
49.43.152.226 - - [09/Aug/2024:12:50:59 +0200] "GET /cwp_be0a2c247c4147f4/moefccpc/moefccpc/index.php?module=filemanager&acc=lisSub&dir=/home/moefccpc/public_html/ HTTP/1.1" 200 28 "https://80.65.208.110:2083/cwp_be0a2c247c4147f4/moefccpc/fileManager_v2.php" "Mozilla/5.0 (Windows NT 10.0; Win64; x64) AppleWebKit/537.36 (KHTML, like Gecko) Chrome/127.0.0.0 Safari/537.36"
127.0.0.1 - - [09/Aug/2024:12:56:16 +0200] "POST /v1/user_panel_dashboard/ HTTP/1.1" 200 4998 "-" "-"
127.0.0.1 - - [09/Aug/2024:12:56:16 +0200] "POST /v1/iduser/ HTTP/1.1" 200 3145 "-" "-"
127.0.0.1 - - [09/Aug/2024:12:56:16 +0200] "POST /v1/iduser/ HTTP/1.1" 200 3145 "-" "-"
49.43.152.226 - - [09/Aug/2024:12:56:16 +0200] "POST /cwp_be0a2c247c4147f4/moefccpc/moefccpc/index.php?module=filemanager&acc=remove HTTP/1.1" 200 5 "https://80.65.208.110:2083/cwp_be0a2c247c4147f4/moefccpc/fileManager_v2.php" "Mozilla/5.0 (Windows NT 10.0; Win64; x64) AppleWebKit/537.36 (KHTML, like Gecko) Chrome/127.0.0.0 Safari/537.36"
127.0.0.1 - - [09/Aug/2024:12:56:17 +0200] "POST /v1/user_panel_dashboard/ HTTP/1.1" 200 4998 "-" "-"
127.0.0.1 - - [09/Aug/2024:12:56:17 +0200] "POST /v1/iduser/ HTTP/1.1" 200 3145 "-" "-"
127.0.0.1 - - [09/Aug/2024:12:56:17 +0200] "POST /v1/iduser/ HTTP/1.1" 200 3145 "-" "-"
49.43.152.226 - - [09/Aug/2024:12:56:17 +0200] "GET /cwp_be0a2c247c4147f4/moefccpc/moefccpc/index.php?module=filemanager&resolveIds=1&acc=listFiles¤tDir=/home/moefccpc/public_html/ HTTP/1.1" 200 64 "https://80.65.208.110:2083/cwp_be0a2c247c4147f4/moefccpc/fileManager_v2.php" "Mozilla/5.0 (Windows NT 10.0; Win64; x64) AppleWebKit/537.36 (KHTML, like Gecko) Chrome/127.0.0.0 Safari/537.36"
127.0.0.1 - - [09/Aug/2024:12:56:17 +0200] "POST /v1/user_panel_dashboard/ HTTP/1.1" 200 4998 "-" "-"
127.0.0.1 - - [09/Aug/2024:12:56:17 +0200] "POST /v1/iduser/ HTTP/1.1" 200 3145 "-" "-"
127.0.0.1 - - [09/Aug/2024:12:56:17 +0200] "POST /v1/iduser/ HTTP/1.1" 200 3145 "-" "-"
49.43.152.226 - - [09/Aug/2024:12:56:17 +0200] "GET /cwp_be0a2c247c4147f4/moefccpc/moefccpc/index.php?module=filemanager&acc=lisSub&dir=/home/moefccpc/public_html/ HTTP/1.1" 200 28 "https://80.65.208.110:2083/cwp_be0a2c247c4147f4/moefccpc/fileManager_v2.php" "Mozilla/5.0 (Windows NT 10.0; Win64; x64) AppleWebKit/537.36 (KHTML, like Gecko) Chrome/127.0.0.0 Safari/537.36"
127.0.0.1 - - [09/Aug/2024:12:56:33 +0200] "POST /v1/user_panel_dashboard/ HTTP/1.1" 200 4998 "-" "-"
127.0.0.1 - - [09/Aug/2024:12:56:33 +0200] "POST /v1/iduser/ HTTP/1.1" 200 3145 "-" "-"
127.0.0.1 - - [09/Aug/2024:12:56:33 +0200] "POST /v1/iduser/ HTTP/1.1" 200 3145 "-" "-"
49.43.152.226 - - [09/Aug/2024:12:56:33 +0200] "POST /cwp_be0a2c247c4147f4/moefccpc/moefccpc/index.php?module=filemanager&acc=uploadFiles¤tPath=/home/moefccpc/public_html/ HTTP/1.1" 200 5 "https://80.65.208.110:2083/cwp_be0a2c247c4147f4/moefccpc/fileManager_v2.php" "Mozilla/5.0 (Windows NT 10.0; Win64; x64) AppleWebKit/537.36 (KHTML, like Gecko) Chrome/127.0.0.0 Safari/537.36"
127.0.0.1 - - [09/Aug/2024:12:56:35 +0200] "POST /v1/user_panel_dashboard/ HTTP/1.1" 200 4998 "-" "-"
127.0.0.1 - - [09/Aug/2024:12:56:35 +0200] "POST /v1/iduser/ HTTP/1.1" 200 3145 "-" "-"
127.0.0.1 - - [09/Aug/2024:12:56:35 +0200] "POST /v1/iduser/ HTTP/1.1" 200 3145 "-" "-"
49.43.152.226 - - [09/Aug/2024:12:56:35 +0200] "GET /cwp_be0a2c247c4147f4/moefccpc/moefccpc/index.php?module=filemanager&resolveIds=1&acc=listFiles¤tDir=/home/moefccpc/public_html/ HTTP/1.1" 200 510 "https://80.65.208.110:2083/cwp_be0a2c247c4147f4/moefccpc/fileManager_v2.php" "Mozilla/5.0 (Windows NT 10.0; Win64; x64) AppleWebKit/537.36 (KHTML, like Gecko) Chrome/127.0.0.0 Safari/537.36"
49.43.152.226 - - [09/Aug/2024:12:56:54 +0200] "GET /cwp_be0a2c247c4147f4/moefccpc/codeEditor.php?filename=/home/moefccpc/public_html/index.php HTTP/1.1" 200 14688 "https://80.65.208.110:2083/cwp_be0a2c247c4147f4/moefccpc/fileManager_v2.php" "Mozilla/5.0 (Windows NT 10.0; Win64; x64) AppleWebKit/537.36 (KHTML, like Gecko) Chrome/127.0.0.0 Safari/537.36"
49.43.152.226 - - [09/Aug/2024:12:56:54 +0200] "GET /cwp_be0a2c247c4147f4/moefccpc/cwp_theme/original/css/bootstrapNew.css HTTP/1.1" 200 146255 "https://80.65.208.110:2083/cwp_be0a2c247c4147f4/moefccpc/codeEditor.php?filename=/home/moefccpc/public_html/index.php" "Mozilla/5.0 (Windows NT 10.0; Win64; x64) AppleWebKit/537.36 (KHTML, like Gecko) Chrome/127.0.0.0 Safari/537.36"
49.43.152.226 - - [09/Aug/2024:12:56:54 +0200] "GET /cwp_be0a2c247c4147f4/moefccpc/cwp_theme/original/font-awesome/css/font-awesome.css HTTP/1.1" 200 37414 "https://80.65.208.110:2083/cwp_be0a2c247c4147f4/moefccpc/codeEditor.php?filename=/home/moefccpc/public_html/index.php" "Mozilla/5.0 (Windows NT 10.0; Win64; x64) AppleWebKit/537.36 (KHTML, like Gecko) Chrome/127.0.0.0 Safari/537.36"
49.43.152.226 - - [09/Aug/2024:12:56:54 +0200] "GET /cwp_be0a2c247c4147f4/moefccpc/cwp_theme/original/js/plugins/codemirror/addons/dialog/dialog.css HTTP/1.1" 200 527 "https://80.65.208.110:2083/cwp_be0a2c247c4147f4/moefccpc/codeEditor.php?filename=/home/moefccpc/public_html/index.php" "Mozilla/5.0 (Windows NT 10.0; Win64; x64) AppleWebKit/537.36 (KHTML, like Gecko) Chrome/127.0.0.0 Safari/537.36"
49.43.152.226 - - [09/Aug/2024:12:56:54 +0200] "GET /cwp_be0a2c247c4147f4/moefccpc/cwp_theme/original/css/main.css HTTP/1.1" 200 168815 "https://80.65.208.110:2083/cwp_be0a2c247c4147f4/moefccpc/codeEditor.php?filename=/home/moefccpc/public_html/index.php" "Mozilla/5.0 (Windows NT 10.0; Win64; x64) AppleWebKit/537.36 (KHTML, like Gecko) Chrome/127.0.0.0 Safari/537.36"
49.43.152.226 - - [09/Aug/2024:12:56:55 +0200] "GET /cwp_be0a2c247c4147f4/moefccpc/cwp_theme/original/js/plugins/codemirror/addons/display/fullscreen.css HTTP/1.1" 200 119 "https://80.65.208.110:2083/cwp_be0a2c247c4147f4/moefccpc/codeEditor.php?filename=/home/moefccpc/public_html/index.php" "Mozilla/5.0 (Windows NT 10.0; Win64; x64) AppleWebKit/537.36 (KHTML, like Gecko) Chrome/127.0.0.0 Safari/537.36"
49.43.152.226 - - [09/Aug/2024:12:56:55 +0200] "GET /cwp_be0a2c247c4147f4/moefccpc/cwp_theme/original/css/plugins/toastr/toastr.min.css HTTP/1.1" 200 6661 "https://80.65.208.110:2083/cwp_be0a2c247c4147f4/moefccpc/codeEditor.php?filename=/home/moefccpc/public_html/index.php" "Mozilla/5.0 (Windows NT 10.0; Win64; x64) AppleWebKit/537.36 (KHTML, like Gecko) Chrome/127.0.0.0 Safari/537.36"
49.43.152.226 - - [09/Aug/2024:12:56:55 +0200] "GET /cwp_be0a2c247c4147f4/moefccpc/cwp_theme/original/js/plugins/toastr/toastr.min.js HTTP/1.1" 200 4321 "https://80.65.208.110:2083/cwp_be0a2c247c4147f4/moefccpc/codeEditor.php?filename=/home/moefccpc/public_html/index.php" "Mozilla/5.0 (Windows NT 10.0; Win64; x64) AppleWebKit/537.36 (KHTML, like Gecko) Chrome/127.0.0.0 Safari/537.36"
49.43.152.226 - - [09/Aug/2024:12:56:55 +0200] "GET /cwp_be0a2c247c4147f4/moefccpc/cwp_theme/original/js/plugins/codemirror/addons/mode/loadmode.js HTTP/1.1" 200 2277 "https://80.65.208.110:2083/cwp_be0a2c247c4147f4/moefccpc/codeEditor.php?filename=/home/moefccpc/public_html/index.php" "Mozilla/5.0 (Windows NT 10.0; Win64; x64) AppleWebKit/537.36 (KHTML, like Gecko) Chrome/127.0.0.0 Safari/537.36"
49.43.152.226 - - [09/Aug/2024:12:56:55 +0200] "GET /cwp_be0a2c247c4147f4/moefccpc/cwp_theme/original/js/plugins/codemirror/lang/php/php.js HTTP/1.1" 200 17661 "https://80.65.208.110:2083/cwp_be0a2c247c4147f4/moefccpc/codeEditor.php?filename=/home/moefccpc/public_html/index.php" "Mozilla/5.0 (Windows NT 10.0; Win64; x64) AppleWebKit/537.36 (KHTML, like Gecko) Chrome/127.0.0.0 Safari/537.36"
49.43.152.226 - - [09/Aug/2024:12:56:55 +0200] "GET /cwp_be0a2c247c4147f4/moefccpc/cwp_theme/original/js/plugins/codemirror/lang/htmlmixed/htmlmixed.js HTTP/1.1" 200 5008 "https://80.65.208.110:2083/cwp_be0a2c247c4147f4/moefccpc/codeEditor.php?filename=/home/moefccpc/public_html/index.php" "Mozilla/5.0 (Windows NT 10.0; Win64; x64) AppleWebKit/537.36 (KHTML, like Gecko) Chrome/127.0.0.0 Safari/537.36"
49.43.152.226 - - [09/Aug/2024:12:56:55 +0200] "GET /cwp_be0a2c247c4147f4/moefccpc/cwp_theme/original/js/plugins/codemirror/codemirror.js HTTP/1.1" 200 313575 "https://80.65.208.110:2083/cwp_be0a2c247c4147f4/moefccpc/codeEditor.php?filename=/home/moefccpc/public_html/index.php" "Mozilla/5.0 (Windows NT 10.0; Win64; x64) AppleWebKit/537.36 (KHTML, like Gecko) Chrome/127.0.0.0 Safari/537.36"
49.43.152.226 - - [09/Aug/2024:12:56:55 +0200] "GET /cwp_be0a2c247c4147f4/moefccpc/cwp_theme/original/js/plugins/codemirror/lang/clike/clike.js HTTP/1.1" 200 18939 "https://80.65.208.110:2083/cwp_be0a2c247c4147f4/moefccpc/codeEditor.php?filename=/home/moefccpc/public_html/index.php" "Mozilla/5.0 (Windows NT 10.0; Win64; x64) AppleWebKit/537.36 (KHTML, like Gecko) Chrome/127.0.0.0 Safari/537.36"
49.43.152.226 - - [09/Aug/2024:12:56:55 +0200] "GET /cwp_be0a2c247c4147f4/moefccpc/cwp_theme/original/js/plugins/codemirror/lang/xml/xml.js HTTP/1.1" 200 12375 "https://80.65.208.110:2083/cwp_be0a2c247c4147f4/moefccpc/codeEditor.php?filename=/home/moefccpc/public_html/index.php" "Mozilla/5.0 (Windows NT 10.0; Win64; x64) AppleWebKit/537.36 (KHTML, like Gecko) Chrome/127.0.0.0 Safari/537.36"
49.43.152.226 - - [09/Aug/2024:12:56:55 +0200] "GET /cwp_be0a2c247c4147f4/moefccpc/cwp_theme/original/js/plugins/codemirror/lang/css/css.js HTTP/1.1" 200 31664 "https://80.65.208.110:2083/cwp_be0a2c247c4147f4/moefccpc/codeEditor.php?filename=/home/moefccpc/public_html/index.php" "Mozilla/5.0 (Windows NT 10.0; Win64; x64) AppleWebKit/537.36 (KHTML, like Gecko) Chrome/127.0.0.0 Safari/537.36"
49.43.152.226 - - [09/Aug/2024:12:56:55 +0200] "GET /cwp_be0a2c247c4147f4/moefccpc/cwp_theme/original/css/plugins.css HTTP/1.1" 200 307582 "https://80.65.208.110:2083/cwp_be0a2c247c4147f4/moefccpc/codeEditor.php?filename=/home/moefccpc/public_html/index.php" "Mozilla/5.0 (Windows NT 10.0; Win64; x64) AppleWebKit/537.36 (KHTML, like Gecko) Chrome/127.0.0.0 Safari/537.36"
49.43.152.226 - - [09/Aug/2024:12:56:55 +0200] "GET /cwp_be0a2c247c4147f4/moefccpc/cwp_theme/original/js/plugins/codemirror/lang/javascript/javascript.js HTTP/1.1" 200 26092 "https://80.65.208.110:2083/cwp_be0a2c247c4147f4/moefccpc/codeEditor.php?filename=/home/moefccpc/public_html/index.php" "Mozilla/5.0 (Windows NT 10.0; Win64; x64) AppleWebKit/537.36 (KHTML, like Gecko) Chrome/127.0.0.0 Safari/537.36"
49.43.152.226 - - [09/Aug/2024:12:56:55 +0200] "GET /cwp_be0a2c247c4147f4/moefccpc/cwp_theme/original/js/plugins/codemirror/addons/selection/active-line.js HTTP/1.1" 200 2442 "https://80.65.208.110:2083/cwp_be0a2c247c4147f4/moefccpc/codeEditor.php?filename=/home/moefccpc/public_html/index.php" "Mozilla/5.0 (Windows NT 10.0; Win64; x64) AppleWebKit/537.36 (KHTML, like Gecko) Chrome/127.0.0.0 Safari/537.36"
49.43.152.226 - - [09/Aug/2024:12:56:55 +0200] "GET /cwp_be0a2c247c4147f4/moefccpc/cwp_theme/original/js/plugins/codemirror/addons/dialog/dialog.js HTTP/1.1" 200 5038 "https://80.65.208.110:2083/cwp_be0a2c247c4147f4/moefccpc/codeEditor.php?filename=/home/moefccpc/public_html/index.php" "Mozilla/5.0 (Windows NT 10.0; Win64; x64) AppleWebKit/537.36 (KHTML, like Gecko) Chrome/127.0.0.0 Safari/537.36"
49.43.152.226 - - [09/Aug/2024:12:56:55 +0200] "GET /cwp_be0a2c247c4147f4/moefccpc/cwp_theme/original/js/plugins/codemirror/addons/search/search.js HTTP/1.1" 200 6991 "https://80.65.208.110:2083/cwp_be0a2c247c4147f4/moefccpc/codeEditor.php?filename=/home/moefccpc/public_html/index.php" "Mozilla/5.0 (Windows NT 10.0; Win64; x64) AppleWebKit/537.36 (KHTML, like Gecko) Chrome/127.0.0.0 Safari/537.36"
49.43.152.226 - - [09/Aug/2024:12:56:55 +0200] "GET /cwp_be0a2c247c4147f4/moefccpc/cwp_theme/original/js/plugins/codemirror/addons/search/searchcursor.js HTTP/1.1" 200 7720 "https://80.65.208.110:2083/cwp_be0a2c247c4147f4/moefccpc/codeEditor.php?filename=/home/moefccpc/public_html/index.php" "Mozilla/5.0 (Windows NT 10.0; Win64; x64) AppleWebKit/537.36 (KHTML, like Gecko) Chrome/127.0.0.0 Safari/537.36"
49.43.152.226 - - [09/Aug/2024:12:56:55 +0200] "GET /cwp_be0a2c247c4147f4/moefccpc/cwp_theme/original/js/plugins/codemirror/addons/search/match-highlighter.js HTTP/1.1" 200 4943 "https://80.65.208.110:2083/cwp_be0a2c247c4147f4/moefccpc/codeEditor.php?filename=/home/moefccpc/public_html/index.php" "Mozilla/5.0 (Windows NT 10.0; Win64; x64) AppleWebKit/537.36 (KHTML, like Gecko) Chrome/127.0.0.0 Safari/537.36"
49.43.152.226 - - [09/Aug/2024:12:56:55 +0200] "GET /cwp_be0a2c247c4147f4/moefccpc/cwp_theme/original/js/plugins/codemirror/addons/search/jump-to-line.js HTTP/1.1" 200 2167 "https://80.65.208.110:2083/cwp_be0a2c247c4147f4/moefccpc/codeEditor.php?filename=/home/moefccpc/public_html/index.php" "Mozilla/5.0 (Windows NT 10.0; Win64; x64) AppleWebKit/537.36 (KHTML, like Gecko) Chrome/127.0.0.0 Safari/537.36"
49.43.152.226 - - [09/Aug/2024:12:56:55 +0200] "GET /cwp_be0a2c247c4147f4/moefccpc/cwp_theme/original/js/plugins/codemirror/addons/edit/closebrackets.js HTTP/1.1" 200 6302 "https://80.65.208.110:2083/cwp_be0a2c247c4147f4/moefccpc/codeEditor.php?filename=/home/moefccpc/public_html/index.php" "Mozilla/5.0 (Windows NT 10.0; Win64; x64) AppleWebKit/537.36 (KHTML, like Gecko) Chrome/127.0.0.0 Safari/537.36"
49.43.152.226 - - [09/Aug/2024:12:56:55 +0200] "GET /cwp_be0a2c247c4147f4/moefccpc/cwp_theme/original/js/plugins/codemirror/addons/edit/closetag.js HTTP/1.1" 200 7331 "https://80.65.208.110:2083/cwp_be0a2c247c4147f4/moefccpc/codeEditor.php?filename=/home/moefccpc/public_html/index.php" "Mozilla/5.0 (Windows NT 10.0; Win64; x64) AppleWebKit/537.36 (KHTML, like Gecko) Chrome/127.0.0.0 Safari/537.36"
49.43.152.226 - - [09/Aug/2024:12:56:55 +0200] "GET /cwp_be0a2c247c4147f4/moefccpc/cwp_theme/original/js/plugins/codemirror/addons/edit/matchbrackets.js HTTP/1.1" 200 5268 "https://80.65.208.110:2083/cwp_be0a2c247c4147f4/moefccpc/codeEditor.php?filename=/home/moefccpc/public_html/index.php" "Mozilla/5.0 (Windows NT 10.0; Win64; x64) AppleWebKit/537.36 (KHTML, like Gecko) Chrome/127.0.0.0 Safari/537.36"
49.43.152.226 - - [09/Aug/2024:12:56:55 +0200] "GET /cwp_be0a2c247c4147f4/moefccpc/cwp_theme/original/js/plugins/codemirror/addons/display/fullscreen.js HTTP/1.1" 200 1494 "https://80.65.208.110:2083/cwp_be0a2c247c4147f4/moefccpc/codeEditor.php?filename=/home/moefccpc/public_html/index.php" "Mozilla/5.0 (Windows NT 10.0; Win64; x64) AppleWebKit/537.36 (KHTML, like Gecko) Chrome/127.0.0.0 Safari/537.36"
49.43.152.226 - - [09/Aug/2024:12:57:01 +0200] "POST /cwp_be0a2c247c4147f4/moefccpc/codeEditor.php?filename=/home/moefccpc/public_html/index.php HTTP/1.1" 200 14768 "https://80.65.208.110:2083/cwp_be0a2c247c4147f4/moefccpc/codeEditor.php?filename=/home/moefccpc/public_html/index.php" "Mozilla/5.0 (Windows NT 10.0; Win64; x64) AppleWebKit/537.36 (KHTML, like Gecko) Chrome/127.0.0.0 Safari/537.36"
103.161.34.4 - - [09/Aug/2024:13:00:36 +0200] "POST /cgi-bin/mainfunction.cgi HTTP/1.1" 404 147 "-" "Mozilla/5.0 (Macintosh; Intel Mac OS X 10.15; rv:125.0) Gecko/20100101 Firefox/125.0"
103.161.34.4 - - [09/Aug/2024:13:00:36 +0200] "POST /cgi-bin/mainfunction.cgi HTTP/1.1" 404 1010 "-" "Mozilla/5.0 (X11; Linux i686; rv:122.0) Gecko/20100101 Firefox/122.0"
103.161.34.4 - - [09/Aug/2024:13:00:44 +0200] "GET /index.php?app=main&inc=core_auth&route=login HTTP/1.1" 302 5 "-" "Mozilla/5.0 (CentOS; Linux x86_64) AppleWebKit/537.36 (KHTML, like Gecko) Chrome/126.0.0.0 Safari/537.36"
127.0.0.1 - - [09/Aug/2024:13:00:44 +0200] "POST /v1/loginfail/ HTTP/1.1" 200 40 "-" "-"
103.161.34.4 - - [09/Aug/2024:13:00:44 +0200] "GET /index.php?app=main&inc=core_auth&route=login HTTP/1.1" 200 24193 "-" "Mozilla/5.0 (X11; Linux x86_64; rv:123.0) Gecko/20100101 Firefox/123.0"
103.161.34.4 - - [09/Aug/2024:13:00:44 +0200] "GET /graph_realtime.php?action=init HTTP/1.1" 404 147 "-" "Mozilla/5.0 (Macintosh; Intel Mac OS X 10_15_6) AppleWebKit/605.1.15 (KHTML, like Gecko) Version/14.1.2 Safari/605.1.15"
103.161.34.4 - - [09/Aug/2024:13:00:44 +0200] "GET /graph_realtime.php?action=init HTTP/1.1" 404 1010 "-" "Mozilla/5.0 (CentOS; Linux i686; rv:128.0) Gecko/20100101 Firefox/128.0"
103.161.34.4 - - [09/Aug/2024:13:00:44 +0200] "GET /login/index.php HTTP/1.1" 200 1909 "https://80.65.208.110:2087/index.php?app=main&inc=core_auth&route=login" "Mozilla/5.0 (CentOS; Linux x86_64) AppleWebKit/537.36 (KHTML, like Gecko) Chrome/126.0.0.0 Safari/537.36"
127.0.0.1 - - [09/Aug/2024:13:00:48 +0200] "POST /v1/loginfail/ HTTP/1.1" 200 40 "-" "-"
103.161.34.4 - - [09/Aug/2024:13:00:48 +0200] "POST / HTTP/1.1" 302 5 "-" "Mozilla/5.0 (X11; Ubuntu; Linux x86_64; rv:89.0) Gecko/20100101 Firefox/89.0"
103.161.34.4 - - [09/Aug/2024:13:00:48 +0200] "POST / HTTP/1.1" 200 24193 "-" "Mozilla/5.0 (Macintosh; Intel Mac OS X 10_15_7) AppleWebKit/605.1.15 (KHTML, like Gecko) Version/17.4.1 Safari/605.2.23"
103.161.34.4 - - [09/Aug/2024:13:00:48 +0200] "GET /wp-admin/index.php HTTP/1.1" 404 1010 "-" "Mozilla/5.0 (Ubuntu; Linux i686; rv:126.0) Gecko/20100101 Firefox/126.0"
103.161.34.4 - - [09/Aug/2024:13:00:48 +0200] "GET /wp-admin/index.php HTTP/1.1" 404 147 "-" "Mozilla/5.0 (Macintosh; Intel Mac OS X 10_15_7) AppleWebKit/605.1.15 (KHTML, like Gecko) Version/17.2 Safari/605.3.17"
179.60.149.54 - - [09/Aug/2024:13:22:23 +0200] "\x03\x00\x00/*\xE0\x00\x00\x00\x00\x00Cookie: mstshash=Administr" 400 151 "-" "-"
127.0.0.1 - - [09/Aug/2024:13:25:44 +0200] "POST /v1/loginfail/ HTTP/1.1" 200 40 "-" "-"
64.62.197.67 - - [09/Aug/2024:13:25:44 +0200] "GET / HTTP/1.1" 200 24193 "-" "Mozilla/5.0 (Windows NT 10.0; rv:110.0) Gecko/20100101 Firefox/110.0"
103.161.34.4 - - [09/Aug/2024:13:49:58 +0200] "POST /getcfg.php HTTP/1.1" 404 549 "-" "Mozilla/5.0 (Kubuntu; Linux x86_64) AppleWebKit/537.36 (KHTML, like Gecko) Chrome/124.0.0.0 Safari/537.36"
103.161.34.4 - - [09/Aug/2024:13:49:58 +0200] "POST /getcfg.php HTTP/1.1" 404 1010 "-" "Mozilla/5.0 (Macintosh; Intel Mac OS X 15_7_9) AppleWebKit/605.1.15 (KHTML, like Gecko) Version/17.3.4 Safari/605.1.15"
103.161.34.4 - - [09/Aug/2024:13:57:00 +0200] "GET /?author=1 HTTP/1.1" 302 5 "-" "Mozilla/5.0 (Windows NT 10.0; Win64; x64) AppleWebKit/537.36 (KHTML, like Gecko) Chrome/58.0.3029.110 Safari/537.36 Edge/16.16299"
127.0.0.1 - - [09/Aug/2024:13:57:00 +0200] "POST /v1/loginfail/ HTTP/1.1" 200 40 "-" "-"
103.161.34.4 - - [09/Aug/2024:13:57:00 +0200] "GET /?author=1 HTTP/1.1" 200 25325 "-" "Mozilla/5.0 (CentOS; Linux i686) AppleWebKit/537.36 (KHTML, like Gecko) Chrome/121.0.0.0 Safari/537.36"
103.161.34.4 - - [09/Aug/2024:13:57:01 +0200] "GET /login/index.php HTTP/1.1" 200 1909 "https://80.65.208.110:2087/?author=1" "Mozilla/5.0 (Windows NT 10.0; Win64; x64) AppleWebKit/537.36 (KHTML, like Gecko) Chrome/58.0.3029.110 Safari/537.36 Edge/16.16299"
127.0.0.1 - - [09/Aug/2024:13:57:01 +0200] "POST /v1/loginfail/ HTTP/1.1" 200 40 "-" "-"
103.161.34.4 - - [09/Aug/2024:13:57:01 +0200] "POST / HTTP/1.1" 200 24193 "-" "Mozilla/5.0 (X11; Linux x86_64) AppleWebKit/537.36 (KHTML, like Gecko) Chrome/56.0.2924.87 Safari/537.36"
103.161.34.4 - - [09/Aug/2024:13:57:01 +0200] "POST / HTTP/1.1" 302 5 "-" "Mozilla/5.0 (Windows NT 10.0; Win64; x64; rv:126.0) Gecko/20100101 Firefox/126.0"
103.161.34.4 - - [09/Aug/2024:13:57:02 +0200] "GET /login/index.php HTTP/1.1" 200 1909 "https://80.65.208.110:2087" "Mozilla/5.0 (Windows NT 10.0; Win64; x64; rv:126.0) Gecko/20100101 Firefox/126.0"
103.161.34.4 - - [09/Aug/2024:13:57:02 +0200] "POST /api/jsonws/invoke HTTP/1.1" 404 549 "https://80.65.208.110:2083/api/jsonws?contextName=&signature=%2Fexpandocolumn%2Fadd-column-4-tableId-name-type-defaultData" "Mozilla/5.0 (Debian; Linux x86_64) AppleWebKit/537.36 (KHTML, like Gecko) Chrome/118.0.0.0 Safari/537.36"
103.161.34.4 - - [09/Aug/2024:13:57:02 +0200] "POST /api/jsonws/invoke HTTP/1.1" 404 147 "https://80.65.208.110:2083/api/jsonws?contextName=&signature=%2Fexpandocolumn%2Fadd-column-4-tableId-name-type-defaultData" "Mozilla/5.0 (Debian; Linux x86_64; rv:125.0) Gecko/20100101 Firefox/125.0"
103.161.34.4 - - [09/Aug/2024:13:57:02 +0200] "POST /api/jsonws/invoke HTTP/1.1" 404 1010 "https://80.65.208.110:2087/api/jsonws?contextName=&signature=%2Fexpandocolumn%2Fadd-column-4-tableId-name-type-defaultData" "Mozilla/5.0 (X11; Linux x86_64; rv:109.0) Gecko/20100101 Firefox/115.0"
103.161.34.4 - - [09/Aug/2024:13:57:02 +0200] "POST /api/jsonws/invoke HTTP/1.1" 404 1010 "https://80.65.208.110:2087/api/jsonws?contextName=&signature=%2Fexpandocolumn%2Fadd-column-4-tableId-name-type-defaultData" "Mozilla/5.0 (Knoppix; Linux i686; rv:124.0) Gecko/20100101 Firefox/124.0"
179.60.149.238 - - [09/Aug/2024:14:00:34 +0200] "\x03\x00\x00/*\xE0\x00\x00\x00\x00\x00Cookie: mstshash=Administr" 400 151 "-" "-"
103.161.34.4 - - [09/Aug/2024:14:02:56 +0200] "GET /tmui/login.jsp/..;/tmui/locallb/workspace/fileRead.jsp?fileName=/etc/passwd HTTP/1.1" 404 147 "-" "Mozilla/5.0 (Windows NT 6.1; Win64; x64; rv:69.0) Gecko/20100101 Firefox/69.0"
103.161.34.4 - - [09/Aug/2024:14:02:56 +0200] "GET /tmui/login.jsp/..;/tmui/locallb/workspace/fileRead.jsp?fileName=/etc/passwd HTTP/1.1" 404 1010 "-" "Mozilla/5.0 (Knoppix; Linux i686; rv:127.0) Gecko/20100101 Firefox/127.0"
103.161.34.4 - - [09/Aug/2024:14:02:56 +0200] "GET /tmui/login.jsp/..;/tmui/locallb/workspace/fileRead.jsp?fileName=/etc/f5-release HTTP/1.1" 404 147 "-" "Mozilla/5.0 (Macintosh; Intel Mac OS X 10_15_7) AppleWebKit/605.1.15 (KHTML, like Gecko) Version/17.4.1 Safari/605.3.26"
103.161.34.4 - - [09/Aug/2024:14:02:57 +0200] "GET /tmui/login.jsp/..;/tmui/locallb/workspace/fileRead.jsp?fileName=/etc/f5-release HTTP/1.1" 404 1010 "-" "Mozilla/5.0 (Macintosh; Intel Mac OS X 10_15_7) AppleWebKit/605.1.15 (KHTML, like Gecko) Version/15.2 Safari/605.1.15"
103.161.34.4 - - [09/Aug/2024:14:02:57 +0200] "GET /tmui/login.jsp/..;/tmui/locallb/workspace/fileRead.jsp?fileName=/config/bigip.license HTTP/1.1" 404 147 "-" "Mozilla/5.0 (Macintosh; Intel Mac OS X 10_14_6) AppleWebKit/605.1.15 (KHTML, like Gecko) Version/12.1.2 Safari/605.1.15"
103.161.34.4 - - [09/Aug/2024:14:02:57 +0200] "GET /tmui/login.jsp/..;/tmui/locallb/workspace/fileRead.jsp?fileName=/config/bigip.license HTTP/1.1" 404 1010 "-" "Mozilla/5.0 (Macintosh; Intel Mac OS X 10_14_6) AppleWebKit/605.1.15 (KHTML, like Gecko) Version/9.1.2 Safari/605.1.15"
103.161.34.4 - - [09/Aug/2024:14:02:57 +0200] "GET /hsqldb%0a HTTP/1.1" 404 147 "-" "Mozilla/5.0 (Macintosh; Intel Mac OS X 10.15; rv:109.0) Gecko/20100101 Firefox/117.0"
103.161.34.4 - - [09/Aug/2024:14:02:58 +0200] "GET /hsqldb%0a HTTP/1.1" 404 1010 "-" "Mozilla/5.0 (Macintosh; Intel Mac OS X 10_15_7) AppleWebKit/605.1.15 (KHTML, like Gecko) Version/17.5 Safari/605.9.17"
103.161.34.4 - - [09/Aug/2024:14:02:58 +0200] "POST /tmui/locallb/workspace/tmshCmd.jsp HTTP/1.1" 404 147 "-" "Mozilla/5.0 (Macintosh; Intel Mac OS X 10.15; rv:121.0) Gecko/20100101 Firefox/121.0"
103.161.34.4 - - [09/Aug/2024:14:02:58 +0200] "POST /tmui/locallb/workspace/tmshCmd.jsp HTTP/1.1" 404 1010 "-" "Mozilla/5.0 (Macintosh; Intel Mac OS X 10_14_6) AppleWebKit/605.1.15 (KHTML, like Gecko) Version/14.1.2 Safari/605.1.15"
103.161.34.4 - - [09/Aug/2024:14:02:58 +0200] "POST /tmui/locallb/workspace/fileSave.jsp HTTP/1.1" 404 147 "-" "Mozilla/5.0 (Macintosh; Intel Mac OS X 10.13; rv:88.0) Gecko/20100101 Firefox/88.0"
103.161.34.4 - - [09/Aug/2024:14:02:59 +0200] "POST /tmui/locallb/workspace/fileSave.jsp HTTP/1.1" 404 1010 "-" "Mozilla/5.0 (Macintosh; Intel Mac OS X 10_15_7) AppleWebKit/605.1.15 (KHTML, like Gecko) Version/15.2 Safari/605.1.15"
103.161.34.4 - - [09/Aug/2024:14:02:59 +0200] "POST /tmui/locallb/workspace/tmshCmd.jsp HTTP/1.1" 404 549 "-" "Mozilla/5.0 (ZZ; Linux x86_64) AppleWebKit/537.36 (KHTML, like Gecko) Chrome/122.0.0.0 Safari/537.36"
103.161.34.4 - - [09/Aug/2024:14:02:59 +0200] "POST /tmui/locallb/workspace/tmshCmd.jsp HTTP/1.1" 404 1010 "-" "Mozilla/5.0 (Macintosh; Intel Mac OS X 10_15_7) AppleWebKit/605.1.15 (KHTML, like Gecko) Version/17.5 Safari/605.6.18"
103.161.34.4 - - [09/Aug/2024:14:02:59 +0200] "POST /tmui/locallb/workspace/tmshCmd.jsp HTTP/1.1" 404 549 "-" "Mozilla/5.0 (ZZ; Linux x86_64) AppleWebKit/537.36 (KHTML, like Gecko) Chrome/121.0.0.0 Safari/537.36"
103.161.34.4 - - [09/Aug/2024:14:03:00 +0200] "POST /tmui/locallb/workspace/tmshCmd.jsp HTTP/1.1" 404 1010 "-" "Mozilla/5.0 (Macintosh; Intel Mac OS X 14) AppleWebKit/618.5.10 (KHTML, like Gecko) Version/17.5 Safari/618.5.10"
103.161.34.4 - - [09/Aug/2024:14:04:31 +0200] "POST /graphql HTTP/1.1" 404 1010 "-" "Mozilla/5.0 (Fedora; Linux i686) AppleWebKit/537.36 (KHTML, like Gecko) Chrome/127.0.0.0 Safari/537.36"
103.161.34.4 - - [09/Aug/2024:14:04:31 +0200] "POST /graphql HTTP/1.1" 404 549 "-" "Mozilla/5.0 (Macintosh; Intel Mac OS X 10_12_6) AppleWebKit/537.36 (KHTML, like Gecko) Chrome/103.0.0.0 Safari/537.36"
96.126.104.20 - - [09/Aug/2024:14:15:05 +0200] "GET /4hnR HTTP/1.1" 404 147 "-" "Mozilla/5.0 (Macintosh; Intel Mac OS X 15_9_6) AppleWebKit/605.1.15 (KHTML, like Gecko) Version/17.1.3 Safari/605.1.15"
103.161.34.4 - - [09/Aug/2024:14:18:52 +0200] "POST /upload HTTP/1.1" 404 1010 "-" "Mozilla/5.0 (Fedora; Linux x86_64; rv:124.0) Gecko/20100101 Firefox/124.0"
103.161.34.4 - - [09/Aug/2024:14:18:52 +0200] "POST /upload HTTP/1.1" 404 147 "-" "Mozilla/5.0 (Macintosh; Intel Mac OS X 12_1_4; en-US) AppleWebKit/605.1.15 (KHTML, like Gecko) Version/17.4.1 Safari/605.1.15"
103.161.34.4 - - [09/Aug/2024:14:18:58 +0200] "POST /storfs-asup HTTP/1.1" 404 147 "-" "Mozilla/5.0 (ZZ; Linux x86_64; rv:122.0) Gecko/20100101 Firefox/122.0"
103.161.34.4 - - [09/Aug/2024:14:18:58 +0200] "POST /storfs-asup HTTP/1.1" 404 1010 "-" "Mozilla/5.0 (Kubuntu; Linux x86_64; rv:120.0) Gecko/20100101 Firefox/120.0"
88.214.25.65 - - [09/Aug/2024:14:49:45 +0200] "\x03\x00\x00/*\xE0\x00\x00\x00\x00\x00Cookie: mstshash=Administr" 400 151 "-" "-"
103.161.34.4 - - [09/Aug/2024:14:54:19 +0200] "GET /images/..%2finfo.html HTTP/1.1" 404 549 "https://80.65.208.110:2083/info.html" "Mozilla/5.0 (SS; Linux i686) AppleWebKit/537.36 (KHTML, like Gecko) Chrome/123.0.0.0 Safari/537.36"
103.161.34.4 - - [09/Aug/2024:14:54:19 +0200] "GET /images/..%2finfo.html HTTP/1.1" 404 1010 "https://80.65.208.110:2087/info.html" "Mozilla/5.0 (Kubuntu; Linux i686; rv:124.0) Gecko/20100101 Firefox/124.0"
162.142.125.37 - - [09/Aug/2024:15:08:36 +0200] "\x16\x03\x01\x00\xEE\x01\x00\x00\xEA\x03\x03\x84k^p\x807-1\x1BD\xC3\xFBD\xE1\x8D&\xDE\xA7\xA6\xF6S\x94.\x06\xE8*k\x86\x95\x7F0? >'" 400 151 "-" "-"
162.142.125.37 - - [09/Aug/2024:15:08:40 +0200] "GET / HTTP/1.1" 301 163 "-" "-"
162.142.125.37 - - [09/Aug/2024:15:08:49 +0200] "GET / HTTP/1.1" 301 163 "-" "Mozilla/5.0 (compatible; CensysInspect/1.1; +https://about.censys.io/)"
162.142.125.37 - - [09/Aug/2024:15:08:50 +0200] "PRI * HTTP/2.0" 400 151 "-" "-"
162.142.125.37 - - [09/Aug/2024:15:08:55 +0200] "GET / HTTP/1.1" 302 5 "-" "Mozilla/5.0 (compatible; CensysInspect/1.1; +https://about.censys.io/)"
162.142.125.37 - - [09/Aug/2024:15:09:08 +0200] "GET /login/index.php HTTP/1.1" 200 1909 "-" "Mozilla/5.0 (compatible; CensysInspect/1.1; +https://about.censys.io/)"
162.142.125.37 - - [09/Aug/2024:15:09:10 +0200] "GET /design/img/ico/favicon.ico HTTP/1.1" 200 5430 "-" "Mozilla/5.0 (compatible; CensysInspect/1.1; +https://about.censys.io/)"
162.142.125.37 - - [09/Aug/2024:15:09:12 +0200] "GET /favicon.ico HTTP/1.1" 404 1010 "-" "Mozilla/5.0 (compatible; CensysInspect/1.1; +https://about.censys.io/)"
162.142.125.37 - - [09/Aug/2024:15:09:14 +0200] "GET / HTTP/1.1" 302 139 "-" "Mozilla/5.0 (compatible; CensysInspect/1.1; +https://about.censys.io/)"
206.168.34.220 - - [09/Aug/2024:15:09:43 +0200] "GET / HTTP/1.1" 302 139 "-" "-"
206.168.34.220 - - [09/Aug/2024:15:09:47 +0200] "GET / HTTP/1.1" 302 139 "-" "Mozilla/5.0 (compatible; CensysInspect/1.1; +https://about.censys.io/)"
206.168.34.220 - - [09/Aug/2024:15:09:48 +0200] "PRI * HTTP/2.0" 400 151 "-" "-"
206.168.34.220 - - [09/Aug/2024:15:09:52 +0200] "GET / HTTP/1.1" 302 5 "-" "Mozilla/5.0 (compatible; CensysInspect/1.1; +https://about.censys.io/)"
206.168.34.220 - - [09/Aug/2024:15:10:05 +0200] "GET /login/index.php HTTP/1.1" 200 1909 "-" "Mozilla/5.0 (compatible; CensysInspect/1.1; +https://about.censys.io/)"
206.168.34.220 - - [09/Aug/2024:15:10:06 +0200] "GET /design/img/ico/favicon.ico HTTP/1.1" 200 5430 "-" "Mozilla/5.0 (compatible; CensysInspect/1.1; +https://about.censys.io/)"
206.168.34.220 - - [09/Aug/2024:15:10:07 +0200] "GET /favicon.ico HTTP/1.1" 404 1010 "-" "Mozilla/5.0 (compatible; CensysInspect/1.1; +https://about.censys.io/)"
