66.249.79.7 - - [30/Jul/2024:23:39:08 +0200] "GET /t10015784 HTTP/1.1" 404 196 "-" "Mozilla/5.0 (Linux; Android 6.0.1; Nexus 5X Build/MMB29P) AppleWebKit/537.36 (KHTML, like Gecko) Chrome/126.0.6478.126 Mobile Safari/537.36 (compatible; Googlebot/2.1; +http://www.google.com/bot.html)"
66.249.79.7 - - [30/Jul/2024:23:40:15 +0200] "GET /t10018878 HTTP/1.1" 404 196 "-" "Mozilla/5.0 (Linux; Android 6.0.1; Nexus 5X Build/MMB29P) AppleWebKit/537.36 (KHTML, like Gecko) Chrome/126.0.6478.126 Mobile Safari/537.36 (compatible; Googlebot/2.1; +http://www.google.com/bot.html)"
162.142.125.38 - - [30/Jul/2024:23:56:08 +0200] "GET / HTTP/1.1" 403 199 "-" "Mozilla/5.0 (compatible; CensysInspect/1.1; +https://about.censys.io/)"
54.88.179.33 - - [30/Jul/2024:23:57:26 +0200] "GET / HTTP/1.1" 403 199 "-" "Mozilla/5.0 \\(Windows NT 10.0\\; Win64\\; x64\\) AppleWebKit/537.36 \\(KHTML, like Gecko\\) Chrome/100.0.4896.60 Safari/537.36"
199.45.154.155 - - [31/Jul/2024:00:04:57 +0200] "GET / HTTP/1.1" 403 199 "-" "Mozilla/5.0 (compatible; CensysInspect/1.1; +https://about.censys.io/)"
114.119.136.137 - - [31/Jul/2024:00:19:01 +0200] "GET /login.php?id=370 HTTP/1.1" 404 196 "https://www.thelewale.in/category-thela.php?cat=Chinese" "Mozilla/5.0 (Linux; Android 7.0;) AppleWebKit/537.36 (KHTML, like Gecko) Mobile Safari/537.36 (compatible; PetalBot;+https://webmaster.petalsearch.com/site/petalbot)"
66.249.79.224 - - [31/Jul/2024:00:19:05 +0200] "GET /robots.txt HTTP/1.1" 404 196 "-" "Mozilla/5.0 (compatible; Googlebot/2.1; +http://www.google.com/bot.html)"
66.249.79.224 - - [31/Jul/2024:00:19:06 +0200] "GET /?y=1-5-1 HTTP/1.1" 403 199 "-" "Mozilla/5.0 (Linux; Android 6.0.1; Nexus 5X Build/MMB29P) AppleWebKit/537.36 (KHTML, like Gecko) Chrome/126.0.6478.126 Mobile Safari/537.36 (compatible; Googlebot/2.1; +http://www.google.com/bot.html)"
66.249.79.6 - - [31/Jul/2024:00:21:11 +0200] "GET /items.php?pickup/N1859637 HTTP/1.1" 404 196 "-" "Mozilla/5.0 (Linux; Android 6.0.1; Nexus 5X Build/MMB29P) AppleWebKit/537.36 (KHTML, like Gecko) Chrome/126.0.6478.126 Mobile Safari/537.36 (compatible; Googlebot/2.1; +http://www.google.com/bot.html)"
124.243.133.108 - - [31/Jul/2024:00:31:19 +0200] "GET /register.php HTTP/1.1" 404 196 "-" "Mozilla/5.0 (Windows NT 10.0; Win64; x64) AppleWebKit/537.36 (KHTML, like Gecko) Chrome/104.0.0.0 Safari/537.36"
66.249.79.8 - - [31/Jul/2024:00:40:32 +0200] "GET / HTTP/1.1" 403 199 "-" "Mozilla/5.0 (compatible; Googlebot/2.1; +http://www.google.com/bot.html)"
66.249.79.6 - - [31/Jul/2024:00:43:35 +0200] "GET /items.php?pickup/Q869846 HTTP/1.1" 404 196 "-" "Mozilla/5.0 (Linux; Android 6.0.1; Nexus 5X Build/MMB29P) AppleWebKit/537.36 (KHTML, like Gecko) Chrome/126.0.6478.126 Mobile Safari/537.36 (compatible; Googlebot/2.1; +http://www.google.com/bot.html)"
66.249.79.8 - - [31/Jul/2024:00:46:31 +0200] "GET /t10015784 HTTP/1.1" 404 196 "-" "Mozilla/5.0 (Linux; Android 6.0.1; Nexus 5X Build/MMB29P) AppleWebKit/537.36 (KHTML, like Gecko) Chrome/126.0.6478.126 Mobile Safari/537.36 (compatible; Googlebot/2.1; +http://www.google.com/bot.html)"
66.249.79.226 - - [31/Jul/2024:01:00:09 +0200] "GET / HTTP/1.1" 403 199 "-" "Mozilla/5.0 (compatible; Googlebot/2.1; +http://www.google.com/bot.html)"
66.249.79.8 - - [31/Jul/2024:01:00:28 +0200] "GET /login.php?id=287 HTTP/1.1" 404 196 "-" "Mozilla/5.0 (Linux; Android 6.0.1; Nexus 5X Build/MMB29P) AppleWebKit/537.36 (KHTML, like Gecko) Chrome/126.0.6478.126 Mobile Safari/537.36 (compatible; Googlebot/2.1; +http://www.google.com/bot.html)"
66.249.79.224 - - [31/Jul/2024:01:01:20 +0200] "GET / HTTP/1.1" 403 199 "-" "Mozilla/5.0 (compatible; Googlebot/2.1; +http://www.google.com/bot.html)"
66.249.79.8 - - [31/Jul/2024:01:12:43 +0200] "GET /items.php?pickup/O11558 HTTP/1.1" 404 196 "-" "Mozilla/5.0 (Linux; Android 6.0.1; Nexus 5X Build/MMB29P) AppleWebKit/537.36 (KHTML, like Gecko) Chrome/126.0.6478.126 Mobile Safari/537.36 (compatible; Googlebot/2.1; +http://www.google.com/bot.html)"
40.77.167.60 - - [31/Jul/2024:01:34:39 +0200] "GET /pickup/F451183 HTTP/1.1" 404 196 "-" "Mozilla/5.0 AppleWebKit/537.36 (KHTML, like Gecko; compatible; bingbot/2.0; +http://www.bing.com/bingbot.htm) Chrome/116.0.1938.76 Safari/537.36"
66.249.79.8 - - [31/Jul/2024:01:40:09 +0200] "GET / HTTP/1.1" 403 199 "-" "Mozilla/5.0 (compatible; Googlebot/2.1; +http://www.google.com/bot.html)"
66.249.79.7 - - [31/Jul/2024:01:45:58 +0200] "GET /t10018878 HTTP/1.1" 404 196 "-" "Mozilla/5.0 (Linux; Android 6.0.1; Nexus 5X Build/MMB29P) AppleWebKit/537.36 (KHTML, like Gecko) Chrome/126.0.6478.126 Mobile Safari/537.36 (compatible; Googlebot/2.1; +http://www.google.com/bot.html)"
66.249.79.7 - - [31/Jul/2024:01:56:49 +0200] "GET /items.php?pickup/V161871 HTTP/1.1" 404 196 "-" "Mozilla/5.0 (Linux; Android 6.0.1; Nexus 5X Build/MMB29P) AppleWebKit/537.36 (KHTML, like Gecko) Chrome/126.0.6478.126 Mobile Safari/537.36 (compatible; Googlebot/2.1; +http://www.google.com/bot.html)"
114.119.153.38 - - [31/Jul/2024:01:57:29 +0200] "GET /login.php?id=381 HTTP/1.1" 404 196 "https://www.thelewale.in/category-thela.php?cat=North%20Indian" "Mozilla/5.0 (Linux; Android 7.0;) AppleWebKit/537.36 (KHTML, like Gecko) Mobile Safari/537.36 (compatible; PetalBot;+https://webmaster.petalsearch.com/site/petalbot)"
35.171.144.152 - - [31/Jul/2024:02:14:42 +0200] "GET / HTTP/1.1" 403 199 "-" "Mozilla/5.0 \\(Windows NT 10.0\\; Win64\\; x64\\) AppleWebKit/537.36 \\(KHTML, like Gecko\\) Chrome/100.0.4896.60 Safari/537.36"
35.171.144.152 - - [31/Jul/2024:02:14:42 +0200] "GET / HTTP/1.1" 403 199 "-" "Mozilla/5.0 \\(Windows NT 10.0\\; Win64\\; x64\\) AppleWebKit/537.36 \\(KHTML, like Gecko\\) Chrome/100.0.4896.60 Safari/537.36"
74.225.191.113 - - [31/Jul/2024:02:17:14 +0200] "GET / HTTP/1.1" 403 199 "-" "Mozilla/5.0 (Windows NT 10.0; Win64; x64) AppleWebKit/537.36 (KHTML, like Gecko) Chrome/80.0.3987.149 Safari/537.36"
74.225.191.113 - - [31/Jul/2024:02:17:14 +0200] "GET /wp-includes/wlwmanifest.xml HTTP/1.1" 404 196 "-" "Mozilla/5.0 (Windows NT 10.0; Win64; x64) AppleWebKit/537.36 (KHTML, like Gecko) Chrome/80.0.3987.149 Safari/537.36"
74.225.191.113 - - [31/Jul/2024:02:17:14 +0200] "GET /xmlrpc.php?rsd HTTP/1.1" 404 196 "-" "Mozilla/5.0 (Windows NT 10.0; Win64; x64) AppleWebKit/537.36 (KHTML, like Gecko) Chrome/80.0.3987.149 Safari/537.36"
74.225.191.113 - - [31/Jul/2024:02:17:14 +0200] "GET / HTTP/1.1" 403 199 "-" "Mozilla/5.0 (Windows NT 10.0; Win64; x64) AppleWebKit/537.36 (KHTML, like Gecko) Chrome/80.0.3987.149 Safari/537.36"
74.225.191.113 - - [31/Jul/2024:02:17:14 +0200] "GET /blog/wp-includes/wlwmanifest.xml HTTP/1.1" 404 196 "-" "Mozilla/5.0 (Windows NT 10.0; Win64; x64) AppleWebKit/537.36 (KHTML, like Gecko) Chrome/80.0.3987.149 Safari/537.36"
74.225.191.113 - - [31/Jul/2024:02:17:14 +0200] "GET /web/wp-includes/wlwmanifest.xml HTTP/1.1" 404 196 "-" "Mozilla/5.0 (Windows NT 10.0; Win64; x64) AppleWebKit/537.36 (KHTML, like Gecko) Chrome/80.0.3987.149 Safari/537.36"
74.225.191.113 - - [31/Jul/2024:02:17:14 +0200] "GET /wordpress/wp-includes/wlwmanifest.xml HTTP/1.1" 404 196 "-" "Mozilla/5.0 (Windows NT 10.0; Win64; x64) AppleWebKit/537.36 (KHTML, like Gecko) Chrome/80.0.3987.149 Safari/537.36"
74.225.191.113 - - [31/Jul/2024:02:17:14 +0200] "GET /website/wp-includes/wlwmanifest.xml HTTP/1.1" 404 196 "-" "Mozilla/5.0 (Windows NT 10.0; Win64; x64) AppleWebKit/537.36 (KHTML, like Gecko) Chrome/80.0.3987.149 Safari/537.36"
74.225.191.113 - - [31/Jul/2024:02:17:14 +0200] "GET /wp/wp-includes/wlwmanifest.xml HTTP/1.1" 404 196 "-" "Mozilla/5.0 (Windows NT 10.0; Win64; x64) AppleWebKit/537.36 (KHTML, like Gecko) Chrome/80.0.3987.149 Safari/537.36"
74.225.191.113 - - [31/Jul/2024:02:17:14 +0200] "GET /news/wp-includes/wlwmanifest.xml HTTP/1.1" 404 196 "-" "Mozilla/5.0 (Windows NT 10.0; Win64; x64) AppleWebKit/537.36 (KHTML, like Gecko) Chrome/80.0.3987.149 Safari/537.36"
74.225.191.113 - - [31/Jul/2024:02:17:14 +0200] "GET /2018/wp-includes/wlwmanifest.xml HTTP/1.1" 404 196 "-" "Mozilla/5.0 (Windows NT 10.0; Win64; x64) AppleWebKit/537.36 (KHTML, like Gecko) Chrome/80.0.3987.149 Safari/537.36"
74.225.191.113 - - [31/Jul/2024:02:17:14 +0200] "GET /2019/wp-includes/wlwmanifest.xml HTTP/1.1" 404 196 "-" "Mozilla/5.0 (Windows NT 10.0; Win64; x64) AppleWebKit/537.36 (KHTML, like Gecko) Chrome/80.0.3987.149 Safari/537.36"
74.225.191.113 - - [31/Jul/2024:02:17:14 +0200] "GET /shop/wp-includes/wlwmanifest.xml HTTP/1.1" 404 196 "-" "Mozilla/5.0 (Windows NT 10.0; Win64; x64) AppleWebKit/537.36 (KHTML, like Gecko) Chrome/80.0.3987.149 Safari/537.36"
74.225.191.113 - - [31/Jul/2024:02:17:14 +0200] "GET /wp1/wp-includes/wlwmanifest.xml HTTP/1.1" 404 196 "-" "Mozilla/5.0 (Windows NT 10.0; Win64; x64) AppleWebKit/537.36 (KHTML, like Gecko) Chrome/80.0.3987.149 Safari/537.36"
74.225.191.113 - - [31/Jul/2024:02:17:14 +0200] "GET /test/wp-includes/wlwmanifest.xml HTTP/1.1" 404 196 "-" "Mozilla/5.0 (Windows NT 10.0; Win64; x64) AppleWebKit/537.36 (KHTML, like Gecko) Chrome/80.0.3987.149 Safari/537.36"
74.225.191.113 - - [31/Jul/2024:02:17:14 +0200] "GET /media/wp-includes/wlwmanifest.xml HTTP/1.1" 404 196 "-" "Mozilla/5.0 (Windows NT 10.0; Win64; x64) AppleWebKit/537.36 (KHTML, like Gecko) Chrome/80.0.3987.149 Safari/537.36"
74.225.191.113 - - [31/Jul/2024:02:17:14 +0200] "GET /wp2/wp-includes/wlwmanifest.xml HTTP/1.1" 404 196 "-" "Mozilla/5.0 (Windows NT 10.0; Win64; x64) AppleWebKit/537.36 (KHTML, like Gecko) Chrome/80.0.3987.149 Safari/537.36"
74.225.191.113 - - [31/Jul/2024:02:17:14 +0200] "GET /site/wp-includes/wlwmanifest.xml HTTP/1.1" 404 196 "-" "Mozilla/5.0 (Windows NT 10.0; Win64; x64) AppleWebKit/537.36 (KHTML, like Gecko) Chrome/80.0.3987.149 Safari/537.36"
74.225.191.113 - - [31/Jul/2024:02:17:14 +0200] "GET /cms/wp-includes/wlwmanifest.xml HTTP/1.1" 404 196 "-" "Mozilla/5.0 (Windows NT 10.0; Win64; x64) AppleWebKit/537.36 (KHTML, like Gecko) Chrome/80.0.3987.149 Safari/537.36"
74.225.191.113 - - [31/Jul/2024:02:17:14 +0200] "GET /sito/wp-includes/wlwmanifest.xml HTTP/1.1" 404 196 "-" "Mozilla/5.0 (Windows NT 10.0; Win64; x64) AppleWebKit/537.36 (KHTML, like Gecko) Chrome/80.0.3987.149 Safari/537.36"
66.249.79.6 - - [31/Jul/2024:02:22:33 +0200] "GET /items.php?pickup/G1453302 HTTP/1.1" 404 196 "-" "Mozilla/5.0 (Linux; Android 6.0.1; Nexus 5X Build/MMB29P) AppleWebKit/537.36 (KHTML, like Gecko) Chrome/126.0.6478.126 Mobile Safari/537.36 (compatible; Googlebot/2.1; +http://www.google.com/bot.html)"
66.249.79.6 - - [31/Jul/2024:02:45:31 +0200] "GET /t10015784 HTTP/1.1" 404 196 "-" "Mozilla/5.0 (Linux; Android 6.0.1; Nexus 5X Build/MMB29P) AppleWebKit/537.36 (KHTML, like Gecko) Chrome/126.0.6478.126 Mobile Safari/537.36 (compatible; Googlebot/2.1; +http://www.google.com/bot.html)"
114.119.157.177 - - [31/Jul/2024:02:47:05 +0200] "GET /panel_business/thelalist1.php?id=pending HTTP/1.1" 404 196 "https://thelewale.in/panel_business/" "Mozilla/5.0 (Linux; Android 7.0;) AppleWebKit/537.36 (KHTML, like Gecko) Mobile Safari/537.36 (compatible; PetalBot;+https://webmaster.petalsearch.com/site/petalbot)"
66.249.79.7 - - [31/Jul/2024:03:08:55 +0200] "GET /t10018878 HTTP/1.1" 404 196 "-" "Mozilla/5.0 (Linux; Android 6.0.1; Nexus 5X Build/MMB29P) AppleWebKit/537.36 (KHTML, like Gecko) Chrome/126.0.6478.126 Mobile Safari/537.36 (compatible; Googlebot/2.1; +http://www.google.com/bot.html)"
66.249.79.6 - - [31/Jul/2024:03:10:08 +0200] "GET /t10015784 HTTP/1.1" 404 196 "-" "Mozilla/5.0 (Linux; Android 6.0.1; Nexus 5X Build/MMB29P) AppleWebKit/537.36 (KHTML, like Gecko) Chrome/126.0.6478.126 Mobile Safari/537.36 (compatible; Googlebot/2.1; +http://www.google.com/bot.html)"
66.249.79.7 - - [31/Jul/2024:03:12:20 +0200] "GET /t10018878 HTTP/1.1" 404 196 "-" "Mozilla/5.0 (Linux; Android 6.0.1; Nexus 5X Build/MMB29P) AppleWebKit/537.36 (KHTML, like Gecko) Chrome/126.0.6478.126 Mobile Safari/537.36 (compatible; Googlebot/2.1; +http://www.google.com/bot.html)"
66.249.79.6 - - [31/Jul/2024:03:13:31 +0200] "GET /t10015784 HTTP/1.1" 404 196 "-" "Mozilla/5.0 (Linux; Android 6.0.1; Nexus 5X Build/MMB29P) AppleWebKit/537.36 (KHTML, like Gecko) Chrome/126.0.6478.126 Mobile Safari/537.36 (compatible; Googlebot/2.1; +http://www.google.com/bot.html)"
54.36.148.93 - - [31/Jul/2024:03:17:21 +0200] "GET /thela_register.php HTTP/1.1" 404 196 "-" "Mozilla/5.0 (compatible; AhrefsBot/7.0; +http://ahrefs.com/robot/)"
54.36.148.190 - - [31/Jul/2024:03:23:06 +0200] "GET /contact.php HTTP/1.1" 404 196 "-" "Mozilla/5.0 (compatible; AhrefsBot/7.0; +http://ahrefs.com/robot/)"
114.119.157.177 - - [31/Jul/2024:03:25:14 +0200] "GET /login.php HTTP/1.1" 404 196 "https://www.thelewale.in/login.php?id=405" "Mozilla/5.0 (Linux; Android 7.0;) AppleWebKit/537.36 (KHTML, like Gecko) Mobile Safari/537.36 (compatible; PetalBot;+https://webmaster.petalsearch.com/site/petalbot)"
54.36.148.57 - - [31/Jul/2024:03:25:52 +0200] "GET /news.php HTTP/1.1" 404 196 "-" "Mozilla/5.0 (compatible; AhrefsBot/7.0; +http://ahrefs.com/robot/)"
66.249.79.6 - - [31/Jul/2024:03:26:18 +0200] "GET /t10018878 HTTP/1.1" 404 196 "-" "Mozilla/5.0 (Linux; Android 6.0.1; Nexus 5X Build/MMB29P) AppleWebKit/537.36 (KHTML, like Gecko) Chrome/126.0.6478.126 Mobile Safari/537.36 (compatible; Googlebot/2.1; +http://www.google.com/bot.html)"
66.249.79.7 - - [31/Jul/2024:03:27:30 +0200] "GET /t10015784 HTTP/1.1" 404 196 "-" "Mozilla/5.0 (Linux; Android 6.0.1; Nexus 5X Build/MMB29P) AppleWebKit/537.36 (KHTML, like Gecko) Chrome/126.0.6478.126 Mobile Safari/537.36 (compatible; Googlebot/2.1; +http://www.google.com/bot.html)"
66.249.79.7 - - [31/Jul/2024:03:32:54 +0200] "GET /t10018878 HTTP/1.1" 404 196 "-" "Mozilla/5.0 (Linux; Android 6.0.1; Nexus 5X Build/MMB29P) AppleWebKit/537.36 (KHTML, like Gecko) Chrome/126.0.6478.126 Mobile Safari/537.36 (compatible; Googlebot/2.1; +http://www.google.com/bot.html)"
66.249.79.226 - - [31/Jul/2024:03:34:02 +0200] "GET /robots.txt HTTP/1.1" 404 196 "-" "Mozilla/5.0 (compatible; Googlebot/2.1; +http://www.google.com/bot.html)"
66.249.79.226 - - [31/Jul/2024:03:34:02 +0200] "GET / HTTP/1.1" 403 199 "-" "Mozilla/5.0 (Linux; Android 6.0.1; Nexus 5X Build/MMB29P) AppleWebKit/537.36 (KHTML, like Gecko) Chrome/126.0.6478.126 Mobile Safari/537.36 (compatible; Googlebot/2.1; +http://www.google.com/bot.html)"
66.249.79.8 - - [31/Jul/2024:03:41:14 +0200] "GET /t10015784 HTTP/1.1" 404 196 "-" "Mozilla/5.0 (Linux; Android 6.0.1; Nexus 5X Build/MMB29P) AppleWebKit/537.36 (KHTML, like Gecko) Chrome/126.0.6478.126 Mobile Safari/537.36 (compatible; Googlebot/2.1; +http://www.google.com/bot.html)"
40.77.167.70 - - [31/Jul/2024:03:51:19 +0200] "GET /category/2753 HTTP/1.1" 404 196 "-" "Mozilla/5.0 AppleWebKit/537.36 (KHTML, like Gecko; compatible; bingbot/2.0; +http://www.bing.com/bingbot.htm) Chrome/116.0.1938.76 Safari/537.36"
114.119.153.38 - - [31/Jul/2024:03:52:25 +0200] "GET /login.php?id=319 HTTP/1.1" 404 196 "https://www.thelewale.in/category-thela.php?cat=Fast%20Food" "Mozilla/5.0 (Linux; Android 7.0;) AppleWebKit/537.36 (KHTML, like Gecko) Mobile Safari/537.36 (compatible; PetalBot;+https://webmaster.petalsearch.com/site/petalbot)"
66.249.79.6 - - [31/Jul/2024:03:55:02 +0200] "GET /t10018878 HTTP/1.1" 404 196 "-" "Mozilla/5.0 (Linux; Android 6.0.1; Nexus 5X Build/MMB29P) AppleWebKit/537.36 (KHTML, like Gecko) Chrome/126.0.6478.126 Mobile Safari/537.36 (compatible; Googlebot/2.1; +http://www.google.com/bot.html)"
66.249.79.8 - - [31/Jul/2024:03:56:02 +0200] "GET /t10015784 HTTP/1.1" 404 196 "-" "Mozilla/5.0 (Linux; Android 6.0.1; Nexus 5X Build/MMB29P) AppleWebKit/537.36 (KHTML, like Gecko) Chrome/126.0.6478.126 Mobile Safari/537.36 (compatible; Googlebot/2.1; +http://www.google.com/bot.html)"
161.35.246.138 - - [31/Jul/2024:03:56:05 +0200] "GET /ev.htm HTTP/1.1" 404 196 "-" "Mozilla/5.0 (iPhone; CPU iPhone OS 17_2_1 like Mac OS X) AppleWebKit/605.1.15 (KHTML, like Gecko) Version/17.2 Mobile/15E148 Safari/604.1"
164.90.241.135 - - [31/Jul/2024:03:56:05 +0200] "GET /ev.htm HTTP/1.1" 404 196 "-" "Mozilla/5.0 (iPhone; CPU iPhone OS 17_2_1 like Mac OS X) AppleWebKit/605.1.15 (KHTML, like Gecko) Version/17.2 Mobile/15E148 Safari/604.1"
68.183.245.101 - - [31/Jul/2024:03:56:06 +0200] "GET /ev.htm HTTP/1.1" 404 196 "-" "Mozilla/5.0 (iPhone; CPU iPhone OS 17_2_1 like Mac OS X) AppleWebKit/605.1.15 (KHTML, like Gecko) Version/17.2 Mobile/15E148 Safari/604.1"
206.189.247.132 - - [31/Jul/2024:03:56:13 +0200] "GET /ev.htm HTTP/1.1" 404 196 "-" "Mozilla/5.0 (iPhone; CPU iPhone OS 17_2_1 like Mac OS X) AppleWebKit/605.1.15 (KHTML, like Gecko) Version/17.2 Mobile/15E148 Safari/604.1"
114.119.137.128 - - [31/Jul/2024:03:57:23 +0200] "GET /panel_business/thelalist1.php?id=reject HTTP/1.1" 404 196 "https://thelewale.in/panel_business/" "Mozilla/5.0 (Linux; Android 7.0;) AppleWebKit/537.36 (KHTML, like Gecko) Mobile Safari/537.36 (compatible; PetalBot;+https://webmaster.petalsearch.com/site/petalbot)"
66.249.79.7 - - [31/Jul/2024:03:58:12 +0200] "GET /items.php?pickup/G313384 HTTP/1.1" 404 196 "-" "Mozilla/5.0 (Linux; Android 6.0.1; Nexus 5X Build/MMB29P) AppleWebKit/537.36 (KHTML, like Gecko) Chrome/126.0.6478.126 Mobile Safari/537.36 (compatible; Googlebot/2.1; +http://www.google.com/bot.html)"
66.249.79.8 - - [31/Jul/2024:04:12:04 +0200] "GET /t10018878 HTTP/1.1" 404 196 "-" "Mozilla/5.0 (Linux; Android 6.0.1; Nexus 5X Build/MMB29P) AppleWebKit/537.36 (KHTML, like Gecko) Chrome/126.0.6478.126 Mobile Safari/537.36 (compatible; Googlebot/2.1; +http://www.google.com/bot.html)"
51.15.184.67 - - [31/Jul/2024:04:12:51 +0200] "GET / HTTP/1.1" 403 199 "www.google.com" "Mozlila/5.0 (Linux; Android 7.0; SM-G892A Bulid/NRD90M; wv) AppleWebKit/537.36 (KHTML, like Gecko) Version/4.0 Chrome/60.0.3112.107 Moblie Safari/537.36"
66.249.79.6 - - [31/Jul/2024:04:15:16 +0200] "GET /t10015784 HTTP/1.1" 404 196 "-" "Mozilla/5.0 (Linux; Android 6.0.1; Nexus 5X Build/MMB29P) AppleWebKit/537.36 (KHTML, like Gecko) Chrome/126.0.6478.126 Mobile Safari/537.36 (compatible; Googlebot/2.1; +http://www.google.com/bot.html)"
66.249.79.6 - - [31/Jul/2024:04:16:36 +0200] "GET /t10018878 HTTP/1.1" 404 196 "-" "Mozilla/5.0 (Linux; Android 6.0.1; Nexus 5X Build/MMB29P) AppleWebKit/537.36 (KHTML, like Gecko) Chrome/126.0.6478.126 Mobile Safari/537.36 (compatible; Googlebot/2.1; +http://www.google.com/bot.html)"
66.249.79.6 - - [31/Jul/2024:04:21:09 +0200] "GET /t10015784 HTTP/1.1" 404 196 "-" "Mozilla/5.0 (Linux; Android 6.0.1; Nexus 5X Build/MMB29P) AppleWebKit/537.36 (KHTML, like Gecko) Chrome/126.0.6478.126 Mobile Safari/537.36 (compatible; Googlebot/2.1; +http://www.google.com/bot.html)"
54.149.198.137 - - [31/Jul/2024:04:23:02 +0200] "GET / HTTP/1.1" 403 199 "-" "Mozilla/5.0 (Windows NT 10.0; Win64; x64) AppleWebKit/537.36 (KHTML, like Gecko) Chrome/78.0.3904.108 Safari/537.36"
54.149.198.137 - - [31/Jul/2024:04:23:02 +0200] "GET / HTTP/1.1" 403 199 "-" "Mozilla/5.0 (Windows NT 10.0; Win64; x64) AppleWebKit/537.36 (KHTML, like Gecko) Chrome/78.0.3904.108 Safari/537.36"
54.149.198.137 - - [31/Jul/2024:04:23:03 +0200] "GET /wp-includes/wlwmanifest.xml HTTP/1.1" 404 196 "-" "Mozilla/5.0 (Windows NT 10.0; Win64; x64) AppleWebKit/537.36 (KHTML, like Gecko) Chrome/78.0.3904.108 Safari/537.36"
54.149.198.137 - - [31/Jul/2024:04:23:03 +0200] "GET /xmlrpc.php?rsd HTTP/1.1" 404 196 "-" "Mozilla/5.0 (Windows NT 10.0; Win64; x64) AppleWebKit/537.36 (KHTML, like Gecko) Chrome/78.0.3904.108 Safari/537.36"
54.149.198.137 - - [31/Jul/2024:04:23:03 +0200] "GET / HTTP/1.1" 403 199 "-" "Mozilla/5.0 (Windows NT 10.0; Win64; x64) AppleWebKit/537.36 (KHTML, like Gecko) Chrome/78.0.3904.108 Safari/537.36"
54.149.198.137 - - [31/Jul/2024:04:23:04 +0200] "GET /blog/wp-includes/wlwmanifest.xml HTTP/1.1" 404 196 "-" "Mozilla/5.0 (Windows NT 10.0; Win64; x64) AppleWebKit/537.36 (KHTML, like Gecko) Chrome/78.0.3904.108 Safari/537.36"
54.149.198.137 - - [31/Jul/2024:04:23:04 +0200] "GET /web/wp-includes/wlwmanifest.xml HTTP/1.1" 404 196 "-" "Mozilla/5.0 (Windows NT 10.0; Win64; x64) AppleWebKit/537.36 (KHTML, like Gecko) Chrome/78.0.3904.108 Safari/537.36"
54.149.198.137 - - [31/Jul/2024:04:23:04 +0200] "GET /wordpress/wp-includes/wlwmanifest.xml HTTP/1.1" 404 196 "-" "Mozilla/5.0 (Windows NT 10.0; Win64; x64) AppleWebKit/537.36 (KHTML, like Gecko) Chrome/78.0.3904.108 Safari/537.36"
54.149.198.137 - - [31/Jul/2024:04:23:05 +0200] "GET /website/wp-includes/wlwmanifest.xml HTTP/1.1" 404 196 "-" "Mozilla/5.0 (Windows NT 10.0; Win64; x64) AppleWebKit/537.36 (KHTML, like Gecko) Chrome/78.0.3904.108 Safari/537.36"
54.149.198.137 - - [31/Jul/2024:04:23:05 +0200] "GET /wp/wp-includes/wlwmanifest.xml HTTP/1.1" 404 196 "-" "Mozilla/5.0 (Windows NT 10.0; Win64; x64) AppleWebKit/537.36 (KHTML, like Gecko) Chrome/78.0.3904.108 Safari/537.36"
54.149.198.137 - - [31/Jul/2024:04:23:05 +0200] "GET /news/wp-includes/wlwmanifest.xml HTTP/1.1" 404 196 "-" "Mozilla/5.0 (Windows NT 10.0; Win64; x64) AppleWebKit/537.36 (KHTML, like Gecko) Chrome/78.0.3904.108 Safari/537.36"
54.149.198.137 - - [31/Jul/2024:04:23:05 +0200] "GET /2018/wp-includes/wlwmanifest.xml HTTP/1.1" 404 196 "-" "Mozilla/5.0 (Windows NT 10.0; Win64; x64) AppleWebKit/537.36 (KHTML, like Gecko) Chrome/78.0.3904.108 Safari/537.36"
54.149.198.137 - - [31/Jul/2024:04:23:06 +0200] "GET /2019/wp-includes/wlwmanifest.xml HTTP/1.1" 404 196 "-" "Mozilla/5.0 (Windows NT 10.0; Win64; x64) AppleWebKit/537.36 (KHTML, like Gecko) Chrome/78.0.3904.108 Safari/537.36"
54.149.198.137 - - [31/Jul/2024:04:23:06 +0200] "GET /shop/wp-includes/wlwmanifest.xml HTTP/1.1" 404 196 "-" "Mozilla/5.0 (Windows NT 10.0; Win64; x64) AppleWebKit/537.36 (KHTML, like Gecko) Chrome/78.0.3904.108 Safari/537.36"
54.149.198.137 - - [31/Jul/2024:04:23:06 +0200] "GET /wp1/wp-includes/wlwmanifest.xml HTTP/1.1" 404 196 "-" "Mozilla/5.0 (Windows NT 10.0; Win64; x64) AppleWebKit/537.36 (KHTML, like Gecko) Chrome/78.0.3904.108 Safari/537.36"
54.149.198.137 - - [31/Jul/2024:04:23:07 +0200] "GET /test/wp-includes/wlwmanifest.xml HTTP/1.1" 404 196 "-" "Mozilla/5.0 (Windows NT 10.0; Win64; x64) AppleWebKit/537.36 (KHTML, like Gecko) Chrome/78.0.3904.108 Safari/537.36"
54.149.198.137 - - [31/Jul/2024:04:23:07 +0200] "GET /media/wp-includes/wlwmanifest.xml HTTP/1.1" 404 196 "-" "Mozilla/5.0 (Windows NT 10.0; Win64; x64) AppleWebKit/537.36 (KHTML, like Gecko) Chrome/78.0.3904.108 Safari/537.36"
54.149.198.137 - - [31/Jul/2024:04:23:07 +0200] "GET /wp2/wp-includes/wlwmanifest.xml HTTP/1.1" 404 196 "-" "Mozilla/5.0 (Windows NT 10.0; Win64; x64) AppleWebKit/537.36 (KHTML, like Gecko) Chrome/78.0.3904.108 Safari/537.36"
54.149.198.137 - - [31/Jul/2024:04:23:07 +0200] "GET /site/wp-includes/wlwmanifest.xml HTTP/1.1" 404 196 "-" "Mozilla/5.0 (Windows NT 10.0; Win64; x64) AppleWebKit/537.36 (KHTML, like Gecko) Chrome/78.0.3904.108 Safari/537.36"
54.149.198.137 - - [31/Jul/2024:04:23:08 +0200] "GET /cms/wp-includes/wlwmanifest.xml HTTP/1.1" 404 196 "-" "Mozilla/5.0 (Windows NT 10.0; Win64; x64) AppleWebKit/537.36 (KHTML, like Gecko) Chrome/78.0.3904.108 Safari/537.36"
54.149.198.137 - - [31/Jul/2024:04:23:08 +0200] "GET /sito/wp-includes/wlwmanifest.xml HTTP/1.1" 404 196 "-" "Mozilla/5.0 (Windows NT 10.0; Win64; x64) AppleWebKit/537.36 (KHTML, like Gecko) Chrome/78.0.3904.108 Safari/537.36"
66.249.79.7 - - [31/Jul/2024:04:24:19 +0200] "GET /t10018878 HTTP/1.1" 404 196 "-" "Mozilla/5.0 (Linux; Android 6.0.1; Nexus 5X Build/MMB29P) AppleWebKit/537.36 (KHTML, like Gecko) Chrome/126.0.6478.126 Mobile Safari/537.36 (compatible; Googlebot/2.1; +http://www.google.com/bot.html)"
94.156.65.216 - - [31/Jul/2024:04:27:52 +0200] "GET / HTTP/1.1" 403 199 "-" "Mozilla/5.0 (Windows NT 10.0; Win64; x64) AppleWebKit/537.36 (KHTML, like Gecko) Chrome/78.0.3904.108 Safari/537.36"
94.156.65.216 - - [31/Jul/2024:04:27:52 +0200] "GET /wp-includes/wlwmanifest.xml HTTP/1.1" 404 196 "-" "Mozilla/5.0 (Windows NT 10.0; Win64; x64) AppleWebKit/537.36 (KHTML, like Gecko) Chrome/78.0.3904.108 Safari/537.36"
94.156.65.216 - - [31/Jul/2024:04:27:52 +0200] "GET /xmlrpc.php?rsd HTTP/1.1" 404 196 "-" "Mozilla/5.0 (Windows NT 10.0; Win64; x64) AppleWebKit/537.36 (KHTML, like Gecko) Chrome/78.0.3904.108 Safari/537.36"
94.156.65.216 - - [31/Jul/2024:04:27:53 +0200] "GET / HTTP/1.1" 403 199 "-" "Mozilla/5.0 (Windows NT 10.0; Win64; x64) AppleWebKit/537.36 (KHTML, like Gecko) Chrome/78.0.3904.108 Safari/537.36"
94.156.65.216 - - [31/Jul/2024:04:27:53 +0200] "GET /blog/wp-includes/wlwmanifest.xml HTTP/1.1" 404 196 "-" "Mozilla/5.0 (Windows NT 10.0; Win64; x64) AppleWebKit/537.36 (KHTML, like Gecko) Chrome/78.0.3904.108 Safari/537.36"
94.156.65.216 - - [31/Jul/2024:04:27:53 +0200] "GET /web/wp-includes/wlwmanifest.xml HTTP/1.1" 404 196 "-" "Mozilla/5.0 (Windows NT 10.0; Win64; x64) AppleWebKit/537.36 (KHTML, like Gecko) Chrome/78.0.3904.108 Safari/537.36"
94.156.65.216 - - [31/Jul/2024:04:27:53 +0200] "GET /wordpress/wp-includes/wlwmanifest.xml HTTP/1.1" 404 196 "-" "Mozilla/5.0 (Windows NT 10.0; Win64; x64) AppleWebKit/537.36 (KHTML, like Gecko) Chrome/78.0.3904.108 Safari/537.36"
94.156.65.216 - - [31/Jul/2024:04:27:53 +0200] "GET /website/wp-includes/wlwmanifest.xml HTTP/1.1" 404 196 "-" "Mozilla/5.0 (Windows NT 10.0; Win64; x64) AppleWebKit/537.36 (KHTML, like Gecko) Chrome/78.0.3904.108 Safari/537.36"
94.156.65.216 - - [31/Jul/2024:04:27:53 +0200] "GET /wp/wp-includes/wlwmanifest.xml HTTP/1.1" 404 196 "-" "Mozilla/5.0 (Windows NT 10.0; Win64; x64) AppleWebKit/537.36 (KHTML, like Gecko) Chrome/78.0.3904.108 Safari/537.36"
94.156.65.216 - - [31/Jul/2024:04:27:53 +0200] "GET /news/wp-includes/wlwmanifest.xml HTTP/1.1" 404 196 "-" "Mozilla/5.0 (Windows NT 10.0; Win64; x64) AppleWebKit/537.36 (KHTML, like Gecko) Chrome/78.0.3904.108 Safari/537.36"
94.156.65.216 - - [31/Jul/2024:04:27:53 +0200] "GET /2018/wp-includes/wlwmanifest.xml HTTP/1.1" 404 196 "-" "Mozilla/5.0 (Windows NT 10.0; Win64; x64) AppleWebKit/537.36 (KHTML, like Gecko) Chrome/78.0.3904.108 Safari/537.36"
94.156.65.216 - - [31/Jul/2024:04:27:54 +0200] "GET /2019/wp-includes/wlwmanifest.xml HTTP/1.1" 404 196 "-" "Mozilla/5.0 (Windows NT 10.0; Win64; x64) AppleWebKit/537.36 (KHTML, like Gecko) Chrome/78.0.3904.108 Safari/537.36"
94.156.65.216 - - [31/Jul/2024:04:27:54 +0200] "GET /shop/wp-includes/wlwmanifest.xml HTTP/1.1" 404 196 "-" "Mozilla/5.0 (Windows NT 10.0; Win64; x64) AppleWebKit/537.36 (KHTML, like Gecko) Chrome/78.0.3904.108 Safari/537.36"
94.156.65.216 - - [31/Jul/2024:04:27:54 +0200] "GET /wp1/wp-includes/wlwmanifest.xml HTTP/1.1" 404 196 "-" "Mozilla/5.0 (Windows NT 10.0; Win64; x64) AppleWebKit/537.36 (KHTML, like Gecko) Chrome/78.0.3904.108 Safari/537.36"
94.156.65.216 - - [31/Jul/2024:04:27:54 +0200] "GET /test/wp-includes/wlwmanifest.xml HTTP/1.1" 404 196 "-" "Mozilla/5.0 (Windows NT 10.0; Win64; x64) AppleWebKit/537.36 (KHTML, like Gecko) Chrome/78.0.3904.108 Safari/537.36"
94.156.65.216 - - [31/Jul/2024:04:27:54 +0200] "GET /media/wp-includes/wlwmanifest.xml HTTP/1.1" 404 196 "-" "Mozilla/5.0 (Windows NT 10.0; Win64; x64) AppleWebKit/537.36 (KHTML, like Gecko) Chrome/78.0.3904.108 Safari/537.36"
94.156.65.216 - - [31/Jul/2024:04:27:54 +0200] "GET /wp2/wp-includes/wlwmanifest.xml HTTP/1.1" 404 196 "-" "Mozilla/5.0 (Windows NT 10.0; Win64; x64) AppleWebKit/537.36 (KHTML, like Gecko) Chrome/78.0.3904.108 Safari/537.36"
94.156.65.216 - - [31/Jul/2024:04:27:54 +0200] "GET /site/wp-includes/wlwmanifest.xml HTTP/1.1" 404 196 "-" "Mozilla/5.0 (Windows NT 10.0; Win64; x64) AppleWebKit/537.36 (KHTML, like Gecko) Chrome/78.0.3904.108 Safari/537.36"
94.156.65.216 - - [31/Jul/2024:04:27:54 +0200] "GET /cms/wp-includes/wlwmanifest.xml HTTP/1.1" 404 196 "-" "Mozilla/5.0 (Windows NT 10.0; Win64; x64) AppleWebKit/537.36 (KHTML, like Gecko) Chrome/78.0.3904.108 Safari/537.36"
94.156.65.216 - - [31/Jul/2024:04:27:54 +0200] "GET /sito/wp-includes/wlwmanifest.xml HTTP/1.1" 404 196 "-" "Mozilla/5.0 (Windows NT 10.0; Win64; x64) AppleWebKit/537.36 (KHTML, like Gecko) Chrome/78.0.3904.108 Safari/537.36"
66.249.79.224 - - [31/Jul/2024:04:46:09 +0200] "GET /login.php HTTP/1.1" 404 196 "-" "Mozilla/5.0 (Linux; Android 6.0.1; Nexus 5X Build/MMB29P) AppleWebKit/537.36 (KHTML, like Gecko) Chrome/126.0.6478.182 Mobile Safari/537.36 (compatible; Googlebot/2.1; +http://www.google.com/bot.html)"
66.249.79.224 - - [31/Jul/2024:04:49:40 +0200] "GET / HTTP/1.1" 403 199 "-" "Mozilla/5.0 (compatible; Googlebot/2.1; +http://www.google.com/bot.html)"
66.249.79.6 - - [31/Jul/2024:04:49:47 +0200] "GET / HTTP/1.1" 403 199 "-" "Mozilla/5.0 (compatible; Googlebot/2.1; +http://www.google.com/bot.html)"
66.249.79.6 - - [31/Jul/2024:05:36:47 +0200] "GET /items.php?pickup/O1816660 HTTP/1.1" 404 196 "-" "Mozilla/5.0 (Linux; Android 6.0.1; Nexus 5X Build/MMB29P) AppleWebKit/537.36 (KHTML, like Gecko) Chrome/126.0.6478.182 Mobile Safari/537.36 (compatible; Googlebot/2.1; +http://www.google.com/bot.html)"
114.119.157.177 - - [31/Jul/2024:06:01:05 +0200] "GET /login.php?id=415 HTTP/1.1" 404 196 "https://www.thelewale.in/category-thela.php?cat=Fast%20Food" "Mozilla/5.0 (Linux; Android 7.0;) AppleWebKit/537.36 (KHTML, like Gecko) Mobile Safari/537.36 (compatible; PetalBot;+https://webmaster.petalsearch.com/site/petalbot)"
40.77.167.71 - - [31/Jul/2024:06:05:32 +0200] "GET /category/300-645 HTTP/1.1" 404 196 "-" "Mozilla/5.0 AppleWebKit/537.36 (KHTML, like Gecko; compatible; bingbot/2.0; +http://www.bing.com/bingbot.htm) Chrome/116.0.1938.76 Safari/537.36"
66.249.79.7 - - [31/Jul/2024:06:19:59 +0200] "GET /items.php?pickup/A676520 HTTP/1.1" 404 196 "-" "Mozilla/5.0 (Linux; Android 6.0.1; Nexus 5X Build/MMB29P) AppleWebKit/537.36 (KHTML, like Gecko) Chrome/126.0.6478.182 Mobile Safari/537.36 (compatible; Googlebot/2.1; +http://www.google.com/bot.html)"
114.119.137.128 - - [31/Jul/2024:06:30:49 +0200] "GET /login.php?id=553 HTTP/1.1" 404 196 "https://www.thelewale.in/category-thela.php?cat=North%20Indian" "Mozilla/5.0 (Linux; Android 7.0;) AppleWebKit/537.36 (KHTML, like Gecko) Mobile Safari/537.36 (compatible; PetalBot;+https://webmaster.petalsearch.com/site/petalbot)"
114.119.137.128 - - [31/Jul/2024:06:35:50 +0200] "GET /ba-details.php?id=67 HTTP/1.1" 404 196 "https://www.thelewale.in/our-ba.php" "Mozilla/5.0 (Linux; Android 7.0;) AppleWebKit/537.36 (KHTML, like Gecko) Mobile Safari/537.36 (compatible; PetalBot;+https://webmaster.petalsearch.com/site/petalbot)"
114.119.159.19 - - [31/Jul/2024:06:40:48 +0200] "GET /panel_business/thelalist1.php?id=active HTTP/1.1" 404 196 "https://thelewale.in/panel_business/" "Mozilla/5.0 (Linux; Android 7.0;) AppleWebKit/537.36 (KHTML, like Gecko) Mobile Safari/537.36 (compatible; PetalBot;+https://webmaster.petalsearch.com/site/petalbot)"
66.249.79.8 - - [31/Jul/2024:06:54:46 +0200] "GET /items.php?pickup/T55789 HTTP/1.1" 404 196 "-" "Mozilla/5.0 (Linux; Android 6.0.1; Nexus 5X Build/MMB29P) AppleWebKit/537.36 (KHTML, like Gecko) Chrome/126.0.6478.182 Mobile Safari/537.36 (compatible; Googlebot/2.1; +http://www.google.com/bot.html)"
66.249.79.8 - - [31/Jul/2024:06:57:46 +0200] "GET /items.php?pickup/T55789 HTTP/1.1" 404 196 "-" "Mozilla/5.0 (Linux; Android 6.0.1; Nexus 5X Build/MMB29P) AppleWebKit/537.36 (KHTML, like Gecko) Chrome/126.0.6478.182 Mobile Safari/537.36 (compatible; GoogleOther)"
66.249.79.6 - - [31/Jul/2024:07:04:32 +0200] "GET /items.php?pickup/Y1045120 HTTP/1.1" 404 196 "-" "Mozilla/5.0 (Linux; Android 6.0.1; Nexus 5X Build/MMB29P) AppleWebKit/537.36 (KHTML, like Gecko) Chrome/126.0.6478.182 Mobile Safari/537.36 (compatible; Googlebot/2.1; +http://www.google.com/bot.html)"
114.119.153.38 - - [31/Jul/2024:07:15:55 +0200] "GET /userimg/7417895208A.jpg HTTP/1.1" 404 196 "https://www.thelewale.in/category-thela.php?cat=Chinese" "Mozilla/5.0 (Linux; Android 7.0;) AppleWebKit/537.36 (KHTML, like Gecko) Mobile Safari/537.36 (compatible; PetalBot;+https://webmaster.petalsearch.com/site/petalbot)"
160.22.84.202 - - [31/Jul/2024:07:18:14 +0200] "GET / HTTP/1.1" 403 199 "-" "Mozilla/5.0 (Linux; Android 10; K) AppleWebKit/537.36 (KHTML, like Gecko) Chrome/126.0.0.0 Mobile Safari/537.36"
160.22.84.202 - - [31/Jul/2024:07:18:15 +0200] "GET /favicon.ico HTTP/1.1" 404 196 "https://thelewale.in/" "Mozilla/5.0 (Linux; Android 10; K) AppleWebKit/537.36 (KHTML, like Gecko) Chrome/126.0.0.0 Mobile Safari/537.36"
40.77.167.25 - - [31/Jul/2024:07:26:09 +0200] "GET /category/2439 HTTP/1.1" 404 196 "-" "Mozilla/5.0 AppleWebKit/537.36 (KHTML, like Gecko; compatible; bingbot/2.0; +http://www.bing.com/bingbot.htm) Chrome/116.0.1938.76 Safari/537.36"
49.43.153.9 - - [31/Jul/2024:07:31:41 +0200] "GET / HTTP/1.1" 200 3418 "-" "Mozilla/5.0 (Windows NT 10.0; Win64; x64) AppleWebKit/537.36 (KHTML, like Gecko) Chrome/127.0.0.0 Safari/537.36"
49.43.153.9 - - [31/Jul/2024:07:31:41 +0200] "GET /assets/css/bootstrap.min.css HTTP/1.1" 200 23960 "https://thelewale.in/" "Mozilla/5.0 (Windows NT 10.0; Win64; x64) AppleWebKit/537.36 (KHTML, like Gecko) Chrome/127.0.0.0 Safari/537.36"
49.43.153.9 - - [31/Jul/2024:07:31:41 +0200] "GET /assets/css/jquery.fancybox.min.css HTTP/1.1" 200 3096 "https://thelewale.in/" "Mozilla/5.0 (Windows NT 10.0; Win64; x64) AppleWebKit/537.36 (KHTML, like Gecko) Chrome/127.0.0.0 Safari/537.36"
49.43.153.9 - - [31/Jul/2024:07:31:41 +0200] "GET /assets/css/fontawesome.min.css HTTP/1.1" 200 22978 "https://thelewale.in/" "Mozilla/5.0 (Windows NT 10.0; Win64; x64) AppleWebKit/537.36 (KHTML, like Gecko) Chrome/127.0.0.0 Safari/537.36"
49.43.153.9 - - [31/Jul/2024:07:31:41 +0200] "GET /assets/css/style.css HTTP/1.1" 200 15358 "https://thelewale.in/" "Mozilla/5.0 (Windows NT 10.0; Win64; x64) AppleWebKit/537.36 (KHTML, like Gecko) Chrome/127.0.0.0 Safari/537.36"
49.43.153.9 - - [31/Jul/2024:07:31:41 +0200] "GET /assets/css/responsive.css HTTP/1.1" 200 5803 "https://thelewale.in/" "Mozilla/5.0 (Windows NT 10.0; Win64; x64) AppleWebKit/537.36 (KHTML, like Gecko) Chrome/127.0.0.0 Safari/537.36"
49.43.153.9 - - [31/Jul/2024:07:31:41 +0200] "GET /assets/css/color.css HTTP/1.1" 200 1107 "https://thelewale.in/" "Mozilla/5.0 (Windows NT 10.0; Win64; x64) AppleWebKit/537.36 (KHTML, like Gecko) Chrome/127.0.0.0 Safari/537.36"
49.43.153.9 - - [31/Jul/2024:07:31:41 +0200] "GET /assets/js/jquery-3.6.0.min.js HTTP/1.1" 200 30902 "https://thelewale.in/" "Mozilla/5.0 (Windows NT 10.0; Win64; x64) AppleWebKit/537.36 (KHTML, like Gecko) Chrome/127.0.0.0 Safari/537.36"
49.43.153.9 - - [31/Jul/2024:07:31:41 +0200] "GET /assets/js/preloader.js HTTP/1.1" 200 107 "https://thelewale.in/" "Mozilla/5.0 (Windows NT 10.0; Win64; x64) AppleWebKit/537.36 (KHTML, like Gecko) Chrome/127.0.0.0 Safari/537.36"
49.43.153.9 - - [31/Jul/2024:07:31:41 +0200] "GET /logos.png HTTP/1.1" 200 30158 "https://thelewale.in/" "Mozilla/5.0 (Windows NT 10.0; Win64; x64) AppleWebKit/537.36 (KHTML, like Gecko) Chrome/127.0.0.0 Safari/537.36"
49.43.153.9 - - [31/Jul/2024:07:31:41 +0200] "GET /assets/img/remove.svg HTTP/1.1" 200 402 "https://thelewale.in/assets/css/style.css" "Mozilla/5.0 (Windows NT 10.0; Win64; x64) AppleWebKit/537.36 (KHTML, like Gecko) Chrome/127.0.0.0 Safari/537.36"
49.43.153.9 - - [31/Jul/2024:07:35:08 +0200] "GET / HTTP/1.1" 200 13521 "-" "Mozilla/5.0 (Windows NT 10.0; Win64; x64) AppleWebKit/537.36 (KHTML, like Gecko) Chrome/127.0.0.0 Safari/537.36"
49.43.153.9 - - [31/Jul/2024:07:35:08 +0200] "GET /admins/product/06-22-2023-05-39-02gola1.jpg HTTP/1.1" 200 122185 "https://thelewale.in/" "Mozilla/5.0 (Windows NT 10.0; Win64; x64) AppleWebKit/537.36 (KHTML, like Gecko) Chrome/127.0.0.0 Safari/537.36"
49.43.153.9 - - [31/Jul/2024:07:35:08 +0200] "GET /assets/js/owl.carousel.min.js HTTP/1.1" 200 11412 "https://thelewale.in/" "Mozilla/5.0 (Windows NT 10.0; Win64; x64) AppleWebKit/537.36 (KHTML, like Gecko) Chrome/127.0.0.0 Safari/537.36"
49.43.153.9 - - [31/Jul/2024:07:35:08 +0200] "GET /assets/js/bootstrap.min.js HTTP/1.1" 200 16361 "https://thelewale.in/" "Mozilla/5.0 (Windows NT 10.0; Win64; x64) AppleWebKit/537.36 (KHTML, like Gecko) Chrome/127.0.0.0 Safari/537.36"
49.43.153.9 - - [31/Jul/2024:07:35:08 +0200] "GET /assets/js/contact.js HTTP/1.1" 200 512 "https://thelewale.in/" "Mozilla/5.0 (Windows NT 10.0; Win64; x64) AppleWebKit/537.36 (KHTML, like Gecko) Chrome/127.0.0.0 Safari/537.36"
49.43.153.9 - - [31/Jul/2024:07:35:08 +0200] "GET /assets/js/jquery.fancybox.min.js HTTP/1.1" 200 22013 "https://thelewale.in/" "Mozilla/5.0 (Windows NT 10.0; Win64; x64) AppleWebKit/537.36 (KHTML, like Gecko) Chrome/127.0.0.0 Safari/537.36"
49.43.153.9 - - [31/Jul/2024:07:35:08 +0200] "GET /assets/js/sweetalert.min.js HTTP/1.1" 200 11867 "https://thelewale.in/" "Mozilla/5.0 (Windows NT 10.0; Win64; x64) AppleWebKit/537.36 (KHTML, like Gecko) Chrome/127.0.0.0 Safari/537.36"
49.43.153.9 - - [31/Jul/2024:07:35:08 +0200] "GET /admins/product/05-08-2023-05-52-31drink.jpeg HTTP/1.1" 200 105116 "https://thelewale.in/" "Mozilla/5.0 (Windows NT 10.0; Win64; x64) AppleWebKit/537.36 (KHTML, like Gecko) Chrome/127.0.0.0 Safari/537.36"
49.43.153.9 - - [31/Jul/2024:07:35:08 +0200] "GET /admins/product/05-08-2023-05-50-18mithaooooo.jpg HTTP/1.1" 200 22847 "https://thelewale.in/" "Mozilla/5.0 (Windows NT 10.0; Win64; x64) AppleWebKit/537.36 (KHTML, like Gecko) Chrome/127.0.0.0 Safari/537.36"
49.43.153.9 - - [31/Jul/2024:07:35:08 +0200] "GET /admins/product/southindiadish.jpg HTTP/1.1" 200 251650 "https://thelewale.in/" "Mozilla/5.0 (Windows NT 10.0; Win64; x64) AppleWebKit/537.36 (KHTML, like Gecko) Chrome/127.0.0.0 Safari/537.36"
49.43.153.9 - - [31/Jul/2024:07:35:08 +0200] "GET /admins/product/05-08-2023-05-53-56bevrage.jpg HTTP/1.1" 200 52774 "https://thelewale.in/" "Mozilla/5.0 (Windows NT 10.0; Win64; x64) AppleWebKit/537.36 (KHTML, like Gecko) Chrome/127.0.0.0 Safari/537.36"
49.43.153.9 - - [31/Jul/2024:07:35:08 +0200] "GET /admins/product/05-08-2023-06-00-03tandoori.jpg HTTP/1.1" 200 241399 "https://thelewale.in/" "Mozilla/5.0 (Windows NT 10.0; Win64; x64) AppleWebKit/537.36 (KHTML, like Gecko) Chrome/127.0.0.0 Safari/537.36"
49.43.153.9 - - [31/Jul/2024:07:35:08 +0200] "GET /admins/product/05-08-2023-05-18-43icecream.jpg HTTP/1.1" 200 100552 "https://thelewale.in/" "Mozilla/5.0 (Windows NT 10.0; Win64; x64) AppleWebKit/537.36 (KHTML, like Gecko) Chrome/127.0.0.0 Safari/537.36"
49.43.153.9 - - [31/Jul/2024:07:35:08 +0200] "GET /admins/product/05-08-2023-05-57-44north.jpg HTTP/1.1" 200 121092 "https://thelewale.in/" "Mozilla/5.0 (Windows NT 10.0; Win64; x64) AppleWebKit/537.36 (KHTML, like Gecko) Chrome/127.0.0.0 Safari/537.36"
49.43.153.9 - - [31/Jul/2024:07:35:08 +0200] "GET /admins/product/05-08-2023-06-01-26chenies.jpg HTTP/1.1" 200 104906 "https://thelewale.in/" "Mozilla/5.0 (Windows NT 10.0; Win64; x64) AppleWebKit/537.36 (KHTML, like Gecko) Chrome/127.0.0.0 Safari/537.36"
49.43.153.9 - - [31/Jul/2024:07:35:08 +0200] "GET /admins/product/05-08-2023-06-03-14chaat.jpg HTTP/1.1" 200 61359 "https://thelewale.in/" "Mozilla/5.0 (Windows NT 10.0; Win64; x64) AppleWebKit/537.36 (KHTML, like Gecko) Chrome/127.0.0.0 Safari/537.36"
49.43.153.9 - - [31/Jul/2024:07:35:08 +0200] "GET /admins/product/05-08-2023-06-04-52fast.jpg HTTP/1.1" 200 123103 "https://thelewale.in/" "Mozilla/5.0 (Windows NT 10.0; Win64; x64) AppleWebKit/537.36 (KHTML, like Gecko) Chrome/127.0.0.0 Safari/537.36"
49.43.153.9 - - [31/Jul/2024:07:35:08 +0200] "GET /assets/img/arrow-2.png HTTP/1.1" 200 4474 "https://thelewale.in/" "Mozilla/5.0 (Windows NT 10.0; Win64; x64) AppleWebKit/537.36 (KHTML, like Gecko) Chrome/127.0.0.0 Safari/537.36"
49.43.153.9 - - [31/Jul/2024:07:35:08 +0200] "GET /assets/img/home/2(350x%20506).png HTTP/1.1" 200 334324 "https://thelewale.in/" "Mozilla/5.0 (Windows NT 10.0; Win64; x64) AppleWebKit/537.36 (KHTML, like Gecko) Chrome/127.0.0.0 Safari/537.36"
49.43.153.9 - - [31/Jul/2024:07:35:08 +0200] "GET /assets/img/home/how%20we%20work%20image.png HTTP/1.1" 200 138614 "https://thelewale.in/" "Mozilla/5.0 (Windows NT 10.0; Win64; x64) AppleWebKit/537.36 (KHTML, like Gecko) Chrome/127.0.0.0 Safari/537.36"
49.43.153.9 - - [31/Jul/2024:07:35:08 +0200] "GET /assets/img/home/WHY%20THELEWALA%20APP%20IS%20THE%20BEST.png HTTP/1.1" 200 72661 "https://thelewale.in/" "Mozilla/5.0 (Windows NT 10.0; Win64; x64) AppleWebKit/537.36 (KHTML, like Gecko) Chrome/127.0.0.0 Safari/537.36"
49.43.153.9 - - [31/Jul/2024:07:35:08 +0200] "GET /assets/img/home/1(350x506).png HTTP/1.1" 200 369565 "https://thelewale.in/" "Mozilla/5.0 (Windows NT 10.0; Win64; x64) AppleWebKit/537.36 (KHTML, like Gecko) Chrome/127.0.0.0 Safari/537.36"
49.43.153.9 - - [31/Jul/2024:07:35:08 +0200] "GET /assets/fonts/fa-solid-900.woff2 HTTP/1.1" 200 150516 "https://thelewale.in/assets/css/fontawesome.min.css" "Mozilla/5.0 (Windows NT 10.0; Win64; x64) AppleWebKit/537.36 (KHTML, like Gecko) Chrome/127.0.0.0 Safari/537.36"
49.43.153.9 - - [31/Jul/2024:07:35:08 +0200] "GET /assets/fonts/fa-brands-400.woff2 HTTP/1.1" 200 107656 "https://thelewale.in/assets/css/fontawesome.min.css" "Mozilla/5.0 (Windows NT 10.0; Win64; x64) AppleWebKit/537.36 (KHTML, like Gecko) Chrome/127.0.0.0 Safari/537.36"
49.43.153.9 - - [31/Jul/2024:07:35:09 +0200] "GET /assets/img/patron.jpg HTTP/1.1" 200 35823 "https://thelewale.in/" "Mozilla/5.0 (Windows NT 10.0; Win64; x64) AppleWebKit/537.36 (KHTML, like Gecko) Chrome/127.0.0.0 Safari/537.36"
49.43.153.9 - - [31/Jul/2024:07:35:09 +0200] "GET /assets/img/hero-2.jpg HTTP/1.1" 200 101244 "https://thelewale.in/" "Mozilla/5.0 (Windows NT 10.0; Win64; x64) AppleWebKit/537.36 (KHTML, like Gecko) Chrome/127.0.0.0 Safari/537.36"
49.43.153.9 - - [31/Jul/2024:07:35:09 +0200] "GET /assets/img/hero-3.jpg HTTP/1.1" 200 306108 "https://thelewale.in/" "Mozilla/5.0 (Windows NT 10.0; Win64; x64) AppleWebKit/537.36 (KHTML, like Gecko) Chrome/127.0.0.0 Safari/537.36"
49.43.153.9 - - [31/Jul/2024:07:35:09 +0200] "GET /assets/img/hero-4.jpg HTTP/1.1" 200 206935 "https://thelewale.in/" "Mozilla/5.0 (Windows NT 10.0; Win64; x64) AppleWebKit/537.36 (KHTML, like Gecko) Chrome/127.0.0.0 Safari/537.36"
49.43.153.9 - - [31/Jul/2024:07:35:09 +0200] "GET /assets/img/footer.png HTTP/1.1" 200 84754 "https://thelewale.in/" "Mozilla/5.0 (Windows NT 10.0; Win64; x64) AppleWebKit/537.36 (KHTML, like Gecko) Chrome/127.0.0.0 Safari/537.36"
49.43.153.9 - - [31/Jul/2024:07:35:09 +0200] "GET /assets/img/hero-1.jpg HTTP/1.1" 200 547645 "https://thelewale.in/" "Mozilla/5.0 (Windows NT 10.0; Win64; x64) AppleWebKit/537.36 (KHTML, like Gecko) Chrome/127.0.0.0 Safari/537.36"
49.43.153.9 - - [31/Jul/2024:07:35:09 +0200] "GET /assets/img/logo-icon.png HTTP/1.1" 200 1686 "https://thelewale.in/" "Mozilla/5.0 (Windows NT 10.0; Win64; x64) AppleWebKit/537.36 (KHTML, like Gecko) Chrome/127.0.0.0 Safari/537.36"
49.43.153.9 - - [31/Jul/2024:07:35:09 +0200] "POST /allthela.php HTTP/1.1" 200 225 "https://thelewale.in/" "Mozilla/5.0 (Windows NT 10.0; Win64; x64) AppleWebKit/537.36 (KHTML, like Gecko) Chrome/127.0.0.0 Safari/537.36"
49.43.153.9 - - [31/Jul/2024:07:35:09 +0200] "POST /ss.php HTTP/1.1" 200 386 "https://thelewale.in/" "Mozilla/5.0 (Windows NT 10.0; Win64; x64) AppleWebKit/537.36 (KHTML, like Gecko) Chrome/127.0.0.0 Safari/537.36"
49.43.153.9 - - [31/Jul/2024:07:35:09 +0200] "GET /assets/css/owl.theme.default.min.css HTTP/1.1" 200 479 "https://thelewale.in/" "Mozilla/5.0 (Windows NT 10.0; Win64; x64) AppleWebKit/537.36 (KHTML, like Gecko) Chrome/127.0.0.0 Safari/537.36"
49.43.153.9 - - [31/Jul/2024:07:35:09 +0200] "GET /assets/css/owl.carousel.min.css HTTP/1.1" 200 1068 "https://thelewale.in/" "Mozilla/5.0 (Windows NT 10.0; Win64; x64) AppleWebKit/537.36 (KHTML, like Gecko) Chrome/127.0.0.0 Safari/537.36"
49.43.153.9 - - [31/Jul/2024:07:35:09 +0200] "GET /assets/js/custom.js HTTP/1.1" 200 2601 "https://thelewale.in/" "Mozilla/5.0 (Windows NT 10.0; Win64; x64) AppleWebKit/537.36 (KHTML, like Gecko) Chrome/127.0.0.0 Safari/537.36"
49.43.153.9 - - [31/Jul/2024:07:35:09 +0200] "GET /admins/product/05-10-2023-11-53-14hero-1.jpg HTTP/1.1" 200 547645 "https://thelewale.in/" "Mozilla/5.0 (Windows NT 10.0; Win64; x64) AppleWebKit/537.36 (KHTML, like Gecko) Chrome/127.0.0.0 Safari/537.36"
49.43.153.9 - - [31/Jul/2024:07:35:09 +0200] "GET /admins/product/05-03-2023-06-51-543%20(3).jpg HTTP/1.1" 200 1022056 "https://thelewale.in/" "Mozilla/5.0 (Windows NT 10.0; Win64; x64) AppleWebKit/537.36 (KHTML, like Gecko) Chrome/127.0.0.0 Safari/537.36"
49.43.153.9 - - [31/Jul/2024:07:35:09 +0200] "GET /admins/product/05-03-2023-06-52-064%20(3).jpg HTTP/1.1" 200 1094194 "https://thelewale.in/" "Mozilla/5.0 (Windows NT 10.0; Win64; x64) AppleWebKit/537.36 (KHTML, like Gecko) Chrome/127.0.0.0 Safari/537.36"
49.43.153.9 - - [31/Jul/2024:07:35:09 +0200] "GET /admins/product/05-03-2023-06-51-452%20(2).jpg HTTP/1.1" 200 1137979 "https://thelewale.in/" "Mozilla/5.0 (Windows NT 10.0; Win64; x64) AppleWebKit/537.36 (KHTML, like Gecko) Chrome/127.0.0.0 Safari/537.36"
49.43.153.9 - - [31/Jul/2024:07:35:10 +0200] "GET /admins/product/05-03-2023-06-51-361%20(2).jpg HTTP/1.1" 200 714926 "https://thelewale.in/" "Mozilla/5.0 (Windows NT 10.0; Win64; x64) AppleWebKit/537.36 (KHTML, like Gecko) Chrome/127.0.0.0 Safari/537.36"
49.43.153.9 - - [31/Jul/2024:07:35:09 +0200] "GET /admins/product/11-20-2023-09-04-20slider%20image%201.png HTTP/1.1" 200 2276068 "https://thelewale.in/" "Mozilla/5.0 (Windows NT 10.0; Win64; x64) AppleWebKit/537.36 (KHTML, like Gecko) Chrome/127.0.0.0 Safari/537.36"
49.43.153.9 - - [31/Jul/2024:07:35:09 +0200] "GET /admins/product/11-20-2023-09-04-38slider%20image%202.png HTTP/1.1" 200 3113098 "https://thelewale.in/" "Mozilla/5.0 (Windows NT 10.0; Win64; x64) AppleWebKit/537.36 (KHTML, like Gecko) Chrome/127.0.0.0 Safari/537.36"
114.119.157.177 - - [31/Jul/2024:07:36:39 +0200] "GET /login.php?id=414 HTTP/1.1" 200 4108 "https://www.thelewale.in/category-thela.php?cat=North%20Indian" "Mozilla/5.0 (Linux; Android 7.0;) AppleWebKit/537.36 (KHTML, like Gecko) Mobile Safari/537.36 (compatible; PetalBot;+https://webmaster.petalsearch.com/site/petalbot)"
49.43.153.9 - - [31/Jul/2024:07:37:23 +0200] "GET /news.php HTTP/1.1" 200 3690 "https://thelewale.in/" "Mozilla/5.0 (Windows NT 10.0; Win64; x64) AppleWebKit/537.36 (KHTML, like Gecko) Chrome/127.0.0.0 Safari/537.36"
49.43.153.9 - - [31/Jul/2024:07:37:24 +0200] "GET /assets/img/featured-dishes-1.png HTTP/1.1" 200 35420 "https://thelewale.in/news.php" "Mozilla/5.0 (Windows NT 10.0; Win64; x64) AppleWebKit/537.36 (KHTML, like Gecko) Chrome/127.0.0.0 Safari/537.36"
49.43.153.9 - - [31/Jul/2024:07:37:24 +0200] "GET /assets/img/commanbanner.png HTTP/1.1" 200 653968 "https://thelewale.in/news.php" "Mozilla/5.0 (Windows NT 10.0; Win64; x64) AppleWebKit/537.36 (KHTML, like Gecko) Chrome/127.0.0.0 Safari/537.36"
49.43.153.9 - - [31/Jul/2024:07:37:30 +0200] "GET /our-ba.php HTTP/1.1" 200 3955 "https://thelewale.in/news.php" "Mozilla/5.0 (Windows NT 10.0; Win64; x64) AppleWebKit/537.36 (KHTML, like Gecko) Chrome/127.0.0.0 Safari/537.36"
49.43.153.9 - - [31/Jul/2024:07:37:30 +0200] "GET /noimg.jpg HTTP/1.1" 200 71659 "https://thelewale.in/our-ba.php" "Mozilla/5.0 (Windows NT 10.0; Win64; x64) AppleWebKit/537.36 (KHTML, like Gecko) Chrome/127.0.0.0 Safari/537.36"
49.43.153.9 - - [31/Jul/2024:07:37:30 +0200] "GET /userimg/1061709288723E.jpg HTTP/1.1" 200 11340 "https://thelewale.in/our-ba.php" "Mozilla/5.0 (Windows NT 10.0; Win64; x64) AppleWebKit/537.36 (KHTML, like Gecko) Chrome/127.0.0.0 Safari/537.36"
49.43.153.9 - - [31/Jul/2024:07:37:30 +0200] "GET /userimg/1031706266476E.jpg HTTP/1.1" 200 112976 "https://thelewale.in/our-ba.php" "Mozilla/5.0 (Windows NT 10.0; Win64; x64) AppleWebKit/537.36 (KHTML, like Gecko) Chrome/127.0.0.0 Safari/537.36"
49.43.153.9 - - [31/Jul/2024:07:37:30 +0200] "GET /userimg/1011706010865E.jpg HTTP/1.1" 200 72942 "https://thelewale.in/our-ba.php" "Mozilla/5.0 (Windows NT 10.0; Win64; x64) AppleWebKit/537.36 (KHTML, like Gecko) Chrome/127.0.0.0 Safari/537.36"
49.43.153.9 - - [31/Jul/2024:07:37:30 +0200] "GET /userimg/961686486096E.jpg HTTP/1.1" 200 383037 "https://thelewale.in/our-ba.php" "Mozilla/5.0 (Windows NT 10.0; Win64; x64) AppleWebKit/537.36 (KHTML, like Gecko) Chrome/127.0.0.0 Safari/537.36"
49.43.153.9 - - [31/Jul/2024:07:37:30 +0200] "GET /userimg/951686461979E.jpg HTTP/1.1" 200 443109 "https://thelewale.in/our-ba.php" "Mozilla/5.0 (Windows NT 10.0; Win64; x64) AppleWebKit/537.36 (KHTML, like Gecko) Chrome/127.0.0.0 Safari/537.36"
49.43.153.9 - - [31/Jul/2024:07:37:40 +0200] "GET /contact.php HTTP/1.1" 200 3980 "https://thelewale.in/our-ba.php" "Mozilla/5.0 (Windows NT 10.0; Win64; x64) AppleWebKit/537.36 (KHTML, like Gecko) Chrome/127.0.0.0 Safari/537.36"
66.249.79.7 - - [31/Jul/2024:07:41:07 +0200] "GET /items.php?pickup/I881252 HTTP/1.1" 200 1028 "-" "Mozilla/5.0 (Linux; Android 6.0.1; Nexus 5X Build/MMB29P) AppleWebKit/537.36 (KHTML, like Gecko) Chrome/126.0.6478.182 Mobile Safari/537.36 (compatible; Googlebot/2.1; +http://www.google.com/bot.html)"
114.119.139.25 - - [31/Jul/2024:07:41:37 +0200] "GET /panel_business/status.php HTTP/1.1" 302 6479 "https://thelewale.in/panel_business/contact.php" "Mozilla/5.0 (Linux; Android 7.0;) AppleWebKit/537.36 (KHTML, like Gecko) Mobile Safari/537.36 (compatible; PetalBot;+https://webmaster.petalsearch.com/site/petalbot)"
114.119.139.25 - - [31/Jul/2024:07:41:38 +0200] "GET /panel_business/login.php HTTP/1.1" 200 2046 "https://thelewale.in/panel_business/contact.php" "Mozilla/5.0 (Linux; Android 7.0;) AppleWebKit/537.36 (KHTML, like Gecko) Mobile Safari/537.36 (compatible; PetalBot;+https://webmaster.petalsearch.com/site/petalbot)"
114.119.136.137 - - [31/Jul/2024:07:55:49 +0200] "GET /panel_business/withdrawal.php HTTP/1.1" 302 15787 "https://thelewale.in/panel_business/contact.php" "Mozilla/5.0 (Linux; Android 7.0;) AppleWebKit/537.36 (KHTML, like Gecko) Mobile Safari/537.36 (compatible; PetalBot;+https://webmaster.petalsearch.com/site/petalbot)"
