66.249.79.7 - - [02/Aug/2024:23:17:25 +0200] "GET /assets/js/preloader.js HTTP/1.1" 200 107 "https://www.thelewale.in/login.php?id=415" "Mozilla/5.0 (Linux; Android 6.0.1; Nexus 5X Build/MMB29P) AppleWebKit/537.36 (KHTML, like Gecko) Chrome/126.0.6478.182 Mobile Safari/537.36 (compatible; Googlebot/2.1; +http://www.google.com/bot.html)"
66.249.79.7 - - [02/Aug/2024:23:17:26 +0200] "GET /assets/img/remove.svg HTTP/1.1" 200 402 "https://www.thelewale.in/assets/css/style.css" "Mozilla/5.0 (Linux; Android 6.0.1; Nexus 5X Build/MMB29P) AppleWebKit/537.36 (KHTML, like Gecko) Chrome/126.0.6478.182 Mobile Safari/537.36 (compatible; Googlebot/2.1; +http://www.google.com/bot.html)"
66.249.79.7 - - [02/Aug/2024:23:21:16 +0200] "GET / HTTP/1.1" 200 13521 "-" "Mozilla/5.0 (compatible; Googlebot/2.1; +http://www.google.com/bot.html)"
66.249.79.7 - - [02/Aug/2024:23:21:20 +0200] "GET /assets/js/owl.carousel.min.js HTTP/1.1" 200 11412 "https://www.thelewale.in/" "Mozilla/5.0 AppleWebKit/537.36 (KHTML, like Gecko; compatible; Googlebot/2.1; +http://www.google.com/bot.html) Chrome/126.0.6478.182 Safari/537.36"
66.249.79.7 - - [02/Aug/2024:23:21:20 +0200] "GET /assets/js/bootstrap.min.js HTTP/1.1" 200 16361 "https://www.thelewale.in/" "Mozilla/5.0 AppleWebKit/537.36 (KHTML, like Gecko; compatible; Googlebot/2.1; +http://www.google.com/bot.html) Chrome/126.0.6478.182 Safari/537.36"
66.249.79.7 - - [02/Aug/2024:23:21:20 +0200] "GET /assets/js/preloader.js HTTP/1.1" 200 107 "https://www.thelewale.in/" "Mozilla/5.0 AppleWebKit/537.36 (KHTML, like Gecko; compatible; Googlebot/2.1; +http://www.google.com/bot.html) Chrome/126.0.6478.182 Safari/537.36"
66.249.79.7 - - [02/Aug/2024:23:21:21 +0200] "GET /assets/js/jquery-3.6.0.min.js HTTP/1.1" 200 30902 "https://www.thelewale.in/" "Mozilla/5.0 AppleWebKit/537.36 (KHTML, like Gecko; compatible; Googlebot/2.1; +http://www.google.com/bot.html) Chrome/126.0.6478.182 Safari/537.36"
66.249.79.6 - - [02/Aug/2024:23:21:22 +0200] "GET /assets/css/style.css HTTP/1.1" 200 15358 "https://www.thelewale.in/" "Mozilla/5.0 AppleWebKit/537.36 (KHTML, like Gecko; compatible; Googlebot/2.1; +http://www.google.com/bot.html) Chrome/126.0.6478.182 Safari/537.36"
66.249.79.7 - - [02/Aug/2024:23:21:24 +0200] "GET /assets/js/jquery.fancybox.min.js HTTP/1.1" 200 22013 "https://www.thelewale.in/" "Mozilla/5.0 AppleWebKit/537.36 (KHTML, like Gecko; compatible; Googlebot/2.1; +http://www.google.com/bot.html) Chrome/126.0.6478.182 Safari/537.36"
66.249.79.6 - - [02/Aug/2024:23:21:25 +0200] "GET /assets/css/responsive.css HTTP/1.1" 200 5803 "https://www.thelewale.in/" "Mozilla/5.0 AppleWebKit/537.36 (KHTML, like Gecko; compatible; Googlebot/2.1; +http://www.google.com/bot.html) Chrome/126.0.6478.182 Safari/537.36"
66.249.79.6 - - [02/Aug/2024:23:21:26 +0200] "GET /assets/css/fontawesome.min.css HTTP/1.1" 200 22978 "https://www.thelewale.in/" "Mozilla/5.0 AppleWebKit/537.36 (KHTML, like Gecko; compatible; Googlebot/2.1; +http://www.google.com/bot.html) Chrome/126.0.6478.182 Safari/537.36"
66.249.79.6 - - [02/Aug/2024:23:21:27 +0200] "GET /assets/css/jquery.fancybox.min.css HTTP/1.1" 200 3096 "https://www.thelewale.in/" "Mozilla/5.0 AppleWebKit/537.36 (KHTML, like Gecko; compatible; Googlebot/2.1; +http://www.google.com/bot.html) Chrome/126.0.6478.182 Safari/537.36"
66.249.79.6 - - [02/Aug/2024:23:21:28 +0200] "GET /assets/css/bootstrap.min.css HTTP/1.1" 200 23960 "https://www.thelewale.in/" "Mozilla/5.0 AppleWebKit/537.36 (KHTML, like Gecko; compatible; Googlebot/2.1; +http://www.google.com/bot.html) Chrome/126.0.6478.182 Safari/537.36"
66.249.79.6 - - [02/Aug/2024:23:21:29 +0200] "GET /assets/js/contact.js HTTP/1.1" 200 512 "https://www.thelewale.in/" "Mozilla/5.0 AppleWebKit/537.36 (KHTML, like Gecko; compatible; Googlebot/2.1; +http://www.google.com/bot.html) Chrome/126.0.6478.182 Safari/537.36"
66.249.79.6 - - [02/Aug/2024:23:21:30 +0200] "GET /assets/css/color.css HTTP/1.1" 200 1107 "https://www.thelewale.in/" "Mozilla/5.0 AppleWebKit/537.36 (KHTML, like Gecko; compatible; Googlebot/2.1; +http://www.google.com/bot.html) Chrome/126.0.6478.182 Safari/537.36"
66.249.79.6 - - [02/Aug/2024:23:21:30 +0200] "GET /assets/js/sweetalert.min.js HTTP/1.1" 200 11867 "https://www.thelewale.in/" "Mozilla/5.0 AppleWebKit/537.36 (KHTML, like Gecko; compatible; Googlebot/2.1; +http://www.google.com/bot.html) Chrome/126.0.6478.182 Safari/537.36"
66.249.79.6 - - [02/Aug/2024:23:21:40 +0200] "GET /assets/img/remove.svg HTTP/1.1" 200 402 "https://www.thelewale.in/assets/css/style.css" "Mozilla/5.0 AppleWebKit/537.36 (KHTML, like Gecko; compatible; Googlebot/2.1; +http://www.google.com/bot.html) Chrome/126.0.6478.182 Safari/537.36"
66.249.79.6 - - [02/Aug/2024:23:21:41 +0200] "GET /assets/fonts/fa-solid-900.woff2 HTTP/1.1" 200 150516 "https://www.thelewale.in/assets/css/fontawesome.min.css" "Mozilla/5.0 AppleWebKit/537.36 (KHTML, like Gecko; compatible; Googlebot/2.1; +http://www.google.com/bot.html) Chrome/126.0.6478.182 Safari/537.36"
66.249.79.6 - - [02/Aug/2024:23:21:44 +0200] "GET /assets/fonts/fa-brands-400.woff2 HTTP/1.1" 200 107656 "https://www.thelewale.in/assets/css/fontawesome.min.css" "Mozilla/5.0 AppleWebKit/537.36 (KHTML, like Gecko; compatible; Googlebot/2.1; +http://www.google.com/bot.html) Chrome/126.0.6478.182 Safari/537.36"
114.119.156.85 - - [02/Aug/2024:23:25:17 +0200] "GET /panel_business/supportlist.php HTTP/1.1" 302 12250 "https://thelewale.in/panel_business/contact.php" "Mozilla/5.0 (Linux; Android 7.0;) AppleWebKit/537.36 (KHTML, like Gecko) Mobile Safari/537.36 (compatible; PetalBot;+https://webmaster.petalsearch.com/site/petalbot)"
114.119.156.85 - - [02/Aug/2024:23:25:17 +0200] "GET /panel_business/login.php HTTP/1.1" 200 2046 "https://thelewale.in/panel_business/contact.php" "Mozilla/5.0 (Linux; Android 7.0;) AppleWebKit/537.36 (KHTML, like Gecko) Mobile Safari/537.36 (compatible; PetalBot;+https://webmaster.petalsearch.com/site/petalbot)"
66.249.79.8 - - [02/Aug/2024:23:26:22 +0200] "GET /login.php HTTP/1.1" 200 4095 "-" "Mozilla/5.0 (Linux; Android 6.0.1; Nexus 5X Build/MMB29P) AppleWebKit/537.36 (KHTML, like Gecko) Chrome/126.0.6478.182 Mobile Safari/537.36 (compatible; Googlebot/2.1; +http://www.google.com/bot.html)"
66.249.79.224 - - [02/Aug/2024:23:26:31 +0200] "GET /assets/css/fontawesome.min.css HTTP/1.1" 200 22978 "https://www.thelewale.in/login.php" "Mozilla/5.0 (Linux; Android 6.0.1; Nexus 5X Build/MMB29P) AppleWebKit/537.36 (KHTML, like Gecko) Chrome/126.0.6478.182 Mobile Safari/537.36 (compatible; Googlebot/2.1; +http://www.google.com/bot.html)"
66.249.79.226 - - [02/Aug/2024:23:31:38 +0200] "GET / HTTP/1.1" 200 13521 "-" "Mozilla/5.0 (compatible; Googlebot/2.1; +http://www.google.com/bot.html)"
157.10.45.137 - - [02/Aug/2024:23:33:30 +0200] "GET /wp-includes/ID3/license.txt HTTP/1.1" 200 2095 "-" "Mozilla/5.0 (Windows NT 10.0; Win64; x64) AppleWebKit/537.36 (KHTML, like Gecko) Chrome/95.0.4638.69 Safari/537.36"
157.10.45.137 - - [02/Aug/2024:23:33:30 +0200] "GET /feed/ HTTP/1.1" 200 2095 "-" "Mozilla/5.0 (Windows NT 10.0; Win64; x64) AppleWebKit/537.36 (KHTML, like Gecko) Chrome/95.0.4638.69 Safari/537.36"
157.10.45.137 - - [02/Aug/2024:23:33:30 +0200] "GET /xmlrpc.php?rsd HTTP/1.1" 200 2095 "-" "Mozilla/5.0 (Windows NT 10.0; Win64; x64) AppleWebKit/537.36 (KHTML, like Gecko) Chrome/95.0.4638.69 Safari/537.36"
157.10.45.137 - - [02/Aug/2024:23:33:31 +0200] "GET /blog/wp-includes/wlwmanifest.xml HTTP/1.1" 200 2095 "-" "Mozilla/5.0 (Windows NT 10.0; Win64; x64) AppleWebKit/537.36 (KHTML, like Gecko) Chrome/95.0.4638.69 Safari/537.36"
157.10.45.137 - - [02/Aug/2024:23:33:31 +0200] "GET /web/wp-includes/wlwmanifest.xml HTTP/1.1" 200 2095 "-" "Mozilla/5.0 (Windows NT 10.0; Win64; x64) AppleWebKit/537.36 (KHTML, like Gecko) Chrome/95.0.4638.69 Safari/537.36"
157.10.45.137 - - [02/Aug/2024:23:33:31 +0200] "GET /wordpress/wp-includes/wlwmanifest.xml HTTP/1.1" 200 2095 "-" "Mozilla/5.0 (Windows NT 10.0; Win64; x64) AppleWebKit/537.36 (KHTML, like Gecko) Chrome/95.0.4638.69 Safari/537.36"
157.10.45.137 - - [02/Aug/2024:23:33:31 +0200] "GET /wp/wp-includes/wlwmanifest.xml HTTP/1.1" 200 2095 "-" "Mozilla/5.0 (Windows NT 10.0; Win64; x64) AppleWebKit/537.36 (KHTML, like Gecko) Chrome/95.0.4638.69 Safari/537.36"
157.10.45.137 - - [02/Aug/2024:23:33:31 +0200] "GET /2020/wp-includes/wlwmanifest.xml HTTP/1.1" 200 2095 "-" "Mozilla/5.0 (Windows NT 10.0; Win64; x64) AppleWebKit/537.36 (KHTML, like Gecko) Chrome/95.0.4638.69 Safari/537.36"
157.10.45.137 - - [02/Aug/2024:23:33:31 +0200] "GET /2019/wp-includes/wlwmanifest.xml HTTP/1.1" 200 2095 "-" "Mozilla/5.0 (Windows NT 10.0; Win64; x64) AppleWebKit/537.36 (KHTML, like Gecko) Chrome/95.0.4638.69 Safari/537.36"
157.10.45.137 - - [02/Aug/2024:23:33:32 +0200] "GET /2021/wp-includes/wlwmanifest.xml HTTP/1.1" 200 2095 "-" "Mozilla/5.0 (Windows NT 10.0; Win64; x64) AppleWebKit/537.36 (KHTML, like Gecko) Chrome/95.0.4638.69 Safari/537.36"
157.10.45.137 - - [02/Aug/2024:23:33:32 +0200] "GET /shop/wp-includes/wlwmanifest.xml HTTP/1.1" 200 2095 "-" "Mozilla/5.0 (Windows NT 10.0; Win64; x64) AppleWebKit/537.36 (KHTML, like Gecko) Chrome/95.0.4638.69 Safari/537.36"
157.10.45.137 - - [02/Aug/2024:23:33:32 +0200] "GET /wp1/wp-includes/wlwmanifest.xml HTTP/1.1" 200 2095 "-" "Mozilla/5.0 (Windows NT 10.0; Win64; x64) AppleWebKit/537.36 (KHTML, like Gecko) Chrome/95.0.4638.69 Safari/537.36"
157.10.45.137 - - [02/Aug/2024:23:33:32 +0200] "GET /test/wp-includes/wlwmanifest.xml HTTP/1.1" 200 2095 "-" "Mozilla/5.0 (Windows NT 10.0; Win64; x64) AppleWebKit/537.36 (KHTML, like Gecko) Chrome/95.0.4638.69 Safari/537.36"
157.10.45.137 - - [02/Aug/2024:23:33:32 +0200] "GET /site/wp-includes/wlwmanifest.xml HTTP/1.1" 200 2095 "-" "Mozilla/5.0 (Windows NT 10.0; Win64; x64) AppleWebKit/537.36 (KHTML, like Gecko) Chrome/95.0.4638.69 Safari/537.36"
157.10.45.137 - - [02/Aug/2024:23:33:33 +0200] "GET /cms/wp-includes/wlwmanifest.xml HTTP/1.1" 200 2095 "-" "Mozilla/5.0 (Windows NT 10.0; Win64; x64) AppleWebKit/537.36 (KHTML, like Gecko) Chrome/95.0.4638.69 Safari/537.36"
205.210.31.109 - - [03/Aug/2024:00:08:06 +0200] "GET / HTTP/1.1" 200 48799 "-" "Expanse, a Palo Alto Networks company, searches across the global IPv4 space multiple times per day to identify customers' presences on the Internet. If you would like to be excluded from our scans, please send IP addresses/domains to: scaninfo@paloaltonetworks.com"
66.249.79.8 - - [03/Aug/2024:00:08:12 +0200] "GET /t3008569598 HTTP/1.1" 200 1028 "-" "Mozilla/5.0 (Linux; Android 6.0.1; Nexus 5X Build/MMB29P) AppleWebKit/537.36 (KHTML, like Gecko) Chrome/126.0.6478.182 Mobile Safari/537.36 (compatible; Googlebot/2.1; +http://www.google.com/bot.html)"
54.36.149.53 - - [03/Aug/2024:00:18:21 +0200] "GET /robots.txt HTTP/1.1" 200 182 "-" "Mozilla/5.0 (compatible; AhrefsBot/7.0; +http://ahrefs.com/robot/)"
138.246.253.24 - - [03/Aug/2024:00:21:16 +0200] "GET /robots.txt HTTP/1.1" 200 1617 "-" "Mozilla/5.0 (Windows NT 10.0; Win64; x64) AppleWebKit/537.36 (KHTML, like Gecko) Chrome/103.0.5060.134 Safari/537.36"
175.6.217.4 - - [03/Aug/2024:00:21:19 +0200] "GET / HTTP/1.1" 200 13521 "http://www.thelewale.com" "Mozilla/5.0 (iPhone; CPU iPhone OS 13_2_3 like Mac OS X) AppleWebKit/605.1.15 (KHTML, like Gecko) Version/13.0.3 Mobile/15E148 Safari/604.1"
66.220.149.9 - - [03/Aug/2024:00:21:35 +0200] "GET /sitemap_index_24.xml HTTP/1.1" 200 2095 "-" "meta-externalagent/1.1 (+https://developers.facebook.com/docs/sharing/webmasters/crawler)"
66.249.79.225 - - [03/Aug/2024:00:22:04 +0200] "GET /sitemap_index_28.xml HTTP/1.1" 200 1028 "-" "Mozilla/5.0 (compatible; Googlebot/2.1; +http://www.google.com/bot.html)"
207.46.13.154 - - [03/Aug/2024:00:31:52 +0200] "GET /category/1334-1388 HTTP/1.1" 200 1028 "-" "Mozilla/5.0 AppleWebKit/537.36 (KHTML, like Gecko; compatible; bingbot/2.0; +http://www.bing.com/bingbot.htm) Chrome/116.0.1938.76 Safari/537.36"
142.93.173.155 - - [03/Aug/2024:00:34:54 +0200] "GET /viplounge/image116.png HTTP/1.1" 200 1028 "http://theraaslounge.com/" "Mozilla/5.0 (Unknown; Linux x86_64) AppleWebKit/538.1 (KHTML, like Gecko) PhantomJS/2.1.1 Safari/538.1"
142.93.173.155 - - [03/Aug/2024:00:34:58 +0200] "GET /viplounge/image116.png HTTP/1.1" 200 1028 "http://theraaslounge.com/purpose.php" "Mozilla/5.0 (Unknown; Linux x86_64) AppleWebKit/538.1 (KHTML, like Gecko) PhantomJS/2.1.1 Safari/538.1"
142.93.173.155 - - [03/Aug/2024:00:34:58 +0200] "GET /viplounge/image116.png HTTP/1.1" 200 1028 "http://theraaslounge.com/about.php" "Mozilla/5.0 (Unknown; Linux x86_64) AppleWebKit/538.1 (KHTML, like Gecko) PhantomJS/2.1.1 Safari/538.1"
142.93.173.155 - - [03/Aug/2024:00:34:58 +0200] "GET /viplounge/image116.png HTTP/1.1" 200 1028 "http://theraaslounge.com/investment.php" "Mozilla/5.0 (Unknown; Linux x86_64) AppleWebKit/538.1 (KHTML, like Gecko) PhantomJS/2.1.1 Safari/538.1"
142.93.173.155 - - [03/Aug/2024:00:34:58 +0200] "GET /viplounge/image116.png HTTP/1.1" 200 1028 "http://theraaslounge.com/vision.php" "Mozilla/5.0 (Unknown; Linux x86_64) AppleWebKit/538.1 (KHTML, like Gecko) PhantomJS/2.1.1 Safari/538.1"
142.93.173.155 - - [03/Aug/2024:00:34:58 +0200] "GET /viplounge/image116.png HTTP/1.1" 200 1028 "http://theraaslounge.com/concept.php" "Mozilla/5.0 (Unknown; Linux x86_64) AppleWebKit/538.1 (KHTML, like Gecko) PhantomJS/2.1.1 Safari/538.1"
142.93.173.155 - - [03/Aug/2024:00:34:58 +0200] "GET /viplounge/image116.png HTTP/1.1" 200 1028 "http://theraaslounge.com/scenario.php" "Mozilla/5.0 (Unknown; Linux x86_64) AppleWebKit/538.1 (KHTML, like Gecko) PhantomJS/2.1.1 Safari/538.1"
142.93.173.155 - - [03/Aug/2024:00:34:58 +0200] "GET /viplounge/image116.png HTTP/1.1" 200 1028 "http://theraaslounge.com/contact.php" "Mozilla/5.0 (Unknown; Linux x86_64) AppleWebKit/538.1 (KHTML, like Gecko) PhantomJS/2.1.1 Safari/538.1"
142.93.173.155 - - [03/Aug/2024:00:34:58 +0200] "GET /viplounge/image116.png HTTP/1.1" 200 1028 "http://theraaslounge.com/foodcourt.php" "Mozilla/5.0 (Unknown; Linux x86_64) AppleWebKit/538.1 (KHTML, like Gecko) PhantomJS/2.1.1 Safari/538.1"
142.93.173.155 - - [03/Aug/2024:00:34:59 +0200] "GET /viplounge/image116.png HTTP/1.1" 200 1028 "http://theraaslounge.com/services.php" "Mozilla/5.0 (Unknown; Linux x86_64) AppleWebKit/538.1 (KHTML, like Gecko) PhantomJS/2.1.1 Safari/538.1"
142.93.173.155 - - [03/Aug/2024:00:35:00 +0200] "GET /viplounge/image116.png HTTP/1.1" 200 1028 "http://theraaslounge.com/index.php" "Mozilla/5.0 (Unknown; Linux x86_64) AppleWebKit/538.1 (KHTML, like Gecko) PhantomJS/2.1.1 Safari/538.1"
66.249.79.7 - - [03/Aug/2024:00:35:33 +0200] "GET /t10014758 HTTP/1.1" 200 1028 "-" "Mozilla/5.0 (Linux; Android 6.0.1; Nexus 5X Build/MMB29P) AppleWebKit/537.36 (KHTML, like Gecko) Chrome/126.0.6478.182 Mobile Safari/537.36 (compatible; Googlebot/2.1; +http://www.google.com/bot.html)"
43.131.248.209 - - [03/Aug/2024:00:38:04 +0200] "GET / HTTP/1.1" 200 13521 "-" "Mozilla/5.0 (iPhone; CPU iPhone OS 13_2_3 like Mac OS X) AppleWebKit/605.1.15 (KHTML, like Gecko) Version/13.0.3 Mobile/15E148 Safari/604.1"
45.148.10.206 - - [03/Aug/2024:00:41:25 +0200] "GET /.git/config HTTP/1.1" 200 1028 "-" "Mozilla/5.0 (Windows NT 5.1; rv:5.0) Gecko/20100101 Firefox/5.0"
47.128.55.99 - - [03/Aug/2024:00:50:16 +0200] "GET /index.php?pickup/I521594 HTTP/1.1" 200 1028 "-" "Mozilla/5.0 (compatible; Bytespider; spider-feedback@bytedance.com) AppleWebKit/537.36 (KHTML, like Gecko) Chrome/70.0.0.0 Safari/537.36"
47.128.56.137 - - [03/Aug/2024:00:50:43 +0200] "GET /robots.txt HTTP/1.1" 200 182 "-" "Mozilla/5.0 (Linux; Android 5.0) AppleWebKit/537.36 (KHTML, like Gecko) Mobile Safari/537.36 (compatible; Bytespider; spider-feedback@bytedance.com)"
114.119.136.137 - - [03/Aug/2024:00:53:47 +0200] "GET /login.php?id=409 HTTP/1.1" 200 4108 "https://www.thelewale.in/category-thela.php?cat=Chinese" "Mozilla/5.0 (Linux; Android 7.0;) AppleWebKit/537.36 (KHTML, like Gecko) Mobile Safari/537.36 (compatible; PetalBot;+https://webmaster.petalsearch.com/site/petalbot)"
66.249.79.7 - - [03/Aug/2024:01:06:15 +0200] "GET /t10016859 HTTP/1.1" 200 1028 "-" "Mozilla/5.0 (Linux; Android 6.0.1; Nexus 5X Build/MMB29P) AppleWebKit/537.36 (KHTML, like Gecko) Chrome/126.0.6478.182 Mobile Safari/537.36 (compatible; Googlebot/2.1; +http://www.google.com/bot.html)"
66.249.79.7 - - [03/Aug/2024:01:06:16 +0200] "GET /t10011410 HTTP/1.1" 200 1028 "-" "Mozilla/5.0 (Linux; Android 6.0.1; Nexus 5X Build/MMB29P) AppleWebKit/537.36 (KHTML, like Gecko) Chrome/126.0.6478.182 Mobile Safari/537.36 (compatible; Googlebot/2.1; +http://www.google.com/bot.html)"
94.156.68.34 - - [03/Aug/2024:01:10:59 +0200] "GET / HTTP/1.1" 200 13521 "-" "Mozlila/5.0 (Linux; Android 7.0; SM-G892A Bulid/NRD90M; wv) AppleWebKit/537.36 (KHTML, like Gecko) Version/4.0 Chrome/60.0.3112.107 Moblie Safari/537.36"
94.156.68.34 - - [03/Aug/2024:01:11:37 +0200] "GET / HTTP/1.1" 200 13521 "-" "Mozlila/5.0 (Linux; Android 7.0; SM-G892A Bulid/NRD90M; wv) AppleWebKit/537.36 (KHTML, like Gecko) Version/4.0 Chrome/60.0.3112.107 Moblie Safari/537.36"
94.156.68.34 - - [03/Aug/2024:01:12:18 +0200] "GET / HTTP/1.1" 200 13521 "-" "Mozlila/5.0 (Linux; Android 7.0; SM-G892A Bulid/NRD90M; wv) AppleWebKit/537.36 (KHTML, like Gecko) Version/4.0 Chrome/60.0.3112.107 Moblie Safari/537.36"
94.156.68.34 - - [03/Aug/2024:01:12:58 +0200] "GET / HTTP/1.1" 200 13521 "-" "Mozlila/5.0 (Linux; Android 7.0; SM-G892A Bulid/NRD90M; wv) AppleWebKit/537.36 (KHTML, like Gecko) Version/4.0 Chrome/60.0.3112.107 Moblie Safari/537.36"
94.156.68.34 - - [03/Aug/2024:01:13:33 +0200] "GET / HTTP/1.1" 200 13521 "-" "Mozlila/5.0 (Linux; Android 7.0; SM-G892A Bulid/NRD90M; wv) AppleWebKit/537.36 (KHTML, like Gecko) Version/4.0 Chrome/60.0.3112.107 Moblie Safari/537.36"
94.156.68.34 - - [03/Aug/2024:01:14:07 +0200] "GET / HTTP/1.1" 200 13521 "-" "Mozlila/5.0 (Linux; Android 7.0; SM-G892A Bulid/NRD90M; wv) AppleWebKit/537.36 (KHTML, like Gecko) Version/4.0 Chrome/60.0.3112.107 Moblie Safari/537.36"
47.128.110.104 - - [03/Aug/2024:01:14:11 +0200] "GET /category-thela.php?cat=Chinese HTTP/1.1" 200 3651 "-" "Mozilla/5.0 (compatible; Bytespider; spider-feedback@bytedance.com) AppleWebKit/537.36 (KHTML, like Gecko) Chrome/70.0.0.0 Safari/537.36"
47.128.110.104 - - [03/Aug/2024:01:14:11 +0200] "GET /assets/css/jquery.fancybox.min.css HTTP/1.1" 200 3096 "https://www.thelewale.in/category-thela.php?cat=Chinese" "Mozilla/5.0 (compatible; Bytespider; spider-feedback@bytedance.com) AppleWebKit/537.36 (KHTML, like Gecko) Chrome/70.0.0.0 Safari/537.36"
47.128.110.104 - - [03/Aug/2024:01:14:11 +0200] "GET /assets/css/fontawesome.min.css HTTP/1.1" 200 22978 "https://www.thelewale.in/category-thela.php?cat=Chinese" "Mozilla/5.0 (compatible; Bytespider; spider-feedback@bytedance.com) AppleWebKit/537.36 (KHTML, like Gecko) Chrome/70.0.0.0 Safari/537.36"
47.128.110.104 - - [03/Aug/2024:01:14:11 +0200] "GET /assets/css/responsive.css HTTP/1.1" 200 5803 "https://www.thelewale.in/category-thela.php?cat=Chinese" "Mozilla/5.0 (compatible; Bytespider; spider-feedback@bytedance.com) AppleWebKit/537.36 (KHTML, like Gecko) Chrome/70.0.0.0 Safari/537.36"
47.128.110.104 - - [03/Aug/2024:01:14:11 +0200] "GET /assets/css/color.css HTTP/1.1" 200 1107 "https://www.thelewale.in/category-thela.php?cat=Chinese" "Mozilla/5.0 (compatible; Bytespider; spider-feedback@bytedance.com) AppleWebKit/537.36 (KHTML, like Gecko) Chrome/70.0.0.0 Safari/537.36"
47.128.110.104 - - [03/Aug/2024:01:14:11 +0200] "GET /assets/css/style.css HTTP/1.1" 200 15358 "https://www.thelewale.in/category-thela.php?cat=Chinese" "Mozilla/5.0 (compatible; Bytespider; spider-feedback@bytedance.com) AppleWebKit/537.36 (KHTML, like Gecko) Chrome/70.0.0.0 Safari/537.36"
47.128.110.104 - - [03/Aug/2024:01:14:11 +0200] "GET /assets/js/jquery-3.6.0.min.js HTTP/1.1" 200 30902 "https://www.thelewale.in/category-thela.php?cat=Chinese" "Mozilla/5.0 (compatible; Bytespider; spider-feedback@bytedance.com) AppleWebKit/537.36 (KHTML, like Gecko) Chrome/70.0.0.0 Safari/537.36"
47.128.110.104 - - [03/Aug/2024:01:14:11 +0200] "GET /assets/css/bootstrap.min.css HTTP/1.1" 200 23960 "https://www.thelewale.in/category-thela.php?cat=Chinese" "Mozilla/5.0 (compatible; Bytespider; spider-feedback@bytedance.com) AppleWebKit/537.36 (KHTML, like Gecko) Chrome/70.0.0.0 Safari/537.36"
47.128.110.104 - - [03/Aug/2024:01:14:11 +0200] "GET /assets/js/preloader.js HTTP/1.1" 200 107 "https://www.thelewale.in/category-thela.php?cat=Chinese" "Mozilla/5.0 (compatible; Bytespider; spider-feedback@bytedance.com) AppleWebKit/537.36 (KHTML, like Gecko) Chrome/70.0.0.0 Safari/537.36"
47.128.110.104 - - [03/Aug/2024:01:14:12 +0200] "GET /logos.png HTTP/1.1" 200 30158 "https://www.thelewale.in/category-thela.php?cat=Chinese" "Mozilla/5.0 (compatible; Bytespider; spider-feedback@bytedance.com) AppleWebKit/537.36 (KHTML, like Gecko) Chrome/70.0.0.0 Safari/537.36"
47.128.110.104 - - [03/Aug/2024:01:14:12 +0200] "GET /logos.png HTTP/1.1" 200 30158 "https://www.thelewale.in/category-thela.php?cat=Chinese" "Mozilla/5.0 (compatible; Bytespider; spider-feedback@bytedance.com) AppleWebKit/537.36 (KHTML, like Gecko) Chrome/70.0.0.0 Safari/537.36"
94.156.68.34 - - [03/Aug/2024:01:14:46 +0200] "GET / HTTP/1.1" 200 13521 "-" "Mozlila/5.0 (Linux; Android 7.0; SM-G892A Bulid/NRD90M; wv) AppleWebKit/537.36 (KHTML, like Gecko) Version/4.0 Chrome/60.0.3112.107 Moblie Safari/537.36"
94.156.68.34 - - [03/Aug/2024:01:15:17 +0200] "GET / HTTP/1.1" 200 13521 "-" "Mozlila/5.0 (Linux; Android 7.0; SM-G892A Bulid/NRD90M; wv) AppleWebKit/537.36 (KHTML, like Gecko) Version/4.0 Chrome/60.0.3112.107 Moblie Safari/537.36"
94.156.68.34 - - [03/Aug/2024:01:16:06 +0200] "GET / HTTP/1.1" 200 13521 "-" "Mozlila/5.0 (Linux; Android 7.0; SM-G892A Bulid/NRD90M; wv) AppleWebKit/537.36 (KHTML, like Gecko) Version/4.0 Chrome/60.0.3112.107 Moblie Safari/537.36"
94.156.68.34 - - [03/Aug/2024:01:16:54 +0200] "GET / HTTP/1.1" 200 13521 "-" "Mozlila/5.0 (Linux; Android 7.0; SM-G892A Bulid/NRD90M; wv) AppleWebKit/537.36 (KHTML, like Gecko) Version/4.0 Chrome/60.0.3112.107 Moblie Safari/537.36"
66.249.79.7 - - [03/Aug/2024:01:36:16 +0200] "GET /t10011297 HTTP/1.1" 200 1028 "-" "Mozilla/5.0 (Linux; Android 6.0.1; Nexus 5X Build/MMB29P) AppleWebKit/537.36 (KHTML, like Gecko) Chrome/126.0.6478.182 Mobile Safari/537.36 (compatible; Googlebot/2.1; +http://www.google.com/bot.html)"
45.94.31.237 - - [03/Aug/2024:02:11:20 +0200] "GET / HTTP/1.1" 200 13521 "www.google.com" "Mozlila/5.0 (Linux; Android 7.0; SM-G892A Bulid/NRD90M; wv) AppleWebKit/537.36 (KHTML, like Gecko) Version/4.0 Chrome/60.0.3112.107 Moblie Safari/537.36"
52.167.144.56 - - [03/Aug/2024:02:20:28 +0200] "GET /robots.txt HTTP/1.1" 200 182 "-" "Mozilla/5.0 AppleWebKit/537.36 (KHTML, like Gecko; compatible; bingbot/2.0; +http://www.bing.com/bingbot.htm) Chrome/116.0.1938.76 Safari/537.36"
52.167.144.138 - - [03/Aug/2024:02:20:31 +0200] "GET /pickup/R76145 HTTP/1.1" 200 1028 "-" "Mozilla/5.0 AppleWebKit/537.36 (KHTML, like Gecko; compatible; bingbot/2.0; +http://www.bing.com/bingbot.htm) Chrome/116.0.1938.76 Safari/537.36"
40.77.167.77 - - [03/Aug/2024:02:24:51 +0200] "GET /category/13-431 HTTP/1.1" 200 1028 "-" "Mozilla/5.0 AppleWebKit/537.36 (KHTML, like Gecko; compatible; bingbot/2.0; +http://www.bing.com/bingbot.htm) Chrome/116.0.1938.76 Safari/537.36"
66.249.79.8 - - [03/Aug/2024:02:27:12 +0200] "GET /t3008921835 HTTP/1.1" 200 1028 "-" "Mozilla/5.0 (Linux; Android 6.0.1; Nexus 5X Build/MMB29P) AppleWebKit/537.36 (KHTML, like Gecko) Chrome/126.0.6478.182 Mobile Safari/537.36 (compatible; Googlebot/2.1; +http://www.google.com/bot.html)"
40.77.167.77 - - [03/Aug/2024:02:28:49 +0200] "GET /category/818 HTTP/1.1" 200 1028 "-" "Mozilla/5.0 AppleWebKit/537.36 (KHTML, like Gecko; compatible; bingbot/2.0; +http://www.bing.com/bingbot.htm) Chrome/116.0.1938.76 Safari/537.36"
40.77.167.72 - - [03/Aug/2024:02:32:53 +0200] "GET /pickup/F451183 HTTP/1.1" 200 1028 "-" "Mozilla/5.0 AppleWebKit/537.36 (KHTML, like Gecko; compatible; bingbot/2.0; +http://www.bing.com/bingbot.htm) Chrome/116.0.1938.76 Safari/537.36"
66.249.79.6 - - [03/Aug/2024:02:41:36 +0200] "GET /items.php?pickup/Y1040596 HTTP/1.1" 200 1028 "-" "Mozilla/5.0 (Linux; Android 6.0.1; Nexus 5X Build/MMB29P) AppleWebKit/537.36 (KHTML, like Gecko) Chrome/126.0.6478.182 Mobile Safari/537.36 (compatible; Googlebot/2.1; +http://www.google.com/bot.html)"
69.171.230.10 - - [03/Aug/2024:02:46:02 +0200] "GET /sitemap_index_11.xml HTTP/1.1" 200 2095 "-" "meta-externalagent/1.1 (+https://developers.facebook.com/docs/sharing/webmasters/crawler)"
66.249.79.224 - - [03/Aug/2024:02:49:53 +0200] "GET / HTTP/1.1" 200 13521 "-" "Mozilla/5.0 (Linux; Android 6.0.1; Nexus 5X Build/MMB29P) AppleWebKit/537.36 (KHTML, like Gecko) Chrome/126.0.6478.182 Mobile Safari/537.36 (compatible; Googlebot/2.1; +http://www.google.com/bot.html)"
66.249.79.224 - - [03/Aug/2024:02:49:56 +0200] "GET /assets/js/contact.js HTTP/1.1" 200 512 "https://thelewale.in/" "Mozilla/5.0 (Linux; Android 6.0.1; Nexus 5X Build/MMB29P) AppleWebKit/537.36 (KHTML, like Gecko) Chrome/126.0.6478.182 Mobile Safari/537.36 (compatible; Googlebot/2.1; +http://www.google.com/bot.html)"
66.249.79.224 - - [03/Aug/2024:02:49:56 +0200] "GET /assets/js/owl.carousel.min.js HTTP/1.1" 200 11412 "https://thelewale.in/" "Mozilla/5.0 (Linux; Android 6.0.1; Nexus 5X Build/MMB29P) AppleWebKit/537.36 (KHTML, like Gecko) Chrome/126.0.6478.182 Mobile Safari/537.36 (compatible; Googlebot/2.1; +http://www.google.com/bot.html)"
114.119.153.38 - - [03/Aug/2024:03:00:23 +0200] "GET /category-thela.php?cat=Ice%20Cream HTTP/1.1" 200 3651 "https://www.thelewale.in/index.php" "Mozilla/5.0 (Linux; Android 7.0;) AppleWebKit/537.36 (KHTML, like Gecko) Mobile Safari/537.36 (compatible; PetalBot;+https://webmaster.petalsearch.com/site/petalbot)"
66.249.79.8 - - [03/Aug/2024:03:06:19 +0200] "GET /items.php?pickup/J2210477 HTTP/1.1" 200 1028 "-" "Mozilla/5.0 (Linux; Android 6.0.1; Nexus 5X Build/MMB29P) AppleWebKit/537.36 (KHTML, like Gecko) Chrome/126.0.6478.182 Mobile Safari/537.36 (compatible; Googlebot/2.1; +http://www.google.com/bot.html)"
157.55.39.51 - - [03/Aug/2024:03:38:29 +0200] "GET /category/749-1724 HTTP/1.1" 200 1028 "-" "Mozilla/5.0 AppleWebKit/537.36 (KHTML, like Gecko; compatible; bingbot/2.0; +http://www.bing.com/bingbot.htm) Chrome/116.0.1938.76 Safari/537.36"
206.189.247.132 - - [03/Aug/2024:03:58:33 +0200] "GET /ev.htm HTTP/1.1" 200 941 "-" "Mozilla/5.0 (iPhone; CPU iPhone OS 17_2_1 like Mac OS X) AppleWebKit/605.1.15 (KHTML, like Gecko) Version/17.2 Mobile/15E148 Safari/604.1"
161.35.246.138 - - [03/Aug/2024:03:58:33 +0200] "GET /ev.htm HTTP/1.1" 200 941 "-" "Mozilla/5.0 (iPhone; CPU iPhone OS 17_2_1 like Mac OS X) AppleWebKit/605.1.15 (KHTML, like Gecko) Version/17.2 Mobile/15E148 Safari/604.1"
164.90.241.135 - - [03/Aug/2024:03:58:33 +0200] "GET /ev.htm HTTP/1.1" 200 941 "-" "Mozilla/5.0 (iPhone; CPU iPhone OS 17_2_1 like Mac OS X) AppleWebKit/605.1.15 (KHTML, like Gecko) Version/17.2 Mobile/15E148 Safari/604.1"
68.183.245.101 - - [03/Aug/2024:03:58:34 +0200] "GET /ev.htm HTTP/1.1" 200 941 "-" "Mozilla/5.0 (iPhone; CPU iPhone OS 17_2_1 like Mac OS X) AppleWebKit/605.1.15 (KHTML, like Gecko) Version/17.2 Mobile/15E148 Safari/604.1"
114.119.157.177 - - [03/Aug/2024:04:06:53 +0200] "GET /panel_business/wallet.php HTTP/1.1" 302 6385 "https://thelewale.in/panel_business/contact.php" "Mozilla/5.0 (Linux; Android 7.0;) AppleWebKit/537.36 (KHTML, like Gecko) Mobile Safari/537.36 (compatible; PetalBot;+https://webmaster.petalsearch.com/site/petalbot)"
114.119.157.177 - - [03/Aug/2024:04:06:53 +0200] "GET /panel_business/login.php HTTP/1.1" 200 2046 "https://thelewale.in/panel_business/contact.php" "Mozilla/5.0 (Linux; Android 7.0;) AppleWebKit/537.36 (KHTML, like Gecko) Mobile Safari/537.36 (compatible; PetalBot;+https://webmaster.petalsearch.com/site/petalbot)"
203.145.46.65 - - [03/Aug/2024:04:08:22 +0200] "GET /wp-content/plugins/download-plugin/wp-access.php HTTP/1.1" 200 1028 "www.google.com" "Mozlila/5.0 (Linux; Android 7.0; SM-G892A Bulid/NRD90M; wv) AppleWebKit/537.36 (KHTML, like Gecko) Version/4.0 Chrome/60.0.3112.107 Moblie Safari/537.36"
52.230.152.17 - - [03/Aug/2024:04:09:48 +0200] "GET /robots.txt HTTP/1.1" 200 182 "-" "Mozilla/5.0 AppleWebKit/537.36 (KHTML, like Gecko; compatible; GPTBot/1.2; +https://openai.com/gptbot)"
66.249.79.6 - - [03/Aug/2024:04:23:19 +0200] "GET /t10019633 HTTP/1.1" 200 1028 "-" "Mozilla/5.0 (Linux; Android 6.0.1; Nexus 5X Build/MMB29P) AppleWebKit/537.36 (KHTML, like Gecko) Chrome/126.0.6478.182 Mobile Safari/537.36 (compatible; Googlebot/2.1; +http://www.google.com/bot.html)"
52.230.152.106 - - [03/Aug/2024:04:27:36 +0200] "GET /robots.txt HTTP/1.1" 200 182 "-" "Mozilla/5.0 AppleWebKit/537.36 (KHTML, like Gecko; compatible; GPTBot/1.2; +https://openai.com/gptbot)"
114.119.139.25 - - [03/Aug/2024:04:34:50 +0200] "GET /login.php?id=492 HTTP/1.1" 200 4108 "https://www.thelewale.in/category-thela.php?cat=North%20Indian" "Mozilla/5.0 (Linux; Android 7.0;) AppleWebKit/537.36 (KHTML, like Gecko) Mobile Safari/537.36 (compatible; PetalBot;+https://webmaster.petalsearch.com/site/petalbot)"
114.119.159.19 - - [03/Aug/2024:04:39:48 +0200] "GET /ba-details.php?id=103 HTTP/1.1" 200 3680 "https://www.thelewale.in/our-ba.php" "Mozilla/5.0 (Linux; Android 7.0;) AppleWebKit/537.36 (KHTML, like Gecko) Mobile Safari/537.36 (compatible; PetalBot;+https://webmaster.petalsearch.com/site/petalbot)"
66.249.79.6 - - [03/Aug/2024:04:46:11 +0200] "GET /t10018390 HTTP/1.1" 200 1028 "-" "Mozilla/5.0 (Linux; Android 6.0.1; Nexus 5X Build/MMB29P) AppleWebKit/537.36 (KHTML, like Gecko) Chrome/126.0.6478.182 Mobile Safari/537.36 (compatible; Googlebot/2.1; +http://www.google.com/bot.html)"
114.119.136.137 - - [03/Aug/2024:05:00:42 +0200] "GET /login.php?id=263 HTTP/1.1" 200 4107 "https://www.thelewale.in/category-thela.php?cat=Chaat%20Tokri" "Mozilla/5.0 (Linux; Android 7.0;) AppleWebKit/537.36 (KHTML, like Gecko) Mobile Safari/537.36 (compatible; PetalBot;+https://webmaster.petalsearch.com/site/petalbot)"
157.55.39.56 - - [03/Aug/2024:05:02:18 +0200] "GET /category/169-211 HTTP/1.1" 200 1028 "-" "Mozilla/5.0 AppleWebKit/537.36 (KHTML, like Gecko; compatible; bingbot/2.0; +http://www.bing.com/bingbot.htm) Chrome/116.0.1938.76 Safari/537.36"
52.167.144.18 - - [03/Aug/2024:05:03:56 +0200] "GET /pickup/A317668 HTTP/1.1" 200 1028 "-" "Mozilla/5.0 AppleWebKit/537.36 (KHTML, like Gecko; compatible; bingbot/2.0; +http://www.bing.com/bingbot.htm) Chrome/116.0.1938.76 Safari/537.36"
24.144.108.232 - - [03/Aug/2024:05:05:31 +0200] "GET / HTTP/1.1" 200 13521 "-" "Mozilla/5.0 (Windows NT 10.0; Win64; x64) AppleWebKit/537.36 (KHTML, like Gecko) Chrome/126.0.0.0 Safari/537.36"
24.144.108.232 - - [03/Aug/2024:05:05:32 +0200] "GET /assets/img/logo-icon.png HTTP/1.1" 200 1686 "http://thelewale.in/" "Mozilla/5.0 (Windows NT 10.0; Win64; x64) AppleWebKit/537.36 (KHTML, like Gecko) Chrome/126.0.0.0 Safari/537.36"
24.144.108.232 - - [03/Aug/2024:05:05:32 +0200] "GET / HTTP/1.1" 200 13521 "-" "Mozilla/5.0 (Windows NT 10.0; Win64; x64) AppleWebKit/537.36 (KHTML, like Gecko) Chrome/126.0.0.0 Safari/537.36"
24.144.108.232 - - [03/Aug/2024:05:05:38 +0200] "GET /assets/img/logo-icon.png HTTP/1.1" 200 1686 "https://thelewale.in/" "Mozilla/5.0 (Windows NT 10.0; Win64; x64) AppleWebKit/537.36 (KHTML, like Gecko) Chrome/126.0.0.0 Safari/537.36"
40.77.167.32 - - [03/Aug/2024:05:23:40 +0200] "GET /category/871-1833 HTTP/1.1" 200 1028 "-" "Mozilla/5.0 AppleWebKit/537.36 (KHTML, like Gecko; compatible; bingbot/2.0; +http://www.bing.com/bingbot.htm) Chrome/116.0.1938.76 Safari/537.36"
66.249.79.6 - - [03/Aug/2024:06:08:33 +0200] "GET /items.php?pickup/M1034084 HTTP/1.1" 200 1028 "-" "Mozilla/5.0 (Linux; Android 6.0.1; Nexus 5X Build/MMB29P) AppleWebKit/537.36 (KHTML, like Gecko) Chrome/126.0.6478.182 Mobile Safari/537.36 (compatible; Googlebot/2.1; +http://www.google.com/bot.html)"
66.249.79.7 - - [03/Aug/2024:06:21:03 +0200] "GET / HTTP/1.1" 200 13521 "-" "Mozilla/5.0 (Linux; Android 6.0.1; Nexus 5X Build/MMB29P) AppleWebKit/537.36 (KHTML, like Gecko) Chrome/126.0.6478.182 Mobile Safari/537.36 (compatible; Googlebot/2.1; +http://www.google.com/bot.html)"
66.249.79.6 - - [03/Aug/2024:06:21:06 +0200] "GET /assets/css/responsive.css HTTP/1.1" 200 5803 "https://www.thelewale.in/" "Mozilla/5.0 (Linux; Android 6.0.1; Nexus 5X Build/MMB29P) AppleWebKit/537.36 (KHTML, like Gecko) Chrome/126.0.6478.182 Mobile Safari/537.36 (compatible; Googlebot/2.1; +http://www.google.com/bot.html)"
66.249.79.7 - - [03/Aug/2024:06:21:06 +0200] "GET /assets/js/owl.carousel.min.js HTTP/1.1" 200 11412 "https://www.thelewale.in/" "Mozilla/5.0 (Linux; Android 6.0.1; Nexus 5X Build/MMB29P) AppleWebKit/537.36 (KHTML, like Gecko) Chrome/126.0.6478.182 Mobile Safari/537.36 (compatible; Googlebot/2.1; +http://www.google.com/bot.html)"
66.249.79.6 - - [03/Aug/2024:06:21:06 +0200] "GET /assets/js/bootstrap.min.js HTTP/1.1" 200 16361 "https://www.thelewale.in/" "Mozilla/5.0 (Linux; Android 6.0.1; Nexus 5X Build/MMB29P) AppleWebKit/537.36 (KHTML, like Gecko) Chrome/126.0.6478.182 Mobile Safari/537.36 (compatible; Googlebot/2.1; +http://www.google.com/bot.html)"
66.249.79.8 - - [03/Aug/2024:06:23:04 +0200] "GET /t10016481 HTTP/1.1" 200 1028 "-" "Mozilla/5.0 (Linux; Android 6.0.1; Nexus 5X Build/MMB29P) AppleWebKit/537.36 (KHTML, like Gecko) Chrome/126.0.6478.182 Mobile Safari/537.36 (compatible; Googlebot/2.1; +http://www.google.com/bot.html)"
69.171.249.112 - - [03/Aug/2024:06:23:56 +0200] "GET /ba-details.php?id=106 HTTP/1.1" 200 14463 "-" "facebookexternalhit/1.1 (+http://www.facebook.com/externalhit_uatext.php)"
66.249.79.6 - - [03/Aug/2024:06:25:38 +0200] "GET / HTTP/1.1" 200 13521 "-" "Mozilla/5.0 (compatible; Googlebot/2.1; +http://www.google.com/bot.html)"
66.249.79.7 - - [03/Aug/2024:06:25:41 +0200] "GET /assets/css/fontawesome.min.css HTTP/1.1" 200 22978 "https://www.thelewale.in/" "Mozilla/5.0 AppleWebKit/537.36 (KHTML, like Gecko; compatible; Googlebot/2.1; +http://www.google.com/bot.html) Chrome/126.0.6478.182 Safari/537.36"
66.249.79.6 - - [03/Aug/2024:06:25:41 +0200] "GET /assets/js/owl.carousel.min.js HTTP/1.1" 200 11412 "https://www.thelewale.in/" "Mozilla/5.0 AppleWebKit/537.36 (KHTML, like Gecko; compatible; Googlebot/2.1; +http://www.google.com/bot.html) Chrome/126.0.6478.182 Safari/537.36"
66.249.79.6 - - [03/Aug/2024:06:25:42 +0200] "GET /assets/js/bootstrap.min.js HTTP/1.1" 200 16361 "https://www.thelewale.in/" "Mozilla/5.0 AppleWebKit/537.36 (KHTML, like Gecko; compatible; Googlebot/2.1; +http://www.google.com/bot.html) Chrome/126.0.6478.182 Safari/537.36"
66.249.79.6 - - [03/Aug/2024:06:25:43 +0200] "GET /assets/css/jquery.fancybox.min.css HTTP/1.1" 200 3096 "https://www.thelewale.in/" "Mozilla/5.0 AppleWebKit/537.36 (KHTML, like Gecko; compatible; Googlebot/2.1; +http://www.google.com/bot.html) Chrome/126.0.6478.182 Safari/537.36"
66.249.79.7 - - [03/Aug/2024:06:25:43 +0200] "GET /assets/js/preloader.js HTTP/1.1" 200 107 "https://www.thelewale.in/" "Mozilla/5.0 AppleWebKit/537.36 (KHTML, like Gecko; compatible; Googlebot/2.1; +http://www.google.com/bot.html) Chrome/126.0.6478.182 Safari/537.36"
66.249.79.6 - - [03/Aug/2024:06:25:44 +0200] "GET /assets/css/style.css HTTP/1.1" 200 15358 "https://www.thelewale.in/" "Mozilla/5.0 AppleWebKit/537.36 (KHTML, like Gecko; compatible; Googlebot/2.1; +http://www.google.com/bot.html) Chrome/126.0.6478.182 Safari/537.36"
66.249.79.6 - - [03/Aug/2024:06:25:45 +0200] "GET /assets/css/responsive.css HTTP/1.1" 200 5803 "https://www.thelewale.in/" "Mozilla/5.0 AppleWebKit/537.36 (KHTML, like Gecko; compatible; Googlebot/2.1; +http://www.google.com/bot.html) Chrome/126.0.6478.182 Safari/537.36"
66.249.79.6 - - [03/Aug/2024:06:25:46 +0200] "GET /assets/js/jquery-3.6.0.min.js HTTP/1.1" 200 30902 "https://www.thelewale.in/" "Mozilla/5.0 AppleWebKit/537.36 (KHTML, like Gecko; compatible; Googlebot/2.1; +http://www.google.com/bot.html) Chrome/126.0.6478.182 Safari/537.36"
66.249.79.6 - - [03/Aug/2024:06:25:46 +0200] "GET /assets/css/bootstrap.min.css HTTP/1.1" 200 23960 "https://www.thelewale.in/" "Mozilla/5.0 AppleWebKit/537.36 (KHTML, like Gecko; compatible; Googlebot/2.1; +http://www.google.com/bot.html) Chrome/126.0.6478.182 Safari/537.36"
66.249.79.6 - - [03/Aug/2024:06:25:47 +0200] "GET /assets/css/color.css HTTP/1.1" 200 1107 "https://www.thelewale.in/" "Mozilla/5.0 AppleWebKit/537.36 (KHTML, like Gecko; compatible; Googlebot/2.1; +http://www.google.com/bot.html) Chrome/126.0.6478.182 Safari/537.36"
66.249.79.6 - - [03/Aug/2024:06:25:48 +0200] "GET /assets/js/jquery.fancybox.min.js HTTP/1.1" 200 22013 "https://www.thelewale.in/" "Mozilla/5.0 AppleWebKit/537.36 (KHTML, like Gecko; compatible; Googlebot/2.1; +http://www.google.com/bot.html) Chrome/126.0.6478.182 Safari/537.36"
66.249.79.6 - - [03/Aug/2024:06:25:48 +0200] "GET /assets/js/contact.js HTTP/1.1" 200 512 "https://www.thelewale.in/" "Mozilla/5.0 AppleWebKit/537.36 (KHTML, like Gecko; compatible; Googlebot/2.1; +http://www.google.com/bot.html) Chrome/126.0.6478.182 Safari/537.36"
66.249.79.6 - - [03/Aug/2024:06:25:52 +0200] "GET /assets/js/sweetalert.min.js HTTP/1.1" 200 11867 "https://www.thelewale.in/" "Mozilla/5.0 AppleWebKit/537.36 (KHTML, like Gecko; compatible; Googlebot/2.1; +http://www.google.com/bot.html) Chrome/126.0.6478.182 Safari/537.36"
66.249.79.6 - - [03/Aug/2024:06:26:00 +0200] "GET /assets/fonts/fa-brands-400.woff2 HTTP/1.1" 200 107656 "https://www.thelewale.in/assets/css/fontawesome.min.css" "Mozilla/5.0 AppleWebKit/537.36 (KHTML, like Gecko; compatible; Googlebot/2.1; +http://www.google.com/bot.html) Chrome/126.0.6478.182 Safari/537.36"
66.249.79.6 - - [03/Aug/2024:06:26:00 +0200] "GET /assets/img/remove.svg HTTP/1.1" 200 402 "https://www.thelewale.in/assets/css/style.css" "Mozilla/5.0 AppleWebKit/537.36 (KHTML, like Gecko; compatible; Googlebot/2.1; +http://www.google.com/bot.html) Chrome/126.0.6478.182 Safari/537.36"
66.249.79.6 - - [03/Aug/2024:06:26:00 +0200] "GET /assets/fonts/fa-solid-900.woff2 HTTP/1.1" 200 150516 "https://www.thelewale.in/assets/css/fontawesome.min.css" "Mozilla/5.0 AppleWebKit/537.36 (KHTML, like Gecko; compatible; Googlebot/2.1; +http://www.google.com/bot.html) Chrome/126.0.6478.182 Safari/537.36"
66.249.79.8 - - [03/Aug/2024:06:27:36 +0200] "GET / HTTP/1.1" 200 13521 "-" "Mozilla/5.0 (Linux; Android 6.0.1; Nexus 5X Build/MMB29P) AppleWebKit/537.36 (KHTML, like Gecko) Chrome/126.0.6478.182 Mobile Safari/537.36 (compatible; Googlebot/2.1; +http://www.google.com/bot.html)"
66.249.79.8 - - [03/Aug/2024:06:27:38 +0200] "GET /assets/css/jquery.fancybox.min.css HTTP/1.1" 200 3096 "https://www.thelewale.in/" "Mozilla/5.0 (Linux; Android 6.0.1; Nexus 5X Build/MMB29P) AppleWebKit/537.36 (KHTML, like Gecko) Chrome/126.0.6478.182 Mobile Safari/537.36 (compatible; Googlebot/2.1; +http://www.google.com/bot.html)"
66.249.79.6 - - [03/Aug/2024:06:36:30 +0200] "GET /t10015559 HTTP/1.1" 200 1028 "-" "Mozilla/5.0 (Linux; Android 6.0.1; Nexus 5X Build/MMB29P) AppleWebKit/537.36 (KHTML, like Gecko) Chrome/126.0.6478.182 Mobile Safari/537.36 (compatible; Googlebot/2.1; +http://www.google.com/bot.html)"
66.249.79.7 - - [03/Aug/2024:06:41:19 +0200] "GET /t1001225788 HTTP/1.1" 200 1028 "-" "Mozilla/5.0 (Linux; Android 6.0.1; Nexus 5X Build/MMB29P) AppleWebKit/537.36 (KHTML, like Gecko) Chrome/126.0.6478.182 Mobile Safari/537.36 (compatible; Googlebot/2.1; +http://www.google.com/bot.html)"
66.249.79.225 - - [03/Aug/2024:06:41:46 +0200] "GET / HTTP/1.1" 200 13521 "-" "Mozilla/5.0 (compatible; Googlebot/2.1; +http://www.google.com/bot.html)"
114.119.156.85 - - [03/Aug/2024:06:43:20 +0200] "GET /thela_register.php HTTP/1.1" 200 6689 "https://www.thelewale.in/login.php?id=405" "Mozilla/5.0 (Linux; Android 7.0;) AppleWebKit/537.36 (KHTML, like Gecko) Mobile Safari/537.36 (compatible; PetalBot;+https://webmaster.petalsearch.com/site/petalbot)"
66.249.79.8 - - [03/Aug/2024:06:46:31 +0200] "GET /t10011748 HTTP/1.1" 200 1028 "-" "Mozilla/5.0 (Linux; Android 6.0.1; Nexus 5X Build/MMB29P) AppleWebKit/537.36 (KHTML, like Gecko) Chrome/126.0.6478.182 Mobile Safari/537.36 (compatible; Googlebot/2.1; +http://www.google.com/bot.html)"
66.249.79.8 - - [03/Aug/2024:06:47:57 +0200] "GET /t10013747 HTTP/1.1" 200 1028 "-" "Mozilla/5.0 (Linux; Android 6.0.1; Nexus 5X Build/MMB29P) AppleWebKit/537.36 (KHTML, like Gecko) Chrome/126.0.6478.182 Mobile Safari/537.36 (compatible; Googlebot/2.1; +http://www.google.com/bot.html)"
114.119.139.25 - - [03/Aug/2024:06:48:17 +0200] "GET /ba-details.php?id=107 HTTP/1.1" 200 3665 "https://www.thelewale.in/our-ba.php" "Mozilla/5.0 (Linux; Android 7.0;) AppleWebKit/537.36 (KHTML, like Gecko) Mobile Safari/537.36 (compatible; PetalBot;+https://webmaster.petalsearch.com/site/petalbot)"
40.77.167.27 - - [03/Aug/2024:06:51:58 +0200] "GET /category/1153 HTTP/1.1" 200 1028 "-" "Mozilla/5.0 AppleWebKit/537.36 (KHTML, like Gecko; compatible; bingbot/2.0; +http://www.bing.com/bingbot.htm) Chrome/116.0.1938.76 Safari/537.36"
66.220.149.6 - - [03/Aug/2024:06:53:56 +0200] "GET /sitemap_index_25.xml HTTP/1.1" 200 2095 "-" "facebookexternalhit/1.1 (+http://www.facebook.com/externalhit_uatext.php)"
52.167.144.145 - - [03/Aug/2024:07:00:46 +0200] "GET /category/291-2287 HTTP/1.1" 200 1028 "-" "Mozilla/5.0 AppleWebKit/537.36 (KHTML, like Gecko; compatible; bingbot/2.0; +http://www.bing.com/bingbot.htm) Chrome/116.0.1938.76 Safari/537.36"
85.208.96.212 - - [03/Aug/2024:07:13:16 +0200] "GET /robots.txt HTTP/1.1" 200 182 "-" "Mozilla/5.0 (compatible; SemrushBot/7~bl; +http://www.semrush.com/bot.html)"
185.191.171.16 - - [03/Aug/2024:07:13:17 +0200] "GET /ba-details.php?id=96 HTTP/1.1" 200 3680 "-" "Mozilla/5.0 (compatible; SemrushBot/7~bl; +http://www.semrush.com/bot.html)"
114.119.136.137 - - [03/Aug/2024:07:36:13 +0200] "GET /login.php?id=359 HTTP/1.1" 200 4108 "https://www.thelewale.in/category-thela.php?cat=Fast%20Food" "Mozilla/5.0 (Linux; Android 7.0;) AppleWebKit/537.36 (KHTML, like Gecko) Mobile Safari/537.36 (compatible; PetalBot;+https://webmaster.petalsearch.com/site/petalbot)"
66.249.79.6 - - [03/Aug/2024:07:36:43 +0200] "GET /t10017121 HTTP/1.1" 200 1028 "-" "Mozilla/5.0 (Linux; Android 6.0.1; Nexus 5X Build/MMB29P) AppleWebKit/537.36 (KHTML, like Gecko) Chrome/126.0.6478.182 Mobile Safari/537.36 (compatible; Googlebot/2.1; +http://www.google.com/bot.html)"
40.77.167.143 - - [03/Aug/2024:07:40:32 +0200] "GET /category/143-190 HTTP/1.1" 200 1028 "-" "Mozilla/5.0 AppleWebKit/537.36 (KHTML, like Gecko; compatible; bingbot/2.0; +http://www.bing.com/bingbot.htm) Chrome/116.0.1938.76 Safari/537.36"
114.119.137.128 - - [03/Aug/2024:07:59:24 +0200] "GET /login.php?id=405 HTTP/1.1" 200 4108 "https://www.thelewale.in/category-thela.php?cat=Fast%20Food" "Mozilla/5.0 (Linux; Android 7.0;) AppleWebKit/537.36 (KHTML, like Gecko) Mobile Safari/537.36 (compatible; PetalBot;+https://webmaster.petalsearch.com/site/petalbot)"
69.171.249.14 - - [03/Aug/2024:08:02:17 +0200] "GET /sitemap_index_28.xml HTTP/1.1" 200 2095 "-" "facebookexternalhit/1.1 (+http://www.facebook.com/externalhit_uatext.php)"
66.249.79.7 - - [03/Aug/2024:08:21:13 +0200] "GET /t3006376797 HTTP/1.1" 200 1028 "-" "Mozilla/5.0 (Linux; Android 6.0.1; Nexus 5X Build/MMB29P) AppleWebKit/537.36 (KHTML, like Gecko) Chrome/126.0.6478.182 Mobile Safari/537.36 (compatible; Googlebot/2.1; +http://www.google.com/bot.html)"
66.249.79.7 - - [03/Aug/2024:08:35:58 +0200] "GET /items.php?pickup/K1920604 HTTP/1.1" 200 1028 "-" "Mozilla/5.0 (Linux; Android 6.0.1; Nexus 5X Build/MMB29P) AppleWebKit/537.36 (KHTML, like Gecko) Chrome/126.0.6478.182 Mobile Safari/537.36 (compatible; GoogleOther)"
52.167.144.187 - - [03/Aug/2024:09:22:07 +0200] "GET /category/407-2438 HTTP/1.1" 200 1028 "-" "Mozilla/5.0 AppleWebKit/537.36 (KHTML, like Gecko; compatible; bingbot/2.0; +http://www.bing.com/bingbot.htm) Chrome/116.0.1938.76 Safari/537.36"
43.152.72.247 - - [03/Aug/2024:10:07:44 +0200] "GET / HTTP/1.1" 200 13521 "-" "Mozilla/5.0 (iPhone; CPU iPhone OS 13_2_3 like Mac OS X) AppleWebKit/605.1.15 (KHTML, like Gecko) Version/13.0.3 Mobile/15E148 Safari/604.1"
173.252.107.3 - - [03/Aug/2024:10:10:47 +0200] "GET /sitemap_index_16.xml HTTP/1.1" 200 2095 "-" "facebookexternalhit/1.1 (+http://www.facebook.com/externalhit_uatext.php)"
58.97.192.99 - - [03/Aug/2024:10:30:09 +0200] "POST /vendor/phpunit/phpunit/src/Util/PHP/eval-stdin.php HTTP/1.1" 200 1028 "-" "Mozilla/5.0 (Windows NT 10.0; Win64; x64) AppleWebKit/537.36 (KHTML, like Gecko) Chrome/93.0.4577.82 Safari/537.36"
58.97.192.99 - - [03/Aug/2024:10:30:15 +0200] "GET /.env HTTP/1.1" 200 1028 "-" "Mozilla/5.0 (Windows NT 10.0; Win64; x64) AppleWebKit/537.36 (KHTML, like Gecko) Chrome/93.0.4577.82 Safari/537.36"
52.143.142.240 - - [03/Aug/2024:10:37:33 +0200] "GET / HTTP/1.1" 200 48799 "-" "-"
52.143.142.240 - - [03/Aug/2024:10:37:33 +0200] "GET / HTTP/1.1" 200 48799 "-" "-"
52.143.142.240 - - [03/Aug/2024:10:37:34 +0200] "GET / HTTP/1.1" 200 48799 "-" "-"
52.143.142.240 - - [03/Aug/2024:10:37:34 +0200] "GET / HTTP/1.1" 200 48799 "-" "-"
52.143.142.240 - - [03/Aug/2024:10:37:34 +0200] "GET / HTTP/1.1" 200 48799 "-" "-"
52.143.142.240 - - [03/Aug/2024:10:37:35 +0200] "GET / HTTP/1.1" 200 48799 "-" "-"
52.143.142.240 - - [03/Aug/2024:10:37:35 +0200] "GET / HTTP/1.1" 200 48799 "-" "-"
52.143.142.240 - - [03/Aug/2024:10:37:36 +0200] "GET / HTTP/1.1" 200 48799 "-" "-"
52.143.142.240 - - [03/Aug/2024:10:37:36 +0200] "GET / HTTP/1.1" 200 48799 "-" "-"
52.143.142.240 - - [03/Aug/2024:10:37:36 +0200] "GET / HTTP/1.1" 200 48799 "-" "-"
52.143.142.240 - - [03/Aug/2024:10:37:37 +0200] "GET / HTTP/1.1" 200 48799 "-" "-"
52.143.142.240 - - [03/Aug/2024:10:37:37 +0200] "GET / HTTP/1.1" 200 48799 "-" "-"
52.143.142.240 - - [03/Aug/2024:10:37:37 +0200] "GET / HTTP/1.1" 200 48799 "-" "-"
52.143.142.240 - - [03/Aug/2024:10:37:38 +0200] "GET / HTTP/1.1" 200 48799 "-" "-"
52.143.142.240 - - [03/Aug/2024:10:37:38 +0200] "GET / HTTP/1.1" 200 48799 "-" "-"
52.143.142.240 - - [03/Aug/2024:10:37:39 +0200] "GET / HTTP/1.1" 200 48799 "-" "-"
52.143.142.240 - - [03/Aug/2024:10:37:39 +0200] "GET / HTTP/1.1" 200 48799 "-" "-"
52.143.142.240 - - [03/Aug/2024:10:37:40 +0200] "GET / HTTP/1.1" 200 48799 "-" "-"
173.252.83.31 - - [03/Aug/2024:10:40:56 +0200] "GET /ba-details.php?id=101 HTTP/1.1" 200 14435 "-" "meta-externalagent/1.1 (+https://developers.facebook.com/docs/sharing/webmasters/crawler)"
66.249.79.8 - - [03/Aug/2024:10:43:05 +0200] "GET /items.php?pickup/R1217025 HTTP/1.1" 200 1028 "-" "Mozilla/5.0 (Linux; Android 6.0.1; Nexus 5X Build/MMB29P) AppleWebKit/537.36 (KHTML, like Gecko) Chrome/126.0.6478.182 Mobile Safari/537.36 (compatible; Googlebot/2.1; +http://www.google.com/bot.html)"
43.130.62.164 - - [03/Aug/2024:10:59:00 +0200] "GET / HTTP/1.1" 200 13521 "http://thelewale.com" "Mozilla/5.0 (iPhone; CPU iPhone OS 13_2_3 like Mac OS X) AppleWebKit/605.1.15 (KHTML, like Gecko) Version/13.0.3 Mobile/15E148 Safari/604.1"
40.77.167.247 - - [03/Aug/2024:10:59:12 +0200] "GET /category/341-1682 HTTP/1.1" 200 1028 "-" "Mozilla/5.0 AppleWebKit/537.36 (KHTML, like Gecko; compatible; bingbot/2.0; +http://www.bing.com/bingbot.htm) Chrome/116.0.1938.76 Safari/537.36"
173.252.107.116 - - [03/Aug/2024:11:06:17 +0200] "GET /sitemap_index_26.xml HTTP/1.1" 200 2095 "-" "facebookexternalhit/1.1 (+http://www.facebook.com/externalhit_uatext.php)"
52.167.144.138 - - [03/Aug/2024:11:17:51 +0200] "GET / HTTP/1.1" 200 13521 "-" "Mozilla/5.0 AppleWebKit/537.36 (KHTML, like Gecko; compatible; bingbot/2.0; +http://www.bing.com/bingbot.htm) Chrome/116.0.1938.76 Safari/537.36"
52.167.144.238 - - [03/Aug/2024:11:18:57 +0200] "GET /assets/css/bootstrap.min.css HTTP/1.1" 200 23960 "-" "Mozilla/5.0 AppleWebKit/537.36 (KHTML, like Gecko; compatible; bingbot/2.0; +http://www.bing.com/bingbot.htm) Chrome/116.0.1938.76 Safari/537.36"
52.167.144.238 - - [03/Aug/2024:11:18:58 +0200] "GET /assets/css/color.css HTTP/1.1" 200 1107 "-" "Mozilla/5.0 AppleWebKit/537.36 (KHTML, like Gecko; compatible; bingbot/2.0; +http://www.bing.com/bingbot.htm) Chrome/116.0.1938.76 Safari/537.36"
52.167.144.238 - - [03/Aug/2024:11:18:58 +0200] "GET /assets/css/fontawesome.min.css HTTP/1.1" 200 22978 "-" "Mozilla/5.0 AppleWebKit/537.36 (KHTML, like Gecko; compatible; bingbot/2.0; +http://www.bing.com/bingbot.htm) Chrome/116.0.1938.76 Safari/537.36"
52.167.144.238 - - [03/Aug/2024:11:18:58 +0200] "GET /assets/css/jquery.fancybox.min.css HTTP/1.1" 200 3096 "-" "Mozilla/5.0 AppleWebKit/537.36 (KHTML, like Gecko; compatible; bingbot/2.0; +http://www.bing.com/bingbot.htm) Chrome/116.0.1938.76 Safari/537.36"
52.167.144.238 - - [03/Aug/2024:11:18:59 +0200] "GET /assets/css/responsive.css HTTP/1.1" 200 5803 "-" "Mozilla/5.0 AppleWebKit/537.36 (KHTML, like Gecko; compatible; bingbot/2.0; +http://www.bing.com/bingbot.htm) Chrome/116.0.1938.76 Safari/537.36"
52.167.144.238 - - [03/Aug/2024:11:18:59 +0200] "GET /assets/js/preloader.js HTTP/1.1" 200 107 "-" "Mozilla/5.0 AppleWebKit/537.36 (KHTML, like Gecko; compatible; bingbot/2.0; +http://www.bing.com/bingbot.htm) Chrome/116.0.1938.76 Safari/537.36"
52.167.144.138 - - [03/Aug/2024:11:19:01 +0200] "GET /assets/css/style.css HTTP/1.1" 200 15358 "-" "Mozilla/5.0 AppleWebKit/537.36 (KHTML, like Gecko; compatible; bingbot/2.0; +http://www.bing.com/bingbot.htm) Chrome/116.0.1938.76 Safari/537.36"
157.55.39.60 - - [03/Aug/2024:11:19:02 +0200] "GET /assets/js/bootstrap.min.js HTTP/1.1" 200 16361 "-" "Mozilla/5.0 AppleWebKit/537.36 (KHTML, like Gecko; compatible; bingbot/2.0; +http://www.bing.com/bingbot.htm) Chrome/116.0.1938.76 Safari/537.36"
157.55.39.60 - - [03/Aug/2024:11:19:03 +0200] "GET /assets/js/jquery.fancybox.min.js HTTP/1.1" 200 22013 "-" "Mozilla/5.0 AppleWebKit/537.36 (KHTML, like Gecko; compatible; bingbot/2.0; +http://www.bing.com/bingbot.htm) Chrome/116.0.1938.76 Safari/537.36"
