160.22.84.186 - - [24/Apr/2025:15:34:29 +0200] "GET /index.php/wp-json/wp/v2/widget-types?context=edit&per_page=100&_locale=user HTTP/1.1" 200 9313 "https://newssetu24.in/wp-admin/customize.php" "Mozilla/5.0 (Windows NT 10.0; Win64; x64) AppleWebKit/537.36 (KHTML, like Gecko) Chrome/135.0.0.0 Safari/537.36"
54.213.240.218 - - [24/Apr/2025:15:35:20 +0200] "GET / HTTP/1.1" 200 5294 "-" "Mozilla/5.0 (Linux; Android 8.0.0; SM-G965U Build/R16NW) AppleWebKit/537.36 (KHTML, like Gecko) Chrome/63.0.3239.111 Mobile Safari/537.36"
54.213.240.218 - - [24/Apr/2025:15:35:20 +0200] "GET / HTTP/1.1" 200 5294 "-" "Mozilla/5.0 (Windows NT 10.0; Win64; x64) AppleWebKit/537.36 (KHTML, like Gecko) Chrome/70.0.3538.102 Safari/537.36 Edge/18.19582"
160.22.84.186 - - [24/Apr/2025:15:35:21 +0200] "POST /?customize_changeset_uuid=70cfec23-971d-4d45-ad1d-5cab321f9cee&customize_theme=mh-magazine-lite&customize_messenger_channel=preview-1&customize_autosaved=on HTTP/1.1" 200 11897 "https://newssetu24.in/wp-admin/customize.php" "Mozilla/5.0 (Windows NT 10.0; Win64; x64) AppleWebKit/537.36 (KHTML, like Gecko) Chrome/135.0.0.0 Safari/537.36"
160.22.84.186 - - [24/Apr/2025:15:35:22 +0200] "GET /wp-content/themes/mh-magazine-lite/style.css?ver=2.10.0 HTTP/1.1" 200 9317 "https://newssetu24.in/?customize_changeset_uuid=70cfec23-971d-4d45-ad1d-5cab321f9cee&customize_theme=mh-magazine-lite&customize_messenger_channel=preview-1&customize_autosaved=on" "Mozilla/5.0 (Windows NT 10.0; Win64; x64) AppleWebKit/537.36 (KHTML, like Gecko) Chrome/135.0.0.0 Safari/537.36"
160.22.84.186 - - [24/Apr/2025:15:35:22 +0200] "GET /wp-content/themes/mh-magazine-lite/includes/font-awesome.min.css HTTP/1.1" 200 5208 "https://newssetu24.in/?customize_changeset_uuid=70cfec23-971d-4d45-ad1d-5cab321f9cee&customize_theme=mh-magazine-lite&customize_messenger_channel=preview-1&customize_autosaved=on" "Mozilla/5.0 (Windows NT 10.0; Win64; x64) AppleWebKit/537.36 (KHTML, like Gecko) Chrome/135.0.0.0 Safari/537.36"
160.22.84.186 - - [24/Apr/2025:15:35:23 +0200] "GET /wp-content/themes/mh-magazine-lite/images/placeholder-medium.png HTTP/1.1" 304 - "https://newssetu24.in/?customize_changeset_uuid=70cfec23-971d-4d45-ad1d-5cab321f9cee&customize_theme=mh-magazine-lite&customize_messenger_channel=preview-1&customize_autosaved=on" "Mozilla/5.0 (Windows NT 10.0; Win64; x64) AppleWebKit/537.36 (KHTML, like Gecko) Chrome/135.0.0.0 Safari/537.36"
160.22.84.186 - - [24/Apr/2025:15:35:23 +0200] "GET /wp-content/themes/mh-magazine-lite/js/scripts.js?ver=2.10.0 HTTP/1.1" 200 12426 "https://newssetu24.in/?customize_changeset_uuid=70cfec23-971d-4d45-ad1d-5cab321f9cee&customize_theme=mh-magazine-lite&customize_messenger_channel=preview-1&customize_autosaved=on" "Mozilla/5.0 (Windows NT 10.0; Win64; x64) AppleWebKit/537.36 (KHTML, like Gecko) Chrome/135.0.0.0 Safari/537.36"
160.22.84.186 - - [24/Apr/2025:15:35:23 +0200] "GET /wp-content/themes/mh-magazine-lite/fonts/fontawesome/fa-regular-400.woff2 HTTP/1.1" 304 - "https://newssetu24.in/wp-content/themes/mh-magazine-lite/includes/font-awesome.min.css" "Mozilla/5.0 (Windows NT 10.0; Win64; x64) AppleWebKit/537.36 (KHTML, like Gecko) Chrome/135.0.0.0 Safari/537.36"
160.22.84.186 - - [24/Apr/2025:15:35:23 +0200] "GET /wp-content/themes/mh-magazine-lite/fonts/fontawesome/fa-solid-900.woff2 HTTP/1.1" 304 - "https://newssetu24.in/wp-content/themes/mh-magazine-lite/includes/font-awesome.min.css" "Mozilla/5.0 (Windows NT 10.0; Win64; x64) AppleWebKit/537.36 (KHTML, like Gecko) Chrome/135.0.0.0 Safari/537.36"
160.22.84.186 - - [24/Apr/2025:15:35:28 +0200] "POST /wp-admin/admin-ajax.php HTTP/1.1" 200 47 "https://newssetu24.in/wp-admin/customize.php" "Mozilla/5.0 (Windows NT 10.0; Win64; x64) AppleWebKit/537.36 (KHTML, like Gecko) Chrome/135.0.0.0 Safari/537.36"
160.22.84.186 - - [24/Apr/2025:15:35:35 +0200] "POST /wp-admin/admin-ajax.php HTTP/1.1" 200 159 "https://newssetu24.in/wp-admin/customize.php" "Mozilla/5.0 (Windows NT 10.0; Win64; x64) AppleWebKit/537.36 (KHTML, like Gecko) Chrome/135.0.0.0 Safari/537.36"
160.22.84.186 - - [24/Apr/2025:15:35:41 +0200] "GET / HTTP/1.1" 200 6720 "https://newssetu24.in/wp-admin/themes.php" "Mozilla/5.0 (Windows NT 10.0; Win64; x64) AppleWebKit/537.36 (KHTML, like Gecko) Chrome/135.0.0.0 Safari/537.36"
160.22.84.186 - - [24/Apr/2025:15:35:42 +0200] "GET /wp-content/themes/mh-magazine-lite/style.css?ver=2.10.0 HTTP/1.1" 200 9317 "https://newssetu24.in/" "Mozilla/5.0 (Windows NT 10.0; Win64; x64) AppleWebKit/537.36 (KHTML, like Gecko) Chrome/135.0.0.0 Safari/537.36"
160.22.84.186 - - [24/Apr/2025:15:35:42 +0200] "GET /wp-content/themes/mh-magazine-lite/includes/font-awesome.min.css HTTP/1.1" 200 5208 "https://newssetu24.in/" "Mozilla/5.0 (Windows NT 10.0; Win64; x64) AppleWebKit/537.36 (KHTML, like Gecko) Chrome/135.0.0.0 Safari/537.36"
160.22.84.186 - - [24/Apr/2025:15:35:42 +0200] "GET /wp-content/themes/mh-magazine-lite/images/placeholder-medium.png HTTP/1.1" 304 - "https://newssetu24.in/" "Mozilla/5.0 (Windows NT 10.0; Win64; x64) AppleWebKit/537.36 (KHTML, like Gecko) Chrome/135.0.0.0 Safari/537.36"
160.22.84.186 - - [24/Apr/2025:15:35:42 +0200] "GET /wp-content/themes/mh-magazine-lite/js/scripts.js?ver=2.10.0 HTTP/1.1" 200 12426 "https://newssetu24.in/" "Mozilla/5.0 (Windows NT 10.0; Win64; x64) AppleWebKit/537.36 (KHTML, like Gecko) Chrome/135.0.0.0 Safari/537.36"
160.22.84.186 - - [24/Apr/2025:15:35:42 +0200] "GET /wp-content/themes/mh-magazine-lite/fonts/fontawesome/fa-solid-900.woff2 HTTP/1.1" 304 - "https://newssetu24.in/wp-content/themes/mh-magazine-lite/includes/font-awesome.min.css" "Mozilla/5.0 (Windows NT 10.0; Win64; x64) AppleWebKit/537.36 (KHTML, like Gecko) Chrome/135.0.0.0 Safari/537.36"
160.22.84.186 - - [24/Apr/2025:15:35:42 +0200] "GET /wp-content/themes/mh-magazine-lite/fonts/fontawesome/fa-regular-400.woff2 HTTP/1.1" 304 - "https://newssetu24.in/wp-content/themes/mh-magazine-lite/includes/font-awesome.min.css" "Mozilla/5.0 (Windows NT 10.0; Win64; x64) AppleWebKit/537.36 (KHTML, like Gecko) Chrome/135.0.0.0 Safari/537.36"
162.19.137.220 - - [24/Apr/2025:15:35:53 +0200] "GET / HTTP/1.1" 200 20972 "-" "Mozilla/5.0 (iPhone; CPU iPhone OS 17_2_1 like Mac OS X) AppleWebKit/605.1.15 (KHTML, like Gecko) Version/17.2 Mobile/15E148 Safari/604"
160.22.84.186 - - [24/Apr/2025:15:35:56 +0200] "OPTIONS /index.php/wp-json/wp/v2/media?_locale=user HTTP/1.1" 200 11982 "https://newssetu24.in/wp-admin/customize.php" "Mozilla/5.0 (Windows NT 10.0; Win64; x64) AppleWebKit/537.36 (KHTML, like Gecko) Chrome/135.0.0.0 Safari/537.36"
162.19.137.220 - - [24/Apr/2025:15:36:01 +0200] "GET / HTTP/1.1" 200 20972 "-" "-"
160.22.84.186 - - [24/Apr/2025:15:36:03 +0200] "POST /wp-admin/admin-ajax.php HTTP/1.1" 404 50 "https://newssetu24.in/wp-admin/customize.php" "Mozilla/5.0 (Windows NT 10.0; Win64; x64) AppleWebKit/537.36 (KHTML, like Gecko) Chrome/135.0.0.0 Safari/537.36"
160.22.84.186 - - [24/Apr/2025:15:36:04 +0200] "GET /wp-admin/themes.php?page=magazine HTTP/1.1" 200 7854 "https://newssetu24.in/wp-admin/customize.php" "Mozilla/5.0 (Windows NT 10.0; Win64; x64) AppleWebKit/537.36 (KHTML, like Gecko) Chrome/135.0.0.0 Safari/537.36"
160.22.84.186 - - [24/Apr/2025:15:36:04 +0200] "GET /wp-content/themes/mh-magazine-lite/screenshot.png HTTP/1.1" 304 - "https://newssetu24.in/wp-admin/themes.php?page=magazine" "Mozilla/5.0 (Windows NT 10.0; Win64; x64) AppleWebKit/537.36 (KHTML, like Gecko) Chrome/135.0.0.0 Safari/537.36"
160.22.84.186 - - [24/Apr/2025:15:36:04 +0200] "GET /wp-content/themes/mh-magazine-lite/admin/admin.css?ver=6.8 HTTP/1.1" 200 1052 "https://newssetu24.in/wp-admin/themes.php?page=magazine" "Mozilla/5.0 (Windows NT 10.0; Win64; x64) AppleWebKit/537.36 (KHTML, like Gecko) Chrome/135.0.0.0 Safari/537.36"
162.19.137.220 - - [24/Apr/2025:15:36:07 +0200] "HEAD / HTTP/1.1" 200 - "-" "Mozilla/5.0 (Windows NT 10.0; Win64; x64) AppleWebKit/537.36 (KHTML, like Gecko) Chrome/42.0.2311.135 Safari/537.36 Edge/12.246"
162.19.137.220 - - [24/Apr/2025:15:36:08 +0200] "GET / HTTP/1.1" 200 20972 "-" "Mozilla/5.0 (Windows NT 10.0; Win64; x64) AppleWebKit/537.36 (KHTML, like Gecko) Chrome/42.0.2311.135 Safari/537.36 Edge/12.246"
160.22.84.186 - - [24/Apr/2025:15:36:08 +0200] "GET /wp-admin/themes.php HTTP/1.1" 200 12684 "https://newssetu24.in/wp-admin/themes.php?page=magazine" "Mozilla/5.0 (Windows NT 10.0; Win64; x64) AppleWebKit/537.36 (KHTML, like Gecko) Chrome/135.0.0.0 Safari/537.36"
160.22.84.186 - - [24/Apr/2025:15:36:09 +0200] "GET /wp-content/themes/mh-magazine-lite/screenshot.png?ver=2.10.0 HTTP/1.1" 304 - "https://newssetu24.in/wp-admin/themes.php" "Mozilla/5.0 (Windows NT 10.0; Win64; x64) AppleWebKit/537.36 (KHTML, like Gecko) Chrome/135.0.0.0 Safari/537.36"
160.22.84.186 - - [24/Apr/2025:15:36:09 +0200] "GET /wp-content/themes/bright-mode/screenshot.png?ver=1.0.3 HTTP/1.1" 304 - "https://newssetu24.in/wp-admin/themes.php" "Mozilla/5.0 (Windows NT 10.0; Win64; x64) AppleWebKit/537.36 (KHTML, like Gecko) Chrome/135.0.0.0 Safari/537.36"
162.19.137.220 - - [24/Apr/2025:15:36:09 +0200] "GET /robots.txt HTTP/1.1" 200 114 "-" "Mozilla/5.0 (Windows NT 10.0; Win64; x64) AppleWebKit/537.36 (KHTML, like Gecko) Chrome/42.0.2311.135 Safari/537.36 Edge/12.246"
162.19.137.220 - - [24/Apr/2025:15:36:10 +0200] "HEAD /index.php/feed/ HTTP/1.1" 200 - "https://newssetu24.in/" "Mozilla/5.0 (Windows NT 10.0; Win64; x64) AppleWebKit/537.36 (KHTML, like Gecko) Chrome/42.0.2311.135 Safari/537.36 Edge/12.246"
162.19.137.220 - - [24/Apr/2025:15:36:11 +0200] "HEAD /index.php/comments/feed/ HTTP/1.1" 200 - "https://newssetu24.in/" "Mozilla/5.0 (Windows NT 10.0; Win64; x64) AppleWebKit/537.36 (KHTML, like Gecko) Chrome/42.0.2311.135 Safari/537.36 Edge/12.246"
162.19.137.220 - - [24/Apr/2025:15:36:11 +0200] "HEAD /wp-includes/css/dist/block-library/style.min.css?ver=6.8 HTTP/1.1" 200 - "https://newssetu24.in/" "Mozilla/5.0 (Windows NT 10.0; Win64; x64) AppleWebKit/537.36 (KHTML, like Gecko) Chrome/42.0.2311.135 Safari/537.36 Edge/12.246"
162.19.137.220 - - [24/Apr/2025:15:36:11 +0200] "GET /wp-includes/css/dist/block-library/style.min.css?ver=6.8 HTTP/1.1" 200 116363 "https://newssetu24.in/" "Mozilla/5.0 (Windows NT 10.0; Win64; x64) AppleWebKit/537.36 (KHTML, like Gecko) Chrome/42.0.2311.135 Safari/537.36 Edge/12.246"
162.19.137.220 - - [24/Apr/2025:15:36:12 +0200] "HEAD /wp-content/themes/mh-magazine-lite/style.css?ver=2.10.0 HTTP/1.1" 200 - "https://newssetu24.in/" "Mozilla/5.0 (Windows NT 10.0; Win64; x64) AppleWebKit/537.36 (KHTML, like Gecko) Chrome/42.0.2311.135 Safari/537.36 Edge/12.246"
162.19.137.220 - - [24/Apr/2025:15:36:12 +0200] "GET /wp-content/themes/mh-magazine-lite/style.css?ver=2.10.0 HTTP/1.1" 200 46096 "https://newssetu24.in/" "Mozilla/5.0 (Windows NT 10.0; Win64; x64) AppleWebKit/537.36 (KHTML, like Gecko) Chrome/42.0.2311.135 Safari/537.36 Edge/12.246"
162.19.137.220 - - [24/Apr/2025:15:36:12 +0200] "HEAD /wp-content/themes/mh-magazine-lite/includes/font-awesome.min.css HTTP/1.1" 200 - "https://newssetu24.in/" "Mozilla/5.0 (Windows NT 10.0; Win64; x64) AppleWebKit/537.36 (KHTML, like Gecko) Chrome/42.0.2311.135 Safari/537.36 Edge/12.246"
162.19.137.220 - - [24/Apr/2025:15:36:12 +0200] "GET /wp-content/themes/mh-magazine-lite/includes/font-awesome.min.css HTTP/1.1" 200 20809 "https://newssetu24.in/" "Mozilla/5.0 (Windows NT 10.0; Win64; x64) AppleWebKit/537.36 (KHTML, like Gecko) Chrome/42.0.2311.135 Safari/537.36 Edge/12.246"
162.19.137.220 - - [24/Apr/2025:15:36:12 +0200] "HEAD /wp-includes/js/jquery/jquery.min.js?ver=3.7.1 HTTP/1.1" 200 - "https://newssetu24.in/" "Mozilla/5.0 (Windows NT 10.0; Win64; x64) AppleWebKit/537.36 (KHTML, like Gecko) Chrome/42.0.2311.135 Safari/537.36 Edge/12.246"
162.19.137.220 - - [24/Apr/2025:15:36:13 +0200] "HEAD /wp-includes/js/jquery/jquery-migrate.min.js?ver=3.4.1 HTTP/1.1" 200 - "https://newssetu24.in/" "Mozilla/5.0 (Windows NT 10.0; Win64; x64) AppleWebKit/537.36 (KHTML, like Gecko) Chrome/42.0.2311.135 Safari/537.36 Edge/12.246"
162.19.137.220 - - [24/Apr/2025:15:36:13 +0200] "HEAD /wp-content/themes/mh-magazine-lite/js/scripts.js?ver=2.10.0 HTTP/1.1" 200 - "https://newssetu24.in/" "Mozilla/5.0 (Windows NT 10.0; Win64; x64) AppleWebKit/537.36 (KHTML, like Gecko) Chrome/42.0.2311.135 Safari/537.36 Edge/12.246"
160.22.84.186 - - [24/Apr/2025:15:36:13 +0200] "GET /wp-admin/theme-install.php HTTP/1.1" 200 10921 "https://newssetu24.in/wp-admin/themes.php" "Mozilla/5.0 (Windows NT 10.0; Win64; x64) AppleWebKit/537.36 (KHTML, like Gecko) Chrome/135.0.0.0 Safari/537.36"
162.19.137.220 - - [24/Apr/2025:15:36:13 +0200] "HEAD /index.php/wp-json/ HTTP/1.1" 200 - "https://newssetu24.in/" "Mozilla/5.0 (Windows NT 10.0; Win64; x64) AppleWebKit/537.36 (KHTML, like Gecko) Chrome/42.0.2311.135 Safari/537.36 Edge/12.246"
162.19.137.220 - - [24/Apr/2025:15:36:13 +0200] "HEAD /xmlrpc.php?rsd HTTP/1.1" 200 - "https://newssetu24.in/" "Mozilla/5.0 (Windows NT 10.0; Win64; x64) AppleWebKit/537.36 (KHTML, like Gecko) Chrome/42.0.2311.135 Safari/537.36 Edge/12.246"
162.19.137.220 - - [24/Apr/2025:15:36:14 +0200] "HEAD /index.php/sample-page/ HTTP/1.1" 200 - "https://newssetu24.in/" "Mozilla/5.0 (Windows NT 10.0; Win64; x64) AppleWebKit/537.36 (KHTML, like Gecko) Chrome/42.0.2311.135 Safari/537.36 Edge/12.246"
160.22.84.186 - - [24/Apr/2025:15:36:13 +0200] "POST /wp-admin/admin-ajax.php HTTP/1.1" 200 214779 "https://newssetu24.in/wp-admin/theme-install.php?browse=popular" "Mozilla/5.0 (Windows NT 10.0; Win64; x64) AppleWebKit/537.36 (KHTML, like Gecko) Chrome/135.0.0.0 Safari/537.36"
162.19.137.220 - - [24/Apr/2025:15:36:15 +0200] "GET /index.php/sample-page/ HTTP/1.1" 200 20727 "https://newssetu24.in/" "Mozilla/5.0 (Windows NT 10.0; Win64; x64) AppleWebKit/537.36 (KHTML, like Gecko) Chrome/42.0.2311.135 Safari/537.36 Edge/12.246"
162.19.137.220 - - [24/Apr/2025:15:36:15 +0200] "HEAD /index.php/2025/04/24/hello-world/ HTTP/1.1" 200 - "https://newssetu24.in/" "Mozilla/5.0 (Windows NT 10.0; Win64; x64) AppleWebKit/537.36 (KHTML, like Gecko) Chrome/42.0.2311.135 Safari/537.36 Edge/12.246"
162.19.137.220 - - [24/Apr/2025:15:36:16 +0200] "GET /index.php/2025/04/24/hello-world/ HTTP/1.1" 200 29501 "https://newssetu24.in/" "Mozilla/5.0 (Windows NT 10.0; Win64; x64) AppleWebKit/537.36 (KHTML, like Gecko) Chrome/42.0.2311.135 Safari/537.36 Edge/12.246"
162.19.137.220 - - [24/Apr/2025:15:36:17 +0200] "HEAD /wp-content/themes/mh-magazine-lite/images/placeholder-medium.png HTTP/1.1" 200 - "https://newssetu24.in/" "Mozilla/5.0 (Windows NT 10.0; Win64; x64) AppleWebKit/537.36 (KHTML, like Gecko) Chrome/42.0.2311.135 Safari/537.36 Edge/12.246"
162.19.137.220 - - [24/Apr/2025:15:36:17 +0200] "HEAD /index.php/author/admin/ HTTP/1.1" 200 - "https://newssetu24.in/" "Mozilla/5.0 (Windows NT 10.0; Win64; x64) AppleWebKit/537.36 (KHTML, like Gecko) Chrome/42.0.2311.135 Safari/537.36 Edge/12.246"
162.19.137.220 - - [24/Apr/2025:15:36:18 +0200] "GET /index.php/author/admin/ HTTP/1.1" 200 21322 "https://newssetu24.in/" "Mozilla/5.0 (Windows NT 10.0; Win64; x64) AppleWebKit/537.36 (KHTML, like Gecko) Chrome/42.0.2311.135 Safari/537.36 Edge/12.246"
162.19.137.220 - - [24/Apr/2025:15:36:19 +0200] "HEAD /wp-content/themes/mh-magazine-lite/images/bg_direction_nav.png HTTP/1.1" 200 - "https://newssetu24.in/wp-content/themes/mh-magazine-lite/style.css?ver=2.10.0" "Mozilla/5.0 (Windows NT 10.0; Win64; x64) AppleWebKit/537.36 (KHTML, like Gecko) Chrome/42.0.2311.135 Safari/537.36 Edge/12.246"
162.19.137.220 - - [24/Apr/2025:15:36:19 +0200] "HEAD /wp-content/themes/mh-magazine-lite/fonts/fontawesome/fa-regular-400.woff2 HTTP/1.1" 200 - "https://newssetu24.in/wp-content/themes/mh-magazine-lite/includes/font-awesome.min.css" "Mozilla/5.0 (Windows NT 10.0; Win64; x64) AppleWebKit/537.36 (KHTML, like Gecko) Chrome/42.0.2311.135 Safari/537.36 Edge/12.246"
162.19.137.220 - - [24/Apr/2025:15:36:19 +0200] "HEAD /wp-content/themes/mh-magazine-lite/fonts/fontawesome/fa-regular-400.ttf HTTP/1.1" 200 - "https://newssetu24.in/wp-content/themes/mh-magazine-lite/includes/font-awesome.min.css" "Mozilla/5.0 (Windows NT 10.0; Win64; x64) AppleWebKit/537.36 (KHTML, like Gecko) Chrome/42.0.2311.135 Safari/537.36 Edge/12.246"
162.19.137.220 - - [24/Apr/2025:15:36:19 +0200] "HEAD /wp-content/themes/mh-magazine-lite/fonts/fontawesome/fa-solid-900.woff2 HTTP/1.1" 200 - "https://newssetu24.in/wp-content/themes/mh-magazine-lite/includes/font-awesome.min.css" "Mozilla/5.0 (Windows NT 10.0; Win64; x64) AppleWebKit/537.36 (KHTML, like Gecko) Chrome/42.0.2311.135 Safari/537.36 Edge/12.246"
162.19.137.220 - - [24/Apr/2025:15:36:19 +0200] "HEAD /wp-content/themes/mh-magazine-lite/fonts/fontawesome/fa-solid-900.ttf HTTP/1.1" 200 - "https://newssetu24.in/wp-content/themes/mh-magazine-lite/includes/font-awesome.min.css" "Mozilla/5.0 (Windows NT 10.0; Win64; x64) AppleWebKit/537.36 (KHTML, like Gecko) Chrome/42.0.2311.135 Safari/537.36 Edge/12.246"
160.22.84.186 - - [24/Apr/2025:15:36:18 +0200] "POST /wp-admin/admin-ajax.php HTTP/1.1" 200 219393 "https://newssetu24.in/wp-admin/theme-install.php?browse=popular" "Mozilla/5.0 (Windows NT 10.0; Win64; x64) AppleWebKit/537.36 (KHTML, like Gecko) Chrome/135.0.0.0 Safari/537.36"
162.19.137.220 - - [24/Apr/2025:15:36:20 +0200] "HEAD /wp-content/themes/mh-magazine-lite/fonts/fontawesome/fa-brands-400.woff2 HTTP/1.1" 200 - "https://newssetu24.in/wp-content/themes/mh-magazine-lite/includes/font-awesome.min.css" "Mozilla/5.0 (Windows NT 10.0; Win64; x64) AppleWebKit/537.36 (KHTML, like Gecko) Chrome/42.0.2311.135 Safari/537.36 Edge/12.246"
162.19.137.220 - - [24/Apr/2025:15:36:20 +0200] "HEAD /wp-content/themes/mh-magazine-lite/fonts/fontawesome/fa-brands-400.ttf HTTP/1.1" 200 - "https://newssetu24.in/wp-content/themes/mh-magazine-lite/includes/font-awesome.min.css" "Mozilla/5.0 (Windows NT 10.0; Win64; x64) AppleWebKit/537.36 (KHTML, like Gecko) Chrome/42.0.2311.135 Safari/537.36 Edge/12.246"
162.19.137.220 - - [24/Apr/2025:15:36:20 +0200] "HEAD /xmlrpc.php HTTP/1.1" 405 - "https://newssetu24.in/index.php/sample-page/" "Mozilla/5.0 (Windows NT 10.0; Win64; x64) AppleWebKit/537.36 (KHTML, like Gecko) Chrome/42.0.2311.135 Safari/537.36 Edge/12.246"
162.19.137.220 - - [24/Apr/2025:15:36:21 +0200] "HEAD /index.php/sample-page/feed/ HTTP/1.1" 200 - "https://newssetu24.in/index.php/sample-page/" "Mozilla/5.0 (Windows NT 10.0; Win64; x64) AppleWebKit/537.36 (KHTML, like Gecko) Chrome/42.0.2311.135 Safari/537.36 Edge/12.246"
162.19.137.220 - - [24/Apr/2025:15:36:21 +0200] "HEAD /index.php/wp-json/wp/v2/pages/2 HTTP/1.1" 200 - "https://newssetu24.in/index.php/sample-page/" "Mozilla/5.0 (Windows NT 10.0; Win64; x64) AppleWebKit/537.36 (KHTML, like Gecko) Chrome/42.0.2311.135 Safari/537.36 Edge/12.246"
162.19.137.220 - - [24/Apr/2025:15:36:22 +0200] "HEAD /?p=2 HTTP/1.1" 301 - "https://newssetu24.in/index.php/sample-page/" "Mozilla/5.0 (Windows NT 10.0; Win64; x64) AppleWebKit/537.36 (KHTML, like Gecko) Chrome/42.0.2311.135 Safari/537.36 Edge/12.246"
162.19.137.220 - - [24/Apr/2025:15:36:23 +0200] "HEAD /index.php/sample-page/ HTTP/1.1" 200 - "https://newssetu24.in/index.php/sample-page/" "Mozilla/5.0 (Windows NT 10.0; Win64; x64) AppleWebKit/537.36 (KHTML, like Gecko) Chrome/42.0.2311.135 Safari/537.36 Edge/12.246"
162.19.137.220 - - [24/Apr/2025:15:36:24 +0200] "GET /index.php/sample-page/ HTTP/1.1" 200 20727 "https://newssetu24.in/index.php/sample-page/" "Mozilla/5.0 (Windows NT 10.0; Win64; x64) AppleWebKit/537.36 (KHTML, like Gecko) Chrome/42.0.2311.135 Safari/537.36 Edge/12.246"
162.19.137.220 - - [24/Apr/2025:15:36:25 +0200] "HEAD /index.php/wp-json/oembed/1.0/embed?url=https%3A%2F%2Fnewssetu24.in%2Findex.php%2Fsample-page%2F HTTP/1.1" 200 - "https://newssetu24.in/index.php/sample-page/" "Mozilla/5.0 (Windows NT 10.0; Win64; x64) AppleWebKit/537.36 (KHTML, like Gecko) Chrome/42.0.2311.135 Safari/537.36 Edge/12.246"
162.19.137.220 - - [24/Apr/2025:15:36:25 +0200] "HEAD /index.php/wp-json/oembed/1.0/embed?url=https%3A%2F%2Fnewssetu24.in%2Findex.php%2Fsample-page%2F&format=xml HTTP/1.1" 200 - "https://newssetu24.in/index.php/sample-page/" "Mozilla/5.0 (Windows NT 10.0; Win64; x64) AppleWebKit/537.36 (KHTML, like Gecko) Chrome/42.0.2311.135 Safari/537.36 Edge/12.246"
162.19.137.220 - - [24/Apr/2025:15:36:26 +0200] "HEAD /index.php/2025/04/24/hello-world/feed/ HTTP/1.1" 200 - "https://newssetu24.in/index.php/2025/04/24/hello-world/" "Mozilla/5.0 (Windows NT 10.0; Win64; x64) AppleWebKit/537.36 (KHTML, like Gecko) Chrome/42.0.2311.135 Safari/537.36 Edge/12.246"
162.19.137.220 - - [24/Apr/2025:15:36:26 +0200] "HEAD /index.php/wp-json/wp/v2/posts/5 HTTP/1.1" 200 - "https://newssetu24.in/index.php/2025/04/24/hello-world/" "Mozilla/5.0 (Windows NT 10.0; Win64; x64) AppleWebKit/537.36 (KHTML, like Gecko) Chrome/42.0.2311.135 Safari/537.36 Edge/12.246"
162.19.137.220 - - [24/Apr/2025:15:36:27 +0200] "HEAD /?p=5 HTTP/1.1" 301 - "https://newssetu24.in/index.php/2025/04/24/hello-world/" "Mozilla/5.0 (Windows NT 10.0; Win64; x64) AppleWebKit/537.36 (KHTML, like Gecko) Chrome/42.0.2311.135 Safari/537.36 Edge/12.246"
162.19.137.220 - - [24/Apr/2025:15:36:28 +0200] "HEAD /index.php/2025/04/24/hello-world/ HTTP/1.1" 200 - "https://newssetu24.in/index.php/2025/04/24/hello-world/" "Mozilla/5.0 (Windows NT 10.0; Win64; x64) AppleWebKit/537.36 (KHTML, like Gecko) Chrome/42.0.2311.135 Safari/537.36 Edge/12.246"
162.19.137.220 - - [24/Apr/2025:15:36:28 +0200] "GET /index.php/2025/04/24/hello-world/ HTTP/1.1" 200 29501 "https://newssetu24.in/index.php/2025/04/24/hello-world/" "Mozilla/5.0 (Windows NT 10.0; Win64; x64) AppleWebKit/537.36 (KHTML, like Gecko) Chrome/42.0.2311.135 Safari/537.36 Edge/12.246"
162.19.137.220 - - [24/Apr/2025:15:36:29 +0200] "HEAD /index.php/wp-json/oembed/1.0/embed?url=https%3A%2F%2Fnewssetu24.in%2Findex.php%2F2025%2F04%2F24%2Fhello-world%2F HTTP/1.1" 200 - "https://newssetu24.in/index.php/2025/04/24/hello-world/" "Mozilla/5.0 (Windows NT 10.0; Win64; x64) AppleWebKit/537.36 (KHTML, like Gecko) Chrome/42.0.2311.135 Safari/537.36 Edge/12.246"
162.19.137.220 - - [24/Apr/2025:15:36:29 +0200] "HEAD /index.php/wp-json/oembed/1.0/embed?url=https%3A%2F%2Fnewssetu24.in%2Findex.php%2F2025%2F04%2F24%2Fhello-world%2F&format=xml HTTP/1.1" 200 - "https://newssetu24.in/index.php/2025/04/24/hello-world/" "Mozilla/5.0 (Windows NT 10.0; Win64; x64) AppleWebKit/537.36 (KHTML, like Gecko) Chrome/42.0.2311.135 Safari/537.36 Edge/12.246"
162.19.137.220 - - [24/Apr/2025:15:36:30 +0200] "HEAD /index.php/2025/04/ HTTP/1.1" 200 - "https://newssetu24.in/index.php/2025/04/24/hello-world/" "Mozilla/5.0 (Windows NT 10.0; Win64; x64) AppleWebKit/537.36 (KHTML, like Gecko) Chrome/42.0.2311.135 Safari/537.36 Edge/12.246"
162.19.137.220 - - [24/Apr/2025:15:36:30 +0200] "GET /index.php/2025/04/ HTTP/1.1" 200 21008 "https://newssetu24.in/index.php/2025/04/24/hello-world/" "Mozilla/5.0 (Windows NT 10.0; Win64; x64) AppleWebKit/537.36 (KHTML, like Gecko) Chrome/42.0.2311.135 Safari/537.36 Edge/12.246"
162.19.137.220 - - [24/Apr/2025:15:36:31 +0200] "HEAD /index.php/category/uncategorized/ HTTP/1.1" 200 - "https://newssetu24.in/index.php/2025/04/24/hello-world/" "Mozilla/5.0 (Windows NT 10.0; Win64; x64) AppleWebKit/537.36 (KHTML, like Gecko) Chrome/42.0.2311.135 Safari/537.36 Edge/12.246"
162.19.137.220 - - [24/Apr/2025:15:36:32 +0200] "GET /index.php/category/uncategorized/ HTTP/1.1" 200 20063 "https://newssetu24.in/index.php/2025/04/24/hello-world/" "Mozilla/5.0 (Windows NT 10.0; Win64; x64) AppleWebKit/537.36 (KHTML, like Gecko) Chrome/42.0.2311.135 Safari/537.36 Edge/12.246"
162.19.137.220 - - [24/Apr/2025:15:36:33 +0200] "HEAD /index.php/2025/04/24/hello-world/?replytocom=1 HTTP/1.1" 200 - "https://newssetu24.in/index.php/2025/04/24/hello-world/" "Mozilla/5.0 (Windows NT 10.0; Win64; x64) AppleWebKit/537.36 (KHTML, like Gecko) Chrome/42.0.2311.135 Safari/537.36 Edge/12.246"
162.19.137.220 - - [24/Apr/2025:15:36:33 +0200] "GET /index.php/2025/04/24/hello-world/?replytocom=1 HTTP/1.1" 200 29546 "https://newssetu24.in/index.php/2025/04/24/hello-world/" "Mozilla/5.0 (Windows NT 10.0; Win64; x64) AppleWebKit/537.36 (KHTML, like Gecko) Chrome/42.0.2311.135 Safari/537.36 Edge/12.246"
162.19.137.220 - - [24/Apr/2025:15:36:34 +0200] "HEAD /index.php/2025/04/24/hello-world/?replytocom=2 HTTP/1.1" 200 - "https://newssetu24.in/index.php/2025/04/24/hello-world/" "Mozilla/5.0 (Windows NT 10.0; Win64; x64) AppleWebKit/537.36 (KHTML, like Gecko) Chrome/42.0.2311.135 Safari/537.36 Edge/12.246"
162.19.137.220 - - [24/Apr/2025:15:36:34 +0200] "GET /index.php/2025/04/24/hello-world/?replytocom=2 HTTP/1.1" 200 29546 "https://newssetu24.in/index.php/2025/04/24/hello-world/" "Mozilla/5.0 (Windows NT 10.0; Win64; x64) AppleWebKit/537.36 (KHTML, like Gecko) Chrome/42.0.2311.135 Safari/537.36 Edge/12.246"
162.19.137.220 - - [24/Apr/2025:15:36:35 +0200] "HEAD /wp-includes/js/comment-reply.min.js?ver=6.8 HTTP/1.1" 200 - "https://newssetu24.in/index.php/2025/04/24/hello-world/" "Mozilla/5.0 (Windows NT 10.0; Win64; x64) AppleWebKit/537.36 (KHTML, like Gecko) Chrome/42.0.2311.135 Safari/537.36 Edge/12.246"
162.19.137.220 - - [24/Apr/2025:15:36:35 +0200] "HEAD /index.php/author/admin/feed/ HTTP/1.1" 200 - "https://newssetu24.in/index.php/author/admin/" "Mozilla/5.0 (Windows NT 10.0; Win64; x64) AppleWebKit/537.36 (KHTML, like Gecko) Chrome/42.0.2311.135 Safari/537.36 Edge/12.246"
162.19.137.220 - - [24/Apr/2025:15:36:36 +0200] "HEAD /index.php/wp-json/wp/v2/users/1 HTTP/1.1" 200 - "https://newssetu24.in/index.php/author/admin/" "Mozilla/5.0 (Windows NT 10.0; Win64; x64) AppleWebKit/537.36 (KHTML, like Gecko) Chrome/42.0.2311.135 Safari/537.36 Edge/12.246"
162.19.137.220 - - [24/Apr/2025:15:36:36 +0200] "HEAD /index.php/category/uncategorized/feed/ HTTP/1.1" 200 - "https://newssetu24.in/index.php/category/uncategorized/" "Mozilla/5.0 (Windows NT 10.0; Win64; x64) AppleWebKit/537.36 (KHTML, like Gecko) Chrome/42.0.2311.135 Safari/537.36 Edge/12.246"
162.19.137.220 - - [24/Apr/2025:15:36:38 +0200] "HEAD /index.php/wp-json/wp/v2/categories/1 HTTP/1.1" 200 - "https://newssetu24.in/index.php/category/uncategorized/" "Mozilla/5.0 (Windows NT 10.0; Win64; x64) AppleWebKit/537.36 (KHTML, like Gecko) Chrome/42.0.2311.135 Safari/537.36 Edge/12.246"
160.22.84.186 - - [24/Apr/2025:15:37:14 +0200] "POST /wp-admin/admin-ajax.php HTTP/1.1" 200 47 "https://newssetu24.in/wp-admin/theme-install.php?theme=newsblogy" "Mozilla/5.0 (Windows NT 10.0; Win64; x64) AppleWebKit/537.36 (KHTML, like Gecko) Chrome/135.0.0.0 Safari/537.36"
54.213.240.218 - - [24/Apr/2025:15:38:04 +0200] "GET / HTTP/1.1" 301 - "-" "Mozilla/5.0 (Macintosh; Intel Mac OS X 10_15_7) AppleWebKit/537.36 (KHTML, like Gecko) Chrome/113.0.0.0 Safari/537.36"
54.213.240.218 - - [24/Apr/2025:15:38:06 +0200] "GET / HTTP/1.1" 200 5307 "http://www.newssetu24.in" "Mozilla/5.0 (Macintosh; Intel Mac OS X 10_15_7) AppleWebKit/537.36 (KHTML, like Gecko) Chrome/113.0.0.0 Safari/537.36"
54.213.240.218 - - [24/Apr/2025:15:38:07 +0200] "GET / HTTP/1.1" 301 - "-" "Mozilla/5.0 (Linux; Android 8.0.0; SM-G965U Build/R16NW) AppleWebKit/537.36 (KHTML, like Gecko) Chrome/63.0.3239.111 Mobile Safari/537.36"
54.213.240.218 - - [24/Apr/2025:15:38:08 +0200] "GET / HTTP/1.1" 200 5307 "http://www.newssetu24.in" "Mozilla/5.0 (Linux; Android 8.0.0; SM-G965U Build/R16NW) AppleWebKit/537.36 (KHTML, like Gecko) Chrome/63.0.3239.111 Mobile Safari/537.36"
160.22.84.186 - - [24/Apr/2025:15:38:14 +0200] "POST /wp-admin/admin-ajax.php HTTP/1.1" 200 47 "https://newssetu24.in/wp-admin/theme-install.php?theme=newsblogy" "Mozilla/5.0 (Windows NT 10.0; Win64; x64) AppleWebKit/537.36 (KHTML, like Gecko) Chrome/135.0.0.0 Safari/537.36"
160.22.84.186 - - [24/Apr/2025:15:38:44 +0200] "POST /wp-admin/admin-ajax.php HTTP/1.1" 200 345 "https://newssetu24.in/wp-admin/theme-install.php?theme=newsblogy" "Mozilla/5.0 (Windows NT 10.0; Win64; x64) AppleWebKit/537.36 (KHTML, like Gecko) Chrome/135.0.0.0 Safari/537.36"
162.19.137.220 - - [24/Apr/2025:15:38:58 +0200] "GET /robots.txt HTTP/1.1" 200 114 "-" "Mozilla/5.0 (iPhone; CPU iPhone OS 17_2_1 like Mac OS X) AppleWebKit/605.1.15 (KHTML, like Gecko) Version/17.2 Mobile/15E148 Safari/604"
160.22.84.186 - - [24/Apr/2025:15:38:57 +0200] "GET /wp-admin/themes.php?action=activate&_wpnonce=03dd695c32&stylesheet=newsblogy HTTP/1.1" 302 - "https://newssetu24.in/wp-admin/theme-install.php?theme=newsblogy" "Mozilla/5.0 (Windows NT 10.0; Win64; x64) AppleWebKit/537.36 (KHTML, like Gecko) Chrome/135.0.0.0 Safari/537.36"
160.22.84.186 - - [24/Apr/2025:15:39:00 +0200] "GET /wp-admin/themes.php?activated=true HTTP/1.1" 200 14067 "https://newssetu24.in/wp-admin/theme-install.php?theme=newsblogy" "Mozilla/5.0 (Windows NT 10.0; Win64; x64) AppleWebKit/537.36 (KHTML, like Gecko) Chrome/135.0.0.0 Safari/537.36"
160.22.84.186 - - [24/Apr/2025:15:39:02 +0200] "GET /wp-content/themes/newsmunch/inc/admin/assets/css/admin.css?ver=6.8 HTTP/1.1" 200 396 "https://newssetu24.in/wp-admin/themes.php?activated=true" "Mozilla/5.0 (Windows NT 10.0; Win64; x64) AppleWebKit/537.36 (KHTML, like Gecko) Chrome/135.0.0.0 Safari/537.36"
160.22.84.186 - - [24/Apr/2025:15:39:02 +0200] "GET /wp-content/themes/newsblogy/screenshot.png HTTP/1.1" 200 329080 "https://newssetu24.in/wp-admin/themes.php?activated=true" "Mozilla/5.0 (Windows NT 10.0; Win64; x64) AppleWebKit/537.36 (KHTML, like Gecko) Chrome/135.0.0.0 Safari/537.36"
160.22.84.186 - - [24/Apr/2025:15:39:02 +0200] "GET /wp-content/themes/bright-mode/screenshot.png?ver=1.0.3 HTTP/1.1" 304 - "https://newssetu24.in/wp-admin/themes.php?activated=true" "Mozilla/5.0 (Windows NT 10.0; Win64; x64) AppleWebKit/537.36 (KHTML, like Gecko) Chrome/135.0.0.0 Safari/537.36"
160.22.84.186 - - [24/Apr/2025:15:39:02 +0200] "GET /wp-content/themes/newsblogy/screenshot.png?ver=0.7 HTTP/1.1" 200 329080 "https://newssetu24.in/wp-admin/themes.php?activated=true" "Mozilla/5.0 (Windows NT 10.0; Win64; x64) AppleWebKit/537.36 (KHTML, like Gecko) Chrome/135.0.0.0 Safari/537.36"
160.22.84.186 - - [24/Apr/2025:15:39:02 +0200] "GET /wp-content/themes/mh-magazine-lite/screenshot.png?ver=2.10.0 HTTP/1.1" 304 - "https://newssetu24.in/wp-admin/themes.php?activated=true" "Mozilla/5.0 (Windows NT 10.0; Win64; x64) AppleWebKit/537.36 (KHTML, like Gecko) Chrome/135.0.0.0 Safari/537.36"
160.22.84.186 - - [24/Apr/2025:15:39:02 +0200] "GET /wp-content/themes/newsmunch/inc/admin/assets/js/newsmunch-admin-script.js?ver=6.8 HTTP/1.1" 200 528 "https://newssetu24.in/wp-admin/themes.php?activated=true" "Mozilla/5.0 (Windows NT 10.0; Win64; x64) AppleWebKit/537.36 (KHTML, like Gecko) Chrome/135.0.0.0 Safari/537.36"
160.22.84.186 - - [24/Apr/2025:15:39:02 +0200] "GET /wp-content/themes/newsmunch/screenshot.png?ver=1.0.57 HTTP/1.1" 200 267445 "https://newssetu24.in/wp-admin/themes.php?activated=true" "Mozilla/5.0 (Windows NT 10.0; Win64; x64) AppleWebKit/537.36 (KHTML, like Gecko) Chrome/135.0.0.0 Safari/537.36"
162.19.137.220 - - [24/Apr/2025:15:39:06 +0200] "GET /robots.txt HTTP/1.1" 200 114 "-" "Mozilla/5.0 (iPhone; CPU iPhone OS 17_2_1 like Mac OS X) AppleWebKit/605.1.15 (KHTML, like Gecko) Version/17.2 Mobile/15E148 Safari/604"
162.19.137.220 - - [24/Apr/2025:15:39:13 +0200] "GET /index.php/feed/ HTTP/1.1" 200 2519 "-" "Mozilla/5.0 (iPhone; CPU iPhone OS 17_2_1 like Mac OS X) AppleWebKit/605.1.15 (KHTML, like Gecko) Version/17.2 Mobile/15E148 Safari/604"
162.19.137.220 - - [24/Apr/2025:15:39:23 +0200] "GET /index.php/feed/ HTTP/1.1" 200 2519 "-" "Mozilla/5.0 (iPhone; CPU iPhone OS 17_2_1 like Mac OS X) AppleWebKit/605.1.15 (KHTML, like Gecko) Version/17.2 Mobile/15E148 Safari/604"
160.22.84.186 - - [24/Apr/2025:15:39:14 +0200] "GET / HTTP/1.1" 200 9771 "https://newssetu24.in/wp-admin/themes.php" "Mozilla/5.0 (Windows NT 10.0; Win64; x64) AppleWebKit/537.36 (KHTML, like Gecko) Chrome/135.0.0.0 Safari/537.36"
160.22.84.186 - - [24/Apr/2025:15:39:32 +0200] "GET /wp-content/themes/newsmunch/assets/vendors/css/slick.css?ver=6.8 HTTP/1.1" 200 1260 "https://newssetu24.in/" "Mozilla/5.0 (Windows NT 10.0; Win64; x64) AppleWebKit/537.36 (KHTML, like Gecko) Chrome/135.0.0.0 Safari/537.36"
160.22.84.186 - - [24/Apr/2025:15:39:32 +0200] "GET /wp-content/themes/newsmunch/assets/vendors/css/all.min.css?ver=6.8 HTTP/1.1" 200 23474 "https://newssetu24.in/" "Mozilla/5.0 (Windows NT 10.0; Win64; x64) AppleWebKit/537.36 (KHTML, like Gecko) Chrome/135.0.0.0 Safari/537.36"
160.22.84.186 - - [24/Apr/2025:15:39:32 +0200] "GET /wp-content/themes/newsmunch/assets/vendors/css/animate.min.css?ver=6.8 HTTP/1.1" 200 5273 "https://newssetu24.in/" "Mozilla/5.0 (Windows NT 10.0; Win64; x64) AppleWebKit/537.36 (KHTML, like Gecko) Chrome/135.0.0.0 Safari/537.36"
160.22.84.186 - - [24/Apr/2025:15:39:32 +0200] "GET /wp-content/themes/newsmunch/assets/css/core.css?ver=6.8 HTTP/1.1" 200 2069 "https://newssetu24.in/" "Mozilla/5.0 (Windows NT 10.0; Win64; x64) AppleWebKit/537.36 (KHTML, like Gecko) Chrome/135.0.0.0 Safari/537.36"
160.22.84.186 - - [24/Apr/2025:15:39:32 +0200] "GET /wp-content/themes/newsmunch/assets/css/woo-styles.css?ver=6.8 HTTP/1.1" 200 12004 "https://newssetu24.in/" "Mozilla/5.0 (Windows NT 10.0; Win64; x64) AppleWebKit/537.36 (KHTML, like Gecko) Chrome/135.0.0.0 Safari/537.36"
160.22.84.186 - - [24/Apr/2025:15:39:32 +0200] "GET /wp-content/themes/newsmunch/assets/css/dark.css?ver=6.8 HTTP/1.1" 200 1534 "https://newssetu24.in/" "Mozilla/5.0 (Windows NT 10.0; Win64; x64) AppleWebKit/537.36 (KHTML, like Gecko) Chrome/135.0.0.0 Safari/537.36"
160.22.84.186 - - [24/Apr/2025:15:39:32 +0200] "GET /wp-content/themes/newsblogy/style.css?ver=6.8 HTTP/1.1" 200 2820 "https://newssetu24.in/" "Mozilla/5.0 (Windows NT 10.0; Win64; x64) AppleWebKit/537.36 (KHTML, like Gecko) Chrome/135.0.0.0 Safari/537.36"
160.22.84.186 - - [24/Apr/2025:15:39:32 +0200] "GET /wp-content/themes/newsmunch/assets/css/themes.css?ver=6.8 HTTP/1.1" 200 50878 "https://newssetu24.in/" "Mozilla/5.0 (Windows NT 10.0; Win64; x64) AppleWebKit/537.36 (KHTML, like Gecko) Chrome/135.0.0.0 Safari/537.36"
160.22.84.186 - - [24/Apr/2025:15:39:32 +0200] "GET /wp-content/themes/newsmunch/assets/css/responsive.css?ver=6.8 HTTP/1.1" 200 1028 "https://newssetu24.in/" "Mozilla/5.0 (Windows NT 10.0; Win64; x64) AppleWebKit/537.36 (KHTML, like Gecko) Chrome/135.0.0.0 Safari/537.36"
160.22.84.186 - - [24/Apr/2025:15:39:32 +0200] "GET /wp-content/fonts/a58e3621c04edabf48c53ef4e4a9c83d.css HTTP/1.1" 200 1327 "https://newssetu24.in/" "Mozilla/5.0 (Windows NT 10.0; Win64; x64) AppleWebKit/537.36 (KHTML, like Gecko) Chrome/135.0.0.0 Safari/537.36"
160.22.84.186 - - [24/Apr/2025:15:39:32 +0200] "GET /wp-content/themes/newsmunch/style.css?ver=6.8 HTTP/1.1" 200 2067 "https://newssetu24.in/" "Mozilla/5.0 (Windows NT 10.0; Win64; x64) AppleWebKit/537.36 (KHTML, like Gecko) Chrome/135.0.0.0 Safari/537.36"
160.22.84.186 - - [24/Apr/2025:15:39:32 +0200] "GET /wp-content/themes/newsmunch/assets/vendors/js/slick.min.js?ver=1 HTTP/1.1" 200 10177 "https://newssetu24.in/" "Mozilla/5.0 (Windows NT 10.0; Win64; x64) AppleWebKit/537.36 (KHTML, like Gecko) Chrome/135.0.0.0 Safari/537.36"
160.22.84.186 - - [24/Apr/2025:15:39:32 +0200] "GET /wp-includes/js/imagesloaded.min.js?ver=5.0.0 HTTP/1.1" 200 1803 "https://newssetu24.in/" "Mozilla/5.0 (Windows NT 10.0; Win64; x64) AppleWebKit/537.36 (KHTML, like Gecko) Chrome/135.0.0.0 Safari/537.36"
160.22.84.186 - - [24/Apr/2025:15:39:32 +0200] "GET /wp-includes/js/masonry.min.js?ver=4.2.2 HTTP/1.1" 200 7382 "https://newssetu24.in/" "Mozilla/5.0 (Windows NT 10.0; Win64; x64) AppleWebKit/537.36 (KHTML, like Gecko) Chrome/135.0.0.0 Safari/537.36"
160.22.84.186 - - [24/Apr/2025:15:39:32 +0200] "GET /wp-content/themes/newsmunch/assets/vendors/js/wow.min.js?ver=6.8 HTTP/1.1" 200 2841 "https://newssetu24.in/" "Mozilla/5.0 (Windows NT 10.0; Win64; x64) AppleWebKit/537.36 (KHTML, like Gecko) Chrome/135.0.0.0 Safari/537.36"
160.22.84.186 - - [24/Apr/2025:15:39:32 +0200] "GET /wp-content/themes/newsmunch/assets/vendors/js/jquery.marquee.js?ver=6.8 HTTP/1.1" 200 4570 "https://newssetu24.in/" "Mozilla/5.0 (Windows NT 10.0; Win64; x64) AppleWebKit/537.36 (KHTML, like Gecko) Chrome/135.0.0.0 Safari/537.36"
160.22.84.186 - - [24/Apr/2025:15:39:32 +0200] "GET /wp-content/themes/newsmunch/assets/js/theme.js?ver=6.8 HTTP/1.1" 200 2479 "https://newssetu24.in/" "Mozilla/5.0 (Windows NT 10.0; Win64; x64) AppleWebKit/537.36 (KHTML, like Gecko) Chrome/135.0.0.0 Safari/537.36"
160.22.84.186 - - [24/Apr/2025:15:39:32 +0200] "GET /wp-content/themes/newsmunch/assets/icons/icons.svg HTTP/1.1" 200 1887 "https://newssetu24.in/" "Mozilla/5.0 (Windows NT 10.0; Win64; x64) AppleWebKit/537.36 (KHTML, like Gecko) Chrome/135.0.0.0 Safari/537.36"
160.22.84.186 - - [24/Apr/2025:15:39:32 +0200] "GET /wp-content/themes/newsmunch/assets/js/custom.js?ver=6.8 HTTP/1.1" 200 6696 "https://newssetu24.in/" "Mozilla/5.0 (Windows NT 10.0; Win64; x64) AppleWebKit/537.36 (KHTML, like Gecko) Chrome/135.0.0.0 Safari/537.36"
160.22.84.186 - - [24/Apr/2025:15:39:33 +0200] "GET /wp-content/themes/newsmunch/assets/vendors/webfonts/fa-solid-900.woff2 HTTP/1.1" 200 156496 "https://newssetu24.in/wp-content/themes/newsmunch/assets/vendors/css/all.min.css?ver=6.8" "Mozilla/5.0 (Windows NT 10.0; Win64; x64) AppleWebKit/537.36 (KHTML, like Gecko) Chrome/135.0.0.0 Safari/537.36"
160.22.84.186 - - [24/Apr/2025:15:39:33 +0200] "GET /wp-content/themes/newsmunch/assets/vendors/webfonts/fa-regular-400.woff2 HTTP/1.1" 200 25452 "https://newssetu24.in/wp-content/themes/newsmunch/assets/vendors/css/all.min.css?ver=6.8" "Mozilla/5.0 (Windows NT 10.0; Win64; x64) AppleWebKit/537.36 (KHTML, like Gecko) Chrome/135.0.0.0 Safari/537.36"
160.22.84.186 - - [24/Apr/2025:15:39:33 +0200] "GET /wp-content/themes/newsmunch/assets/vendors/webfonts/ajax-loader.gif HTTP/1.1" 200 4178 "https://newssetu24.in/wp-content/themes/newsmunch/assets/vendors/css/slick.css?ver=6.8" "Mozilla/5.0 (Windows NT 10.0; Win64; x64) AppleWebKit/537.36 (KHTML, like Gecko) Chrome/135.0.0.0 Safari/537.36"
160.22.84.186 - - [24/Apr/2025:15:39:33 +0200] "GET /wp-content/themes/newsblogy/assets/images/banner.png HTTP/1.1" 200 47926 "https://newssetu24.in/" "Mozilla/5.0 (Windows NT 10.0; Win64; x64) AppleWebKit/537.36 (KHTML, like Gecko) Chrome/135.0.0.0 Safari/537.36"
160.22.84.186 - - [24/Apr/2025:15:39:33 +0200] "GET /wp-content/themes/newsmunch/assets/vendors/webfonts/fa-brands-400.woff2 HTTP/1.1" 200 117372 "https://newssetu24.in/wp-content/themes/newsmunch/assets/vendors/css/all.min.css?ver=6.8" "Mozilla/5.0 (Windows NT 10.0; Win64; x64) AppleWebKit/537.36 (KHTML, like Gecko) Chrome/135.0.0.0 Safari/537.36"
162.19.137.220 - - [24/Apr/2025:15:39:39 +0200] "GET /index.php/comments/feed/ HTTP/1.1" 200 2592 "-" "Mozilla/5.0 (iPhone; CPU iPhone OS 17_2_1 like Mac OS X) AppleWebKit/605.1.15 (KHTML, like Gecko) Version/17.2 Mobile/15E148 Safari/604"
160.22.84.186 - - [24/Apr/2025:15:39:48 +0200] "POST /wp-admin/admin-ajax.php HTTP/1.1" 200 1 "https://newssetu24.in/wp-admin/themes.php" "Mozilla/5.0 (Windows NT 10.0; Win64; x64) AppleWebKit/537.36 (KHTML, like Gecko) Chrome/135.0.0.0 Safari/537.36"
160.22.84.186 - - [24/Apr/2025:15:39:55 +0200] "GET /wp-admin/themes.php?page=desert-demo-import HTTP/1.1" 200 9649 "https://newssetu24.in/wp-admin/themes.php" "Mozilla/5.0 (Windows NT 10.0; Win64; x64) AppleWebKit/537.36 (KHTML, like Gecko) Chrome/135.0.0.0 Safari/537.36"
160.22.84.186 - - [24/Apr/2025:15:39:58 +0200] "GET /wp-content/plugins/desert-companion/inc/desert-import/admin/css/desert-import-admin.css?ver=1.0 HTTP/1.1" 200 2186 "https://newssetu24.in/wp-admin/themes.php?page=desert-demo-import" "Mozilla/5.0 (Windows NT 10.0; Win64; x64) AppleWebKit/537.36 (KHTML, like Gecko) Chrome/135.0.0.0 Safari/537.36"
160.22.84.186 - - [24/Apr/2025:15:39:58 +0200] "GET /wp-content/plugins/desert-companion/inc/desert-import/admin/css/uikit.min.css?ver=1.0 HTTP/1.1" 200 28955 "https://newssetu24.in/wp-admin/themes.php?page=desert-demo-import" "Mozilla/5.0 (Windows NT 10.0; Win64; x64) AppleWebKit/537.36 (KHTML, like Gecko) Chrome/135.0.0.0 Safari/537.36"
160.22.84.186 - - [24/Apr/2025:15:39:58 +0200] "GET /wp-content/themes/newsmunch/inc/admin/assets/css/admin.css?ver=6.8 HTTP/1.1" 200 396 "https://newssetu24.in/wp-admin/themes.php?page=desert-demo-import" "Mozilla/5.0 (Windows NT 10.0; Win64; x64) AppleWebKit/537.36 (KHTML, like Gecko) Chrome/135.0.0.0 Safari/537.36"
160.22.84.186 - - [24/Apr/2025:15:39:58 +0200] "GET /wp-content/plugins/desert-companion/inc/desert-import/admin/js/desert-import-admin.js?ver=1.0 HTTP/1.1" 200 1417 "https://newssetu24.in/wp-admin/themes.php?page=desert-demo-import" "Mozilla/5.0 (Windows NT 10.0; Win64; x64) AppleWebKit/537.36 (KHTML, like Gecko) Chrome/135.0.0.0 Safari/537.36"
160.22.84.186 - - [24/Apr/2025:15:39:58 +0200] "GET /wp-content/plugins/desert-companion/inc/desert-import/admin/js/uikit.min.js?ver=1.0 HTTP/1.1" 200 50685 "https://newssetu24.in/wp-admin/themes.php?page=desert-demo-import" "Mozilla/5.0 (Windows NT 10.0; Win64; x64) AppleWebKit/537.36 (KHTML, like Gecko) Chrome/135.0.0.0 Safari/537.36"
160.22.84.186 - - [24/Apr/2025:15:39:58 +0200] "GET /wp-content/themes/newsblogy/screenshot.png HTTP/1.1" 304 - "https://newssetu24.in/wp-admin/themes.php?page=desert-demo-import" "Mozilla/5.0 (Windows NT 10.0; Win64; x64) AppleWebKit/537.36 (KHTML, like Gecko) Chrome/135.0.0.0 Safari/537.36"
160.22.84.186 - - [24/Apr/2025:15:39:58 +0200] "GET /wp-content/plugins/desert-companion/inc/desert-import/admin/partials/image/logo.svg HTTP/1.1" 200 2406 "https://newssetu24.in/wp-admin/themes.php?page=desert-demo-import" "Mozilla/5.0 (Windows NT 10.0; Win64; x64) AppleWebKit/537.36 (KHTML, like Gecko) Chrome/135.0.0.0 Safari/537.36"
160.22.84.186 - - [24/Apr/2025:15:39:58 +0200] "GET /wp-content/themes/newsmunch/inc/admin/assets/js/newsmunch-admin-script.js?ver=6.8 HTTP/1.1" 200 528 "https://newssetu24.in/wp-admin/themes.php?page=desert-demo-import" "Mozilla/5.0 (Windows NT 10.0; Win64; x64) AppleWebKit/537.36 (KHTML, like Gecko) Chrome/135.0.0.0 Safari/537.36"
160.22.84.186 - - [24/Apr/2025:15:39:58 +0200] "GET /wp-admin/themes.php?page=desert-demo-import HTTP/1.1" 200 9649 "https://newssetu24.in/wp-admin/themes.php?page=desert-demo-import" "Mozilla/5.0 (Windows NT 10.0; Win64; x64) AppleWebKit/537.36 (KHTML, like Gecko) Chrome/135.0.0.0 Safari/537.36"
160.22.84.186 - - [24/Apr/2025:15:40:00 +0200] "GET /wp-content/plugins/desert-companion/inc/desert-import/admin/css/desert-import-admin.css?ver=1.0 HTTP/1.1" 200 2186 "https://newssetu24.in/wp-admin/themes.php?page=desert-demo-import" "Mozilla/5.0 (Windows NT 10.0; Win64; x64) AppleWebKit/537.36 (KHTML, like Gecko) Chrome/135.0.0.0 Safari/537.36"
160.22.84.186 - - [24/Apr/2025:15:40:00 +0200] "GET /wp-content/plugins/desert-companion/inc/desert-import/admin/js/desert-import-admin.js?ver=1.0 HTTP/1.1" 200 1417 "https://newssetu24.in/wp-admin/themes.php?page=desert-demo-import" "Mozilla/5.0 (Windows NT 10.0; Win64; x64) AppleWebKit/537.36 (KHTML, like Gecko) Chrome/135.0.0.0 Safari/537.36"
160.22.84.186 - - [24/Apr/2025:15:40:00 +0200] "GET /wp-content/plugins/desert-companion/inc/desert-import/admin/js/uikit.min.js?ver=1.0 HTTP/1.1" 200 50685 "https://newssetu24.in/wp-admin/themes.php?page=desert-demo-import" "Mozilla/5.0 (Windows NT 10.0; Win64; x64) AppleWebKit/537.36 (KHTML, like Gecko) Chrome/135.0.0.0 Safari/537.36"
160.22.84.186 - - [24/Apr/2025:15:40:00 +0200] "GET /wp-content/plugins/desert-companion/inc/desert-import/admin/partials/image/logo.svg HTTP/1.1" 200 2406 "https://newssetu24.in/wp-admin/themes.php?page=desert-demo-import" "Mozilla/5.0 (Windows NT 10.0; Win64; x64) AppleWebKit/537.36 (KHTML, like Gecko) Chrome/135.0.0.0 Safari/537.36"
160.22.84.186 - - [24/Apr/2025:15:40:00 +0200] "GET /wp-content/plugins/desert-companion/inc/desert-import/admin/css/uikit.min.css?ver=1.0 HTTP/1.1" 200 28955 "https://newssetu24.in/wp-admin/themes.php?page=desert-demo-import" "Mozilla/5.0 (Windows NT 10.0; Win64; x64) AppleWebKit/537.36 (KHTML, like Gecko) Chrome/135.0.0.0 Safari/537.36"
162.19.137.220 - - [24/Apr/2025:15:40:36 +0200] "GET /index.php/comments/feed/ HTTP/1.1" 200 2592 "-" "Mozilla/5.0 (iPhone; CPU iPhone OS 17_2_1 like Mac OS X) AppleWebKit/605.1.15 (KHTML, like Gecko) Version/17.2 Mobile/15E148 Safari/604"
64.15.129.114 - - [24/Apr/2025:15:40:37 +0200] "GET / HTTP/1.1" 200 44356 "-" "Mozilla/5.0 (Windows NT 10.0; Win64; x64) AppleWebKit/537.36 (KHTML, like Gecko) Chrome/135.0.0.0 Safari/537.36"
160.22.84.186 - - [24/Apr/2025:15:40:37 +0200] "GET / HTTP/1.1" 200 9681 "https://newssetu24.in/wp-admin/themes.php" "Mozilla/5.0 (Windows NT 10.0; Win64; x64) AppleWebKit/537.36 (KHTML, like Gecko) Chrome/135.0.0.0 Safari/537.36"
160.22.84.186 - - [24/Apr/2025:15:40:38 +0200] "GET /wp-content/plugins/desert-companion/inc/desert-import/public/css/desert-import-public.css?ver=1.0 HTTP/1.1" 200 107 "https://newssetu24.in/" "Mozilla/5.0 (Windows NT 10.0; Win64; x64) AppleWebKit/537.36 (KHTML, like Gecko) Chrome/135.0.0.0 Safari/537.36"
160.22.84.186 - - [24/Apr/2025:15:40:38 +0200] "GET /wp-content/themes/newsmunch/assets/vendors/css/slick.css?ver=6.8 HTTP/1.1" 200 1260 "https://newssetu24.in/" "Mozilla/5.0 (Windows NT 10.0; Win64; x64) AppleWebKit/537.36 (KHTML, like Gecko) Chrome/135.0.0.0 Safari/537.36"
160.22.84.186 - - [24/Apr/2025:15:40:38 +0200] "GET /wp-content/themes/newsmunch/assets/css/core.css?ver=6.8 HTTP/1.1" 200 2069 "https://newssetu24.in/" "Mozilla/5.0 (Windows NT 10.0; Win64; x64) AppleWebKit/537.36 (KHTML, like Gecko) Chrome/135.0.0.0 Safari/537.36"
160.22.84.186 - - [24/Apr/2025:15:40:38 +0200] "GET /wp-content/themes/newsmunch/assets/vendors/css/animate.min.css?ver=6.8 HTTP/1.1" 200 5273 "https://newssetu24.in/" "Mozilla/5.0 (Windows NT 10.0; Win64; x64) AppleWebKit/537.36 (KHTML, like Gecko) Chrome/135.0.0.0 Safari/537.36"
160.22.84.186 - - [24/Apr/2025:15:40:38 +0200] "GET /wp-content/themes/newsmunch/assets/vendors/css/all.min.css?ver=6.8 HTTP/1.1" 200 23474 "https://newssetu24.in/" "Mozilla/5.0 (Windows NT 10.0; Win64; x64) AppleWebKit/537.36 (KHTML, like Gecko) Chrome/135.0.0.0 Safari/537.36"
160.22.84.186 - - [24/Apr/2025:15:40:38 +0200] "GET /wp-content/themes/newsmunch/assets/css/woo-styles.css?ver=6.8 HTTP/1.1" 200 12004 "https://newssetu24.in/" "Mozilla/5.0 (Windows NT 10.0; Win64; x64) AppleWebKit/537.36 (KHTML, like Gecko) Chrome/135.0.0.0 Safari/537.36"
160.22.84.186 - - [24/Apr/2025:15:40:38 +0200] "GET /wp-content/themes/newsmunch/assets/css/themes.css?ver=6.8 HTTP/1.1" 200 50878 "https://newssetu24.in/" "Mozilla/5.0 (Windows NT 10.0; Win64; x64) AppleWebKit/537.36 (KHTML, like Gecko) Chrome/135.0.0.0 Safari/537.36"
160.22.84.186 - - [24/Apr/2025:15:40:38 +0200] "GET /wp-content/themes/newsmunch/assets/css/dark.css?ver=6.8 HTTP/1.1" 200 1534 "https://newssetu24.in/" "Mozilla/5.0 (Windows NT 10.0; Win64; x64) AppleWebKit/537.36 (KHTML, like Gecko) Chrome/135.0.0.0 Safari/537.36"
160.22.84.186 - - [24/Apr/2025:15:40:38 +0200] "GET /wp-content/themes/newsmunch/assets/css/responsive.css?ver=6.8 HTTP/1.1" 200 1028 "https://newssetu24.in/" "Mozilla/5.0 (Windows NT 10.0; Win64; x64) AppleWebKit/537.36 (KHTML, like Gecko) Chrome/135.0.0.0 Safari/537.36"
160.22.84.186 - - [24/Apr/2025:15:40:38 +0200] "GET /wp-content/themes/newsblogy/style.css?ver=6.8 HTTP/1.1" 200 2820 "https://newssetu24.in/" "Mozilla/5.0 (Windows NT 10.0; Win64; x64) AppleWebKit/537.36 (KHTML, like Gecko) Chrome/135.0.0.0 Safari/537.36"
160.22.84.186 - - [24/Apr/2025:15:40:38 +0200] "GET /wp-content/fonts/a58e3621c04edabf48c53ef4e4a9c83d.css HTTP/1.1" 200 1327 "https://newssetu24.in/" "Mozilla/5.0 (Windows NT 10.0; Win64; x64) AppleWebKit/537.36 (KHTML, like Gecko) Chrome/135.0.0.0 Safari/537.36"
160.22.84.186 - - [24/Apr/2025:15:40:38 +0200] "GET /wp-content/themes/newsmunch/style.css?ver=6.8 HTTP/1.1" 200 2067 "https://newssetu24.in/" "Mozilla/5.0 (Windows NT 10.0; Win64; x64) AppleWebKit/537.36 (KHTML, like Gecko) Chrome/135.0.0.0 Safari/537.36"
160.22.84.186 - - [24/Apr/2025:15:40:38 +0200] "GET /wp-content/plugins/desert-companion/inc/desert-import/public/js/desert-import-public.js?ver=1.0 HTTP/1.1" 200 479 "https://newssetu24.in/" "Mozilla/5.0 (Windows NT 10.0; Win64; x64) AppleWebKit/537.36 (KHTML, like Gecko) Chrome/135.0.0.0 Safari/537.36"
160.22.84.186 - - [24/Apr/2025:15:40:38 +0200] "GET /wp-content/themes/newsmunch/assets/vendors/js/slick.min.js?ver=1 HTTP/1.1" 200 10177 "https://newssetu24.in/" "Mozilla/5.0 (Windows NT 10.0; Win64; x64) AppleWebKit/537.36 (KHTML, like Gecko) Chrome/135.0.0.0 Safari/537.36"
160.22.84.186 - - [24/Apr/2025:15:40:38 +0200] "GET /wp-content/themes/newsmunch/assets/vendors/js/jquery.marquee.js?ver=6.8 HTTP/1.1" 200 4570 "https://newssetu24.in/" "Mozilla/5.0 (Windows NT 10.0; Win64; x64) AppleWebKit/537.36 (KHTML, like Gecko) Chrome/135.0.0.0 Safari/537.36"
160.22.84.186 - - [24/Apr/2025:15:40:38 +0200] "GET /wp-content/themes/newsmunch/assets/vendors/js/wow.min.js?ver=6.8 HTTP/1.1" 200 2841 "https://newssetu24.in/" "Mozilla/5.0 (Windows NT 10.0; Win64; x64) AppleWebKit/537.36 (KHTML, like Gecko) Chrome/135.0.0.0 Safari/537.36"
160.22.84.186 - - [24/Apr/2025:15:40:38 +0200] "GET /wp-content/themes/newsmunch/assets/js/theme.js?ver=6.8 HTTP/1.1" 200 2479 "https://newssetu24.in/" "Mozilla/5.0 (Windows NT 10.0; Win64; x64) AppleWebKit/537.36 (KHTML, like Gecko) Chrome/135.0.0.0 Safari/537.36"
160.22.84.186 - - [24/Apr/2025:15:40:38 +0200] "GET /wp-content/themes/newsmunch/assets/js/custom.js?ver=6.8 HTTP/1.1" 200 6696 "https://newssetu24.in/" "Mozilla/5.0 (Windows NT 10.0; Win64; x64) AppleWebKit/537.36 (KHTML, like Gecko) Chrome/135.0.0.0 Safari/537.36"
