52.37.203.35 - - [24/Apr/2025:15:51:40 +0200] "GET /wp-includes/js/wp-emoji-release.min.js?ver=6.8 HTTP/1.1" 200 5166 "http://newssetu24.in/" "Mozilla/5.0 (Macintosh; Intel Mac OS X 10_15_7) AppleWebKit/537.36 (KHTML, like Gecko) Chrome/113.0.0.0 Safari/537.36"
52.37.203.35 - - [24/Apr/2025:15:51:40 +0200] "GET /wp-content/themes/newsmunch/assets/vendors/webfonts/ajax-loader.gif HTTP/1.1" 200 4178 "http://newssetu24.in/wp-content/themes/newsmunch/assets/vendors/css/slick.css?ver=6.8" "Mozilla/5.0 (Macintosh; Intel Mac OS X 10_15_7) AppleWebKit/537.36 (KHTML, like Gecko) Chrome/113.0.0.0 Safari/537.36"
54.201.177.133 - - [24/Apr/2025:15:51:41 +0200] "GET /wp-content/themes/newsmunch/assets/vendors/webfonts/fa-solid-900.woff2 HTTP/1.1" 200 156496 "http://newssetu24.in/wp-content/themes/newsmunch/assets/vendors/css/all.min.css?ver=6.8" "Mozilla/5.0 (Macintosh; Intel Mac OS X 10_15_7) AppleWebKit/537.36 (KHTML, like Gecko) Chrome/113.0.0.0 Safari/537.36"
54.201.177.133 - - [24/Apr/2025:15:51:41 +0200] "GET /wp-content/themes/newsmunch/assets/vendors/webfonts/fa-regular-400.woff2 HTTP/1.1" 200 25452 "http://newssetu24.in/wp-content/themes/newsmunch/assets/vendors/css/all.min.css?ver=6.8" "Mozilla/5.0 (Macintosh; Intel Mac OS X 10_15_7) AppleWebKit/537.36 (KHTML, like Gecko) Chrome/113.0.0.0 Safari/537.36"
54.201.177.133 - - [24/Apr/2025:15:51:41 +0200] "GET /wp-content/themes/newsmunch/assets/vendors/webfonts/fa-brands-400.woff2 HTTP/1.1" 200 117372 "http://newssetu24.in/wp-content/themes/newsmunch/assets/vendors/css/all.min.css?ver=6.8" "Mozilla/5.0 (Macintosh; Intel Mac OS X 10_15_7) AppleWebKit/537.36 (KHTML, like Gecko) Chrome/113.0.0.0 Safari/537.36"
52.37.203.35 - - [24/Apr/2025:15:51:42 +0200] "GET /wp-content/themes/newsblogy/assets/images/banner.png HTTP/1.1" 200 47926 "http://newssetu24.in/" "Mozilla/5.0 (Macintosh; Intel Mac OS X 10_15_7) AppleWebKit/537.36 (KHTML, like Gecko) Chrome/113.0.0.0 Safari/537.36"
54.201.177.133 - - [24/Apr/2025:15:51:43 +0200] "GET /wp-includes/js/wp-emoji-release.min.js?ver=6.8 HTTP/1.1" 200 5166 "http://newssetu24.in/" "Mozilla/5.0 (Macintosh; Intel Mac OS X 10_15_7) AppleWebKit/537.36 (KHTML, like Gecko) Chrome/113.0.0.0 Safari/537.36"
54.201.177.133 - - [24/Apr/2025:15:51:43 +0200] "GET /wp-content/themes/newsmunch/assets/vendors/webfonts/ajax-loader.gif HTTP/1.1" 200 4178 "http://newssetu24.in/wp-content/themes/newsmunch/assets/vendors/css/slick.css?ver=6.8" "Mozilla/5.0 (Macintosh; Intel Mac OS X 10_15_7) AppleWebKit/537.36 (KHTML, like Gecko) Chrome/113.0.0.0 Safari/537.36"
54.201.177.133 - - [24/Apr/2025:15:51:44 +0200] "GET /wp-content/themes/newsblogy/assets/images/banner.png HTTP/1.1" 200 47926 "http://newssetu24.in/" "Mozilla/5.0 (Macintosh; Intel Mac OS X 10_15_7) AppleWebKit/537.36 (KHTML, like Gecko) Chrome/113.0.0.0 Safari/537.36"
52.37.203.35 - - [24/Apr/2025:15:51:55 +0200] "GET / HTTP/1.1" 200 21772 "-" "Mozilla/5.0 (iPhone; CPU iPhone OS 14_4 like Mac OS X) AppleWebKit/605.1.15 (KHTML, like Gecko) Version/15.4 Mobile/15E148 Safari/604.1"
52.37.203.35 - - [24/Apr/2025:15:51:57 +0200] "GET /wp-content/themes/newsblogy/style.css?ver=6.8 HTTP/1.1" 200 2820 "http://newssetu24.in/" "Mozilla/5.0 (iPhone; CPU iPhone OS 14_4 like Mac OS X) AppleWebKit/605.1.15 (KHTML, like Gecko) Version/15.4 Mobile/15E148 Safari/604.1"
52.37.203.35 - - [24/Apr/2025:15:51:57 +0200] "GET /wp-includes/css/dist/block-library/style.min.css?ver=6.8 HTTP/1.1" 200 15323 "http://newssetu24.in/" "Mozilla/5.0 (iPhone; CPU iPhone OS 14_4 like Mac OS X) AppleWebKit/605.1.15 (KHTML, like Gecko) Version/15.4 Mobile/15E148 Safari/604.1"
52.37.203.35 - - [24/Apr/2025:15:51:57 +0200] "GET /wp-content/plugins/desert-companion/inc/desert-import/public/css/desert-import-public.css?ver=1.0 HTTP/1.1" 200 107 "http://newssetu24.in/" "Mozilla/5.0 (iPhone; CPU iPhone OS 14_4 like Mac OS X) AppleWebKit/605.1.15 (KHTML, like Gecko) Version/15.4 Mobile/15E148 Safari/604.1"
52.37.203.35 - - [24/Apr/2025:15:51:57 +0200] "GET /wp-content/themes/newsmunch/assets/vendors/css/all.min.css?ver=6.8 HTTP/1.1" 200 23474 "http://newssetu24.in/" "Mozilla/5.0 (iPhone; CPU iPhone OS 14_4 like Mac OS X) AppleWebKit/605.1.15 (KHTML, like Gecko) Version/15.4 Mobile/15E148 Safari/604.1"
52.37.203.35 - - [24/Apr/2025:15:51:57 +0200] "GET /wp-content/themes/newsmunch/assets/vendors/css/slick.css?ver=6.8 HTTP/1.1" 200 1260 "http://newssetu24.in/" "Mozilla/5.0 (iPhone; CPU iPhone OS 14_4 like Mac OS X) AppleWebKit/605.1.15 (KHTML, like Gecko) Version/15.4 Mobile/15E148 Safari/604.1"
52.37.203.35 - - [24/Apr/2025:15:51:57 +0200] "GET /wp-content/themes/newsmunch/assets/css/core.css?ver=6.8 HTTP/1.1" 200 2069 "http://newssetu24.in/" "Mozilla/5.0 (iPhone; CPU iPhone OS 14_4 like Mac OS X) AppleWebKit/605.1.15 (KHTML, like Gecko) Version/15.4 Mobile/15E148 Safari/604.1"
52.37.203.35 - - [24/Apr/2025:15:51:57 +0200] "GET /wp-content/themes/newsmunch/assets/vendors/css/animate.min.css?ver=6.8 HTTP/1.1" 200 5273 "http://newssetu24.in/" "Mozilla/5.0 (iPhone; CPU iPhone OS 14_4 like Mac OS X) AppleWebKit/605.1.15 (KHTML, like Gecko) Version/15.4 Mobile/15E148 Safari/604.1"
52.37.203.35 - - [24/Apr/2025:15:51:57 +0200] "GET /wp-content/themes/newsmunch/assets/css/themes.css?ver=6.8 HTTP/1.1" 200 50878 "http://newssetu24.in/" "Mozilla/5.0 (iPhone; CPU iPhone OS 14_4 like Mac OS X) AppleWebKit/605.1.15 (KHTML, like Gecko) Version/15.4 Mobile/15E148 Safari/604.1"
52.37.203.35 - - [24/Apr/2025:15:51:58 +0200] "GET /wp-content/themes/newsmunch/assets/css/dark.css?ver=6.8 HTTP/1.1" 200 1534 "http://newssetu24.in/" "Mozilla/5.0 (iPhone; CPU iPhone OS 14_4 like Mac OS X) AppleWebKit/605.1.15 (KHTML, like Gecko) Version/15.4 Mobile/15E148 Safari/604.1"
52.37.203.35 - - [24/Apr/2025:15:51:58 +0200] "GET /wp-content/themes/newsmunch/assets/css/woo-styles.css?ver=6.8 HTTP/1.1" 200 12004 "http://newssetu24.in/" "Mozilla/5.0 (iPhone; CPU iPhone OS 14_4 like Mac OS X) AppleWebKit/605.1.15 (KHTML, like Gecko) Version/15.4 Mobile/15E148 Safari/604.1"
52.37.203.35 - - [24/Apr/2025:15:51:58 +0200] "GET /wp-content/themes/newsmunch/assets/css/responsive.css?ver=6.8 HTTP/1.1" 200 1028 "http://newssetu24.in/" "Mozilla/5.0 (iPhone; CPU iPhone OS 14_4 like Mac OS X) AppleWebKit/605.1.15 (KHTML, like Gecko) Version/15.4 Mobile/15E148 Safari/604.1"
52.37.203.35 - - [24/Apr/2025:15:51:58 +0200] "GET /wp-content/fonts/4097d419c88829479761c8e37cbf945f.css HTTP/1.1" 200 1326 "http://newssetu24.in/" "Mozilla/5.0 (iPhone; CPU iPhone OS 14_4 like Mac OS X) AppleWebKit/605.1.15 (KHTML, like Gecko) Version/15.4 Mobile/15E148 Safari/604.1"
54.201.177.133 - - [24/Apr/2025:15:51:56 +0200] "GET / HTTP/1.1" 200 21772 "-" "Mozilla/5.0 (Linux; Android 8.0.0; SM-G965U Build/R16NW) AppleWebKit/537.36 (KHTML, like Gecko) Chrome/63.0.3239.111 Mobile Safari/537.36"
52.37.203.35 - - [24/Apr/2025:15:51:58 +0200] "GET /wp-content/themes/newsmunch/style.css?ver=6.8 HTTP/1.1" 200 2067 "http://newssetu24.in/" "Mozilla/5.0 (iPhone; CPU iPhone OS 14_4 like Mac OS X) AppleWebKit/605.1.15 (KHTML, like Gecko) Version/15.4 Mobile/15E148 Safari/604.1"
52.37.203.35 - - [24/Apr/2025:15:51:58 +0200] "GET /wp-content/themes/newsmunch/assets/vendors/js/slick.min.js?ver=1 HTTP/1.1" 200 10177 "http://newssetu24.in/" "Mozilla/5.0 (iPhone; CPU iPhone OS 14_4 like Mac OS X) AppleWebKit/605.1.15 (KHTML, like Gecko) Version/15.4 Mobile/15E148 Safari/604.1"
52.37.203.35 - - [24/Apr/2025:15:51:58 +0200] "GET /wp-includes/js/jquery/jquery.min.js?ver=3.7.1 HTTP/1.1" 200 30368 "http://newssetu24.in/" "Mozilla/5.0 (iPhone; CPU iPhone OS 14_4 like Mac OS X) AppleWebKit/605.1.15 (KHTML, like Gecko) Version/15.4 Mobile/15E148 Safari/604.1"
52.37.203.35 - - [24/Apr/2025:15:51:58 +0200] "GET /wp-includes/js/jquery/jquery-migrate.min.js?ver=3.4.1 HTTP/1.1" 200 4872 "http://newssetu24.in/" "Mozilla/5.0 (iPhone; CPU iPhone OS 14_4 like Mac OS X) AppleWebKit/605.1.15 (KHTML, like Gecko) Version/15.4 Mobile/15E148 Safari/604.1"
52.37.203.35 - - [24/Apr/2025:15:51:58 +0200] "GET /wp-content/plugins/desert-companion/inc/desert-import/public/js/desert-import-public.js?ver=1.0 HTTP/1.1" 200 479 "http://newssetu24.in/" "Mozilla/5.0 (iPhone; CPU iPhone OS 14_4 like Mac OS X) AppleWebKit/605.1.15 (KHTML, like Gecko) Version/15.4 Mobile/15E148 Safari/604.1"
52.37.203.35 - - [24/Apr/2025:15:51:58 +0200] "GET /wp-content/uploads/2024/02/ad-850.webp HTTP/1.1" 200 70526 "http://newssetu24.in/" "Mozilla/5.0 (iPhone; CPU iPhone OS 14_4 like Mac OS X) AppleWebKit/605.1.15 (KHTML, like Gecko) Version/15.4 Mobile/15E148 Safari/604.1"
52.37.203.35 - - [24/Apr/2025:15:51:58 +0200] "GET /wp-includes/js/imagesloaded.min.js?ver=5.0.0 HTTP/1.1" 200 1803 "http://newssetu24.in/" "Mozilla/5.0 (iPhone; CPU iPhone OS 14_4 like Mac OS X) AppleWebKit/605.1.15 (KHTML, like Gecko) Version/15.4 Mobile/15E148 Safari/604.1"
54.201.177.133 - - [24/Apr/2025:15:51:58 +0200] "GET /wp-content/themes/newsmunch/assets/css/responsive.css?ver=6.8 HTTP/1.1" 200 1028 "http://newssetu24.in/" "Mozilla/5.0 (Linux; Android 8.0.0; SM-G965U Build/R16NW) AppleWebKit/537.36 (KHTML, like Gecko) Chrome/63.0.3239.111 Mobile Safari/537.36"
54.201.177.133 - - [24/Apr/2025:15:51:58 +0200] "GET /wp-includes/css/dist/block-library/style.min.css?ver=6.8 HTTP/1.1" 200 15323 "http://newssetu24.in/" "Mozilla/5.0 (Linux; Android 8.0.0; SM-G965U Build/R16NW) AppleWebKit/537.36 (KHTML, like Gecko) Chrome/63.0.3239.111 Mobile Safari/537.36"
52.37.203.35 - - [24/Apr/2025:15:51:58 +0200] "GET /wp-includes/js/masonry.min.js?ver=4.2.2 HTTP/1.1" 200 7382 "http://newssetu24.in/" "Mozilla/5.0 (iPhone; CPU iPhone OS 14_4 like Mac OS X) AppleWebKit/605.1.15 (KHTML, like Gecko) Version/15.4 Mobile/15E148 Safari/604.1"
54.201.177.133 - - [24/Apr/2025:15:51:59 +0200] "GET /wp-content/plugins/desert-companion/inc/desert-import/public/css/desert-import-public.css?ver=1.0 HTTP/1.1" 200 107 "http://newssetu24.in/" "Mozilla/5.0 (Linux; Android 8.0.0; SM-G965U Build/R16NW) AppleWebKit/537.36 (KHTML, like Gecko) Chrome/63.0.3239.111 Mobile Safari/537.36"
54.201.177.133 - - [24/Apr/2025:15:51:59 +0200] "GET /wp-content/themes/newsmunch/assets/vendors/css/slick.css?ver=6.8 HTTP/1.1" 200 1260 "http://newssetu24.in/" "Mozilla/5.0 (Linux; Android 8.0.0; SM-G965U Build/R16NW) AppleWebKit/537.36 (KHTML, like Gecko) Chrome/63.0.3239.111 Mobile Safari/537.36"
54.201.177.133 - - [24/Apr/2025:15:51:59 +0200] "GET /wp-content/themes/newsmunch/assets/vendors/css/all.min.css?ver=6.8 HTTP/1.1" 200 23474 "http://newssetu24.in/" "Mozilla/5.0 (Linux; Android 8.0.0; SM-G965U Build/R16NW) AppleWebKit/537.36 (KHTML, like Gecko) Chrome/63.0.3239.111 Mobile Safari/537.36"
54.201.177.133 - - [24/Apr/2025:15:51:59 +0200] "GET /wp-content/themes/newsmunch/assets/vendors/css/animate.min.css?ver=6.8 HTTP/1.1" 200 5273 "http://newssetu24.in/" "Mozilla/5.0 (Linux; Android 8.0.0; SM-G965U Build/R16NW) AppleWebKit/537.36 (KHTML, like Gecko) Chrome/63.0.3239.111 Mobile Safari/537.36"
54.201.177.133 - - [24/Apr/2025:15:51:59 +0200] "GET /wp-content/themes/newsmunch/assets/css/core.css?ver=6.8 HTTP/1.1" 200 2069 "http://newssetu24.in/" "Mozilla/5.0 (Linux; Android 8.0.0; SM-G965U Build/R16NW) AppleWebKit/537.36 (KHTML, like Gecko) Chrome/63.0.3239.111 Mobile Safari/537.36"
54.201.177.133 - - [24/Apr/2025:15:51:59 +0200] "GET /wp-content/themes/newsmunch/assets/css/themes.css?ver=6.8 HTTP/1.1" 200 50878 "http://newssetu24.in/" "Mozilla/5.0 (Linux; Android 8.0.0; SM-G965U Build/R16NW) AppleWebKit/537.36 (KHTML, like Gecko) Chrome/63.0.3239.111 Mobile Safari/537.36"
52.37.203.35 - - [24/Apr/2025:15:51:59 +0200] "GET /wp-content/themes/newsmunch/assets/vendors/js/wow.min.js?ver=6.8 HTTP/1.1" 200 2841 "http://newssetu24.in/" "Mozilla/5.0 (iPhone; CPU iPhone OS 14_4 like Mac OS X) AppleWebKit/605.1.15 (KHTML, like Gecko) Version/15.4 Mobile/15E148 Safari/604.1"
52.37.203.35 - - [24/Apr/2025:15:51:59 +0200] "GET /wp-content/uploads/2024/01/newsblogy_11.webp HTTP/1.1" 200 85228 "http://newssetu24.in/" "Mozilla/5.0 (iPhone; CPU iPhone OS 14_4 like Mac OS X) AppleWebKit/605.1.15 (KHTML, like Gecko) Version/15.4 Mobile/15E148 Safari/604.1"
52.37.203.35 - - [24/Apr/2025:15:51:59 +0200] "GET /wp-content/uploads/2025/03/newsblogy-logo-2.png HTTP/1.1" 200 13933 "http://newssetu24.in/" "Mozilla/5.0 (iPhone; CPU iPhone OS 14_4 like Mac OS X) AppleWebKit/605.1.15 (KHTML, like Gecko) Version/15.4 Mobile/15E148 Safari/604.1"
52.37.203.35 - - [24/Apr/2025:15:51:59 +0200] "GET /wp-content/themes/newsmunch/assets/vendors/js/jquery.marquee.js?ver=6.8 HTTP/1.1" 200 4570 "http://newssetu24.in/" "Mozilla/5.0 (iPhone; CPU iPhone OS 14_4 like Mac OS X) AppleWebKit/605.1.15 (KHTML, like Gecko) Version/15.4 Mobile/15E148 Safari/604.1"
52.37.203.35 - - [24/Apr/2025:15:51:59 +0200] "GET /wp-content/themes/newsmunch/assets/js/theme.js?ver=6.8 HTTP/1.1" 200 2479 "http://newssetu24.in/" "Mozilla/5.0 (iPhone; CPU iPhone OS 14_4 like Mac OS X) AppleWebKit/605.1.15 (KHTML, like Gecko) Version/15.4 Mobile/15E148 Safari/604.1"
52.37.203.35 - - [24/Apr/2025:15:51:59 +0200] "GET /wp-content/themes/newsmunch/assets/js/custom.js?ver=6.8 HTTP/1.1" 200 6696 "http://newssetu24.in/" "Mozilla/5.0 (iPhone; CPU iPhone OS 14_4 like Mac OS X) AppleWebKit/605.1.15 (KHTML, like Gecko) Version/15.4 Mobile/15E148 Safari/604.1"
54.201.177.133 - - [24/Apr/2025:15:51:59 +0200] "GET /wp-content/themes/newsmunch/assets/css/woo-styles.css?ver=6.8 HTTP/1.1" 200 12004 "http://newssetu24.in/" "Mozilla/5.0 (Linux; Android 8.0.0; SM-G965U Build/R16NW) AppleWebKit/537.36 (KHTML, like Gecko) Chrome/63.0.3239.111 Mobile Safari/537.36"
54.201.177.133 - - [24/Apr/2025:15:51:59 +0200] "GET /wp-content/themes/newsmunch/assets/css/dark.css?ver=6.8 HTTP/1.1" 200 1534 "http://newssetu24.in/" "Mozilla/5.0 (Linux; Android 8.0.0; SM-G965U Build/R16NW) AppleWebKit/537.36 (KHTML, like Gecko) Chrome/63.0.3239.111 Mobile Safari/537.36"
52.37.203.35 - - [24/Apr/2025:15:51:59 +0200] "GET /wp-content/uploads/2024/01/newsblogy_1.webp HTTP/1.1" 200 296860 "http://newssetu24.in/" "Mozilla/5.0 (iPhone; CPU iPhone OS 14_4 like Mac OS X) AppleWebKit/605.1.15 (KHTML, like Gecko) Version/15.4 Mobile/15E148 Safari/604.1"
54.201.177.133 - - [24/Apr/2025:15:51:59 +0200] "GET /wp-content/fonts/4097d419c88829479761c8e37cbf945f.css HTTP/1.1" 200 1326 "http://newssetu24.in/" "Mozilla/5.0 (Linux; Android 8.0.0; SM-G965U Build/R16NW) AppleWebKit/537.36 (KHTML, like Gecko) Chrome/63.0.3239.111 Mobile Safari/537.36"
54.201.177.133 - - [24/Apr/2025:15:51:59 +0200] "GET /wp-content/themes/newsblogy/style.css?ver=6.8 HTTP/1.1" 200 2820 "http://newssetu24.in/" "Mozilla/5.0 (Linux; Android 8.0.0; SM-G965U Build/R16NW) AppleWebKit/537.36 (KHTML, like Gecko) Chrome/63.0.3239.111 Mobile Safari/537.36"
54.201.177.133 - - [24/Apr/2025:15:51:59 +0200] "GET /wp-content/themes/newsmunch/style.css?ver=6.8 HTTP/1.1" 200 2067 "http://newssetu24.in/" "Mozilla/5.0 (Linux; Android 8.0.0; SM-G965U Build/R16NW) AppleWebKit/537.36 (KHTML, like Gecko) Chrome/63.0.3239.111 Mobile Safari/537.36"
54.201.177.133 - - [24/Apr/2025:15:51:59 +0200] "GET /wp-content/themes/newsmunch/assets/vendors/js/slick.min.js?ver=1 HTTP/1.1" 200 10177 "http://newssetu24.in/" "Mozilla/5.0 (Linux; Android 8.0.0; SM-G965U Build/R16NW) AppleWebKit/537.36 (KHTML, like Gecko) Chrome/63.0.3239.111 Mobile Safari/537.36"
54.201.177.133 - - [24/Apr/2025:15:51:59 +0200] "GET /wp-includes/js/jquery/jquery.min.js?ver=3.7.1 HTTP/1.1" 200 30368 "http://newssetu24.in/" "Mozilla/5.0 (Linux; Android 8.0.0; SM-G965U Build/R16NW) AppleWebKit/537.36 (KHTML, like Gecko) Chrome/63.0.3239.111 Mobile Safari/537.36"
54.201.177.133 - - [24/Apr/2025:15:51:59 +0200] "GET /wp-includes/js/jquery/jquery-migrate.min.js?ver=3.4.1 HTTP/1.1" 200 4872 "http://newssetu24.in/" "Mozilla/5.0 (Linux; Android 8.0.0; SM-G965U Build/R16NW) AppleWebKit/537.36 (KHTML, like Gecko) Chrome/63.0.3239.111 Mobile Safari/537.36"
54.201.177.133 - - [24/Apr/2025:15:51:59 +0200] "GET /wp-content/plugins/desert-companion/inc/desert-import/public/js/desert-import-public.js?ver=1.0 HTTP/1.1" 200 479 "http://newssetu24.in/" "Mozilla/5.0 (Linux; Android 8.0.0; SM-G965U Build/R16NW) AppleWebKit/537.36 (KHTML, like Gecko) Chrome/63.0.3239.111 Mobile Safari/537.36"
54.201.177.133 - - [24/Apr/2025:15:51:59 +0200] "GET /wp-content/uploads/2024/02/ad-850.webp HTTP/1.1" 200 70526 "http://newssetu24.in/" "Mozilla/5.0 (Linux; Android 8.0.0; SM-G965U Build/R16NW) AppleWebKit/537.36 (KHTML, like Gecko) Chrome/63.0.3239.111 Mobile Safari/537.36"
52.37.203.35 - - [24/Apr/2025:15:51:59 +0200] "GET /wp-content/uploads/2024/01/newsblogy_6.webp HTTP/1.1" 200 185238 "http://newssetu24.in/" "Mozilla/5.0 (iPhone; CPU iPhone OS 14_4 like Mac OS X) AppleWebKit/605.1.15 (KHTML, like Gecko) Version/15.4 Mobile/15E148 Safari/604.1"
52.37.203.35 - - [24/Apr/2025:15:51:59 +0200] "GET /wp-content/uploads/2024/01/newsblogy_2.webp HTTP/1.1" 200 233504 "http://newssetu24.in/" "Mozilla/5.0 (iPhone; CPU iPhone OS 14_4 like Mac OS X) AppleWebKit/605.1.15 (KHTML, like Gecko) Version/15.4 Mobile/15E148 Safari/604.1"
52.37.203.35 - - [24/Apr/2025:15:51:59 +0200] "GET /wp-content/uploads/2024/01/newsblogy_3.webp HTTP/1.1" 200 296644 "http://newssetu24.in/" "Mozilla/5.0 (iPhone; CPU iPhone OS 14_4 like Mac OS X) AppleWebKit/605.1.15 (KHTML, like Gecko) Version/15.4 Mobile/15E148 Safari/604.1"
52.37.203.35 - - [24/Apr/2025:15:51:59 +0200] "GET /wp-content/uploads/2024/01/newsblogy_4.webp HTTP/1.1" 200 318886 "http://newssetu24.in/" "Mozilla/5.0 (iPhone; CPU iPhone OS 14_4 like Mac OS X) AppleWebKit/605.1.15 (KHTML, like Gecko) Version/15.4 Mobile/15E148 Safari/604.1"
52.37.203.35 - - [24/Apr/2025:15:52:00 +0200] "GET /wp-content/uploads/2024/01/newsblogy_7.webp HTTP/1.1" 200 193574 "http://newssetu24.in/" "Mozilla/5.0 (iPhone; CPU iPhone OS 14_4 like Mac OS X) AppleWebKit/605.1.15 (KHTML, like Gecko) Version/15.4 Mobile/15E148 Safari/604.1"
52.37.203.35 - - [24/Apr/2025:15:51:59 +0200] "GET /wp-content/uploads/2024/01/newsblogy_5.webp HTTP/1.1" 200 399368 "http://newssetu24.in/" "Mozilla/5.0 (iPhone; CPU iPhone OS 14_4 like Mac OS X) AppleWebKit/605.1.15 (KHTML, like Gecko) Version/15.4 Mobile/15E148 Safari/604.1"
52.37.203.35 - - [24/Apr/2025:15:52:00 +0200] "GET /wp-content/uploads/2024/01/newsblogy_8.webp HTTP/1.1" 200 108424 "http://newssetu24.in/" "Mozilla/5.0 (iPhone; CPU iPhone OS 14_4 like Mac OS X) AppleWebKit/605.1.15 (KHTML, like Gecko) Version/15.4 Mobile/15E148 Safari/604.1"
54.201.177.133 - - [24/Apr/2025:15:52:00 +0200] "GET /wp-includes/js/imagesloaded.min.js?ver=5.0.0 HTTP/1.1" 200 1803 "http://newssetu24.in/" "Mozilla/5.0 (Linux; Android 8.0.0; SM-G965U Build/R16NW) AppleWebKit/537.36 (KHTML, like Gecko) Chrome/63.0.3239.111 Mobile Safari/537.36"
54.201.177.133 - - [24/Apr/2025:15:52:00 +0200] "GET /wp-content/themes/newsmunch/assets/vendors/js/jquery.marquee.js?ver=6.8 HTTP/1.1" 200 4570 "http://newssetu24.in/" "Mozilla/5.0 (Linux; Android 8.0.0; SM-G965U Build/R16NW) AppleWebKit/537.36 (KHTML, like Gecko) Chrome/63.0.3239.111 Mobile Safari/537.36"
54.201.177.133 - - [24/Apr/2025:15:52:00 +0200] "GET /wp-includes/js/masonry.min.js?ver=4.2.2 HTTP/1.1" 200 7382 "http://newssetu24.in/" "Mozilla/5.0 (Linux; Android 8.0.0; SM-G965U Build/R16NW) AppleWebKit/537.36 (KHTML, like Gecko) Chrome/63.0.3239.111 Mobile Safari/537.36"
54.201.177.133 - - [24/Apr/2025:15:52:00 +0200] "GET /wp-content/themes/newsmunch/assets/vendors/js/wow.min.js?ver=6.8 HTTP/1.1" 200 2841 "http://newssetu24.in/" "Mozilla/5.0 (Linux; Android 8.0.0; SM-G965U Build/R16NW) AppleWebKit/537.36 (KHTML, like Gecko) Chrome/63.0.3239.111 Mobile Safari/537.36"
54.201.177.133 - - [24/Apr/2025:15:52:00 +0200] "GET /wp-content/themes/newsmunch/assets/js/theme.js?ver=6.8 HTTP/1.1" 200 2479 "http://newssetu24.in/" "Mozilla/5.0 (Linux; Android 8.0.0; SM-G965U Build/R16NW) AppleWebKit/537.36 (KHTML, like Gecko) Chrome/63.0.3239.111 Mobile Safari/537.36"
54.201.177.133 - - [24/Apr/2025:15:52:00 +0200] "GET /wp-content/themes/newsmunch/assets/js/custom.js?ver=6.8 HTTP/1.1" 200 6696 "http://newssetu24.in/" "Mozilla/5.0 (Linux; Android 8.0.0; SM-G965U Build/R16NW) AppleWebKit/537.36 (KHTML, like Gecko) Chrome/63.0.3239.111 Mobile Safari/537.36"
52.37.203.35 - - [24/Apr/2025:15:52:00 +0200] "GET /wp-content/themes/newsmunch/assets/vendors/webfonts/fa-solid-900.woff2 HTTP/1.1" 200 156496 "http://newssetu24.in/wp-content/themes/newsmunch/assets/vendors/css/all.min.css?ver=6.8" "Mozilla/5.0 (iPhone; CPU iPhone OS 14_4 like Mac OS X) AppleWebKit/605.1.15 (KHTML, like Gecko) Version/15.4 Mobile/15E148 Safari/604.1"
54.201.177.133 - - [24/Apr/2025:15:52:00 +0200] "GET /wp-content/uploads/2025/03/newsblogy-logo-2.png HTTP/1.1" 200 13933 "http://newssetu24.in/" "Mozilla/5.0 (Linux; Android 8.0.0; SM-G965U Build/R16NW) AppleWebKit/537.36 (KHTML, like Gecko) Chrome/63.0.3239.111 Mobile Safari/537.36"
52.37.203.35 - - [24/Apr/2025:15:52:00 +0200] "GET /wp-content/themes/newsmunch/assets/vendors/webfonts/fa-regular-400.woff2 HTTP/1.1" 200 25452 "http://newssetu24.in/wp-content/themes/newsmunch/assets/vendors/css/all.min.css?ver=6.8" "Mozilla/5.0 (iPhone; CPU iPhone OS 14_4 like Mac OS X) AppleWebKit/605.1.15 (KHTML, like Gecko) Version/15.4 Mobile/15E148 Safari/604.1"
52.37.203.35 - - [24/Apr/2025:15:52:00 +0200] "GET /wp-content/themes/newsmunch/assets/vendors/webfonts/fa-brands-400.woff2 HTTP/1.1" 200 117372 "http://newssetu24.in/wp-content/themes/newsmunch/assets/vendors/css/all.min.css?ver=6.8" "Mozilla/5.0 (iPhone; CPU iPhone OS 14_4 like Mac OS X) AppleWebKit/605.1.15 (KHTML, like Gecko) Version/15.4 Mobile/15E148 Safari/604.1"
54.201.177.133 - - [24/Apr/2025:15:52:00 +0200] "GET /wp-content/uploads/2024/01/newsblogy_2.webp HTTP/1.1" 200 233504 "http://newssetu24.in/" "Mozilla/5.0 (Linux; Android 8.0.0; SM-G965U Build/R16NW) AppleWebKit/537.36 (KHTML, like Gecko) Chrome/63.0.3239.111 Mobile Safari/537.36"
54.201.177.133 - - [24/Apr/2025:15:52:00 +0200] "GET /wp-content/uploads/2024/01/newsblogy_6.webp HTTP/1.1" 200 185238 "http://newssetu24.in/" "Mozilla/5.0 (Linux; Android 8.0.0; SM-G965U Build/R16NW) AppleWebKit/537.36 (KHTML, like Gecko) Chrome/63.0.3239.111 Mobile Safari/537.36"
52.37.203.35 - - [24/Apr/2025:15:52:01 +0200] "GET /wp-content/uploads/2024/01/newsblogy_10.webp HTTP/1.1" 200 113280 "http://newssetu24.in/" "Mozilla/5.0 (iPhone; CPU iPhone OS 14_4 like Mac OS X) AppleWebKit/605.1.15 (KHTML, like Gecko) Version/15.4 Mobile/15E148 Safari/604.1"
52.37.203.35 - - [24/Apr/2025:15:52:01 +0200] "GET /wp-content/uploads/2024/01/newsblogy_9.webp HTTP/1.1" 200 202982 "http://newssetu24.in/" "Mozilla/5.0 (iPhone; CPU iPhone OS 14_4 like Mac OS X) AppleWebKit/605.1.15 (KHTML, like Gecko) Version/15.4 Mobile/15E148 Safari/604.1"
52.37.203.35 - - [24/Apr/2025:15:52:01 +0200] "GET /wp-content/uploads/2024/01/newsblogy_12.webp HTTP/1.1" 200 92860 "http://newssetu24.in/" "Mozilla/5.0 (iPhone; CPU iPhone OS 14_4 like Mac OS X) AppleWebKit/605.1.15 (KHTML, like Gecko) Version/15.4 Mobile/15E148 Safari/604.1"
52.37.203.35 - - [24/Apr/2025:15:52:01 +0200] "GET /wp-content/uploads/2024/01/newsblogy_17.webp HTTP/1.1" 200 191632 "http://newssetu24.in/" "Mozilla/5.0 (iPhone; CPU iPhone OS 14_4 like Mac OS X) AppleWebKit/605.1.15 (KHTML, like Gecko) Version/15.4 Mobile/15E148 Safari/604.1"
52.37.203.35 - - [24/Apr/2025:15:52:01 +0200] "GET /wp-content/uploads/2024/01/newsmunch_18.webp HTTP/1.1" 200 136014 "http://newssetu24.in/" "Mozilla/5.0 (iPhone; CPU iPhone OS 14_4 like Mac OS X) AppleWebKit/605.1.15 (KHTML, like Gecko) Version/15.4 Mobile/15E148 Safari/604.1"
54.201.177.133 - - [24/Apr/2025:15:52:01 +0200] "GET /wp-content/uploads/2024/01/newsblogy_4.webp HTTP/1.1" 200 318886 "http://newssetu24.in/" "Mozilla/5.0 (Linux; Android 8.0.0; SM-G965U Build/R16NW) AppleWebKit/537.36 (KHTML, like Gecko) Chrome/63.0.3239.111 Mobile Safari/537.36"
54.201.177.133 - - [24/Apr/2025:15:52:01 +0200] "GET /wp-content/uploads/2024/01/newsblogy_5.webp HTTP/1.1" 200 399368 "http://newssetu24.in/" "Mozilla/5.0 (Linux; Android 8.0.0; SM-G965U Build/R16NW) AppleWebKit/537.36 (KHTML, like Gecko) Chrome/63.0.3239.111 Mobile Safari/537.36"
52.37.203.35 - - [24/Apr/2025:15:52:01 +0200] "GET /wp-content/uploads/2024/01/newsmunch_21.webp HTTP/1.1" 200 135692 "http://newssetu24.in/" "Mozilla/5.0 (iPhone; CPU iPhone OS 14_4 like Mac OS X) AppleWebKit/605.1.15 (KHTML, like Gecko) Version/15.4 Mobile/15E148 Safari/604.1"
54.201.177.133 - - [24/Apr/2025:15:52:00 +0200] "GET /wp-content/uploads/2024/01/newsblogy_1.webp HTTP/1.1" 200 296860 "http://newssetu24.in/" "Mozilla/5.0 (Linux; Android 8.0.0; SM-G965U Build/R16NW) AppleWebKit/537.36 (KHTML, like Gecko) Chrome/63.0.3239.111 Mobile Safari/537.36"
54.201.177.133 - - [24/Apr/2025:15:52:00 +0200] "GET /wp-content/uploads/2024/01/newsblogy_3.webp HTTP/1.1" 200 296644 "http://newssetu24.in/" "Mozilla/5.0 (Linux; Android 8.0.0; SM-G965U Build/R16NW) AppleWebKit/537.36 (KHTML, like Gecko) Chrome/63.0.3239.111 Mobile Safari/537.36"
54.201.177.133 - - [24/Apr/2025:15:52:01 +0200] "GET /wp-content/uploads/2024/01/newsmunch_22.webp HTTP/1.1" 200 226554 "http://newssetu24.in/" "Mozilla/5.0 (Linux; Android 8.0.0; SM-G965U Build/R16NW) AppleWebKit/537.36 (KHTML, like Gecko) Chrome/63.0.3239.111 Mobile Safari/537.36"
52.37.203.35 - - [24/Apr/2025:15:52:01 +0200] "GET /wp-content/uploads/2024/01/newsblogy_13.webp HTTP/1.1" 200 146170 "http://newssetu24.in/" "Mozilla/5.0 (iPhone; CPU iPhone OS 14_4 like Mac OS X) AppleWebKit/605.1.15 (KHTML, like Gecko) Version/15.4 Mobile/15E148 Safari/604.1"
52.37.203.35 - - [24/Apr/2025:15:52:01 +0200] "GET /wp-content/uploads/2024/01/newsmunch_19.webp HTTP/1.1" 200 121218 "http://newssetu24.in/" "Mozilla/5.0 (iPhone; CPU iPhone OS 14_4 like Mac OS X) AppleWebKit/605.1.15 (KHTML, like Gecko) Version/15.4 Mobile/15E148 Safari/604.1"
52.37.203.35 - - [24/Apr/2025:15:52:01 +0200] "GET /wp-content/uploads/2024/01/newsmunch_22.webp HTTP/1.1" 200 226554 "http://newssetu24.in/" "Mozilla/5.0 (iPhone; CPU iPhone OS 14_4 like Mac OS X) AppleWebKit/605.1.15 (KHTML, like Gecko) Version/15.4 Mobile/15E148 Safari/604.1"
52.37.203.35 - - [24/Apr/2025:15:52:01 +0200] "GET /wp-content/uploads/2024/01/newsblogy_14.webp HTTP/1.1" 200 271186 "http://newssetu24.in/" "Mozilla/5.0 (iPhone; CPU iPhone OS 14_4 like Mac OS X) AppleWebKit/605.1.15 (KHTML, like Gecko) Version/15.4 Mobile/15E148 Safari/604.1"
52.37.203.35 - - [24/Apr/2025:15:52:01 +0200] "GET /wp-content/uploads/2024/01/newsblogy_15.webp HTTP/1.1" 200 114282 "http://newssetu24.in/" "Mozilla/5.0 (iPhone; CPU iPhone OS 14_4 like Mac OS X) AppleWebKit/605.1.15 (KHTML, like Gecko) Version/15.4 Mobile/15E148 Safari/604.1"
52.37.203.35 - - [24/Apr/2025:15:52:01 +0200] "GET /wp-content/uploads/2024/01/newsblogy_16.webp HTTP/1.1" 200 186902 "http://newssetu24.in/" "Mozilla/5.0 (iPhone; CPU iPhone OS 14_4 like Mac OS X) AppleWebKit/605.1.15 (KHTML, like Gecko) Version/15.4 Mobile/15E148 Safari/604.1"
54.201.177.133 - - [24/Apr/2025:15:52:01 +0200] "GET /wp-content/uploads/2024/01/newsblogy_7.webp HTTP/1.1" 200 193574 "http://newssetu24.in/" "Mozilla/5.0 (Linux; Android 8.0.0; SM-G965U Build/R16NW) AppleWebKit/537.36 (KHTML, like Gecko) Chrome/63.0.3239.111 Mobile Safari/537.36"
54.201.177.133 - - [24/Apr/2025:15:52:01 +0200] "GET /wp-content/uploads/2024/01/newsblogy_8.webp HTTP/1.1" 200 108424 "http://newssetu24.in/" "Mozilla/5.0 (Linux; Android 8.0.0; SM-G965U Build/R16NW) AppleWebKit/537.36 (KHTML, like Gecko) Chrome/63.0.3239.111 Mobile Safari/537.36"
52.37.203.35 - - [24/Apr/2025:15:52:01 +0200] "GET /wp-content/uploads/2024/01/newsmunch_17.webp HTTP/1.1" 200 116938 "http://newssetu24.in/" "Mozilla/5.0 (iPhone; CPU iPhone OS 14_4 like Mac OS X) AppleWebKit/605.1.15 (KHTML, like Gecko) Version/15.4 Mobile/15E148 Safari/604.1"
52.37.203.35 - - [24/Apr/2025:15:52:01 +0200] "GET /wp-content/themes/newsmunch/assets/icons/icons.svg HTTP/1.1" 200 1887 "http://newssetu24.in/" "Mozilla/5.0 (iPhone; CPU iPhone OS 14_4 like Mac OS X) AppleWebKit/605.1.15 (KHTML, like Gecko) Version/15.4 Mobile/15E148 Safari/604.1"
54.201.177.133 - - [24/Apr/2025:15:52:01 +0200] "GET /wp-content/uploads/2024/01/newsblogy_9.webp HTTP/1.1" 200 202982 "http://newssetu24.in/" "Mozilla/5.0 (Linux; Android 8.0.0; SM-G965U Build/R16NW) AppleWebKit/537.36 (KHTML, like Gecko) Chrome/63.0.3239.111 Mobile Safari/537.36"
54.201.177.133 - - [24/Apr/2025:15:52:02 +0200] "GET /wp-content/uploads/2024/01/newsblogy_10.webp HTTP/1.1" 200 113280 "http://newssetu24.in/" "Mozilla/5.0 (Linux; Android 8.0.0; SM-G965U Build/R16NW) AppleWebKit/537.36 (KHTML, like Gecko) Chrome/63.0.3239.111 Mobile Safari/537.36"
54.201.177.133 - - [24/Apr/2025:15:52:02 +0200] "GET /wp-content/uploads/2024/01/newsmunch_18.webp HTTP/1.1" 200 136014 "http://newssetu24.in/" "Mozilla/5.0 (Linux; Android 8.0.0; SM-G965U Build/R16NW) AppleWebKit/537.36 (KHTML, like Gecko) Chrome/63.0.3239.111 Mobile Safari/537.36"
54.201.177.133 - - [24/Apr/2025:15:52:02 +0200] "GET /wp-content/uploads/2024/01/newsblogy_17.webp HTTP/1.1" 200 191632 "http://newssetu24.in/" "Mozilla/5.0 (Linux; Android 8.0.0; SM-G965U Build/R16NW) AppleWebKit/537.36 (KHTML, like Gecko) Chrome/63.0.3239.111 Mobile Safari/537.36"
54.201.177.133 - - [24/Apr/2025:15:52:02 +0200] "GET /wp-content/uploads/2024/01/newsblogy_15.webp HTTP/1.1" 200 114282 "http://newssetu24.in/" "Mozilla/5.0 (Linux; Android 8.0.0; SM-G965U Build/R16NW) AppleWebKit/537.36 (KHTML, like Gecko) Chrome/63.0.3239.111 Mobile Safari/537.36"
54.201.177.133 - - [24/Apr/2025:15:52:02 +0200] "GET /wp-content/uploads/2024/01/newsblogy_12.webp HTTP/1.1" 200 92860 "http://newssetu24.in/" "Mozilla/5.0 (Linux; Android 8.0.0; SM-G965U Build/R16NW) AppleWebKit/537.36 (KHTML, like Gecko) Chrome/63.0.3239.111 Mobile Safari/537.36"
54.201.177.133 - - [24/Apr/2025:15:52:02 +0200] "GET /wp-content/uploads/2024/01/newsmunch_21.webp HTTP/1.1" 200 135692 "http://newssetu24.in/" "Mozilla/5.0 (Linux; Android 8.0.0; SM-G965U Build/R16NW) AppleWebKit/537.36 (KHTML, like Gecko) Chrome/63.0.3239.111 Mobile Safari/537.36"
52.37.203.35 - - [24/Apr/2025:15:52:02 +0200] "GET /wp-includes/js/wp-emoji-release.min.js?ver=6.8 HTTP/1.1" 200 5166 "http://newssetu24.in/" "Mozilla/5.0 (iPhone; CPU iPhone OS 14_4 like Mac OS X) AppleWebKit/605.1.15 (KHTML, like Gecko) Version/15.4 Mobile/15E148 Safari/604.1"
52.37.203.35 - - [24/Apr/2025:15:52:02 +0200] "GET /wp-content/themes/newsmunch/assets/vendors/webfonts/ajax-loader.gif HTTP/1.1" 200 4178 "http://newssetu24.in/wp-content/themes/newsmunch/assets/vendors/css/slick.css?ver=6.8" "Mozilla/5.0 (iPhone; CPU iPhone OS 14_4 like Mac OS X) AppleWebKit/605.1.15 (KHTML, like Gecko) Version/15.4 Mobile/15E148 Safari/604.1"
54.201.177.133 - - [24/Apr/2025:15:52:02 +0200] "GET /wp-content/themes/newsmunch/assets/vendors/webfonts/fa-regular-400.woff2 HTTP/1.1" 200 25452 "http://newssetu24.in/wp-content/themes/newsmunch/assets/vendors/css/all.min.css?ver=6.8" "Mozilla/5.0 (Linux; Android 8.0.0; SM-G965U Build/R16NW) AppleWebKit/537.36 (KHTML, like Gecko) Chrome/63.0.3239.111 Mobile Safari/537.36"
54.201.177.133 - - [24/Apr/2025:15:52:02 +0200] "GET /wp-content/themes/newsmunch/assets/vendors/webfonts/fa-brands-400.woff2 HTTP/1.1" 200 117372 "http://newssetu24.in/wp-content/themes/newsmunch/assets/vendors/css/all.min.css?ver=6.8" "Mozilla/5.0 (Linux; Android 8.0.0; SM-G965U Build/R16NW) AppleWebKit/537.36 (KHTML, like Gecko) Chrome/63.0.3239.111 Mobile Safari/537.36"
54.201.177.133 - - [24/Apr/2025:15:52:02 +0200] "GET /wp-content/themes/newsmunch/assets/vendors/webfonts/fa-solid-900.woff2 HTTP/1.1" 200 156496 "http://newssetu24.in/wp-content/themes/newsmunch/assets/vendors/css/all.min.css?ver=6.8" "Mozilla/5.0 (Linux; Android 8.0.0; SM-G965U Build/R16NW) AppleWebKit/537.36 (KHTML, like Gecko) Chrome/63.0.3239.111 Mobile Safari/537.36"
54.201.177.133 - - [24/Apr/2025:15:52:02 +0200] "GET /wp-content/uploads/2024/01/newsblogy_13.webp HTTP/1.1" 200 146170 "http://newssetu24.in/" "Mozilla/5.0 (Linux; Android 8.0.0; SM-G965U Build/R16NW) AppleWebKit/537.36 (KHTML, like Gecko) Chrome/63.0.3239.111 Mobile Safari/537.36"
54.201.177.133 - - [24/Apr/2025:15:52:02 +0200] "GET /wp-content/uploads/2024/01/newsblogy_11.webp HTTP/1.1" 200 85228 "http://newssetu24.in/" "Mozilla/5.0 (Linux; Android 8.0.0; SM-G965U Build/R16NW) AppleWebKit/537.36 (KHTML, like Gecko) Chrome/63.0.3239.111 Mobile Safari/537.36"
54.201.177.133 - - [24/Apr/2025:15:52:03 +0200] "GET /wp-content/themes/newsmunch/assets/icons/icons.svg HTTP/1.1" 200 1887 "http://newssetu24.in/" "Mozilla/5.0 (Linux; Android 8.0.0; SM-G965U Build/R16NW) AppleWebKit/537.36 (KHTML, like Gecko) Chrome/63.0.3239.111 Mobile Safari/537.36"
54.201.177.133 - - [24/Apr/2025:15:52:03 +0200] "GET /wp-content/uploads/2024/01/newsblogy_14.webp HTTP/1.1" 200 271186 "http://newssetu24.in/" "Mozilla/5.0 (Linux; Android 8.0.0; SM-G965U Build/R16NW) AppleWebKit/537.36 (KHTML, like Gecko) Chrome/63.0.3239.111 Mobile Safari/537.36"
54.201.177.133 - - [24/Apr/2025:15:52:03 +0200] "GET /wp-content/uploads/2024/01/newsblogy_16.webp HTTP/1.1" 200 186902 "http://newssetu24.in/" "Mozilla/5.0 (Linux; Android 8.0.0; SM-G965U Build/R16NW) AppleWebKit/537.36 (KHTML, like Gecko) Chrome/63.0.3239.111 Mobile Safari/537.36"
54.201.177.133 - - [24/Apr/2025:15:52:02 +0200] "GET /wp-content/uploads/2024/01/newsmunch_17.webp HTTP/1.1" 200 116938 "http://newssetu24.in/" "Mozilla/5.0 (Linux; Android 8.0.0; SM-G965U Build/R16NW) AppleWebKit/537.36 (KHTML, like Gecko) Chrome/63.0.3239.111 Mobile Safari/537.36"
54.201.177.133 - - [24/Apr/2025:15:52:03 +0200] "GET /wp-content/uploads/2024/01/newsmunch_19.webp HTTP/1.1" 200 121218 "http://newssetu24.in/" "Mozilla/5.0 (Linux; Android 8.0.0; SM-G965U Build/R16NW) AppleWebKit/537.36 (KHTML, like Gecko) Chrome/63.0.3239.111 Mobile Safari/537.36"
35.92.156.56 - - [24/Apr/2025:15:52:01 +0200] "GET / HTTP/1.1" 200 21772 "-" "Mozilla/5.0 (Windows NT 10.0; Win64; x64) AppleWebKit/537.36 (KHTML, like Gecko) Chrome/70.0.3538.102 Safari/537.36 Edge/18.19582"
35.92.156.56 - - [24/Apr/2025:15:52:03 +0200] "GET /wp-includes/css/dist/block-library/style.min.css?ver=6.8 HTTP/1.1" 200 15323 "http://newssetu24.in/" "Mozilla/5.0 (Windows NT 10.0; Win64; x64) AppleWebKit/537.36 (KHTML, like Gecko) Chrome/70.0.3538.102 Safari/537.36 Edge/18.19582"
35.92.156.56 - - [24/Apr/2025:15:52:04 +0200] "GET /wp-content/plugins/desert-companion/inc/desert-import/public/css/desert-import-public.css?ver=1.0 HTTP/1.1" 200 107 "http://newssetu24.in/" "Mozilla/5.0 (Windows NT 10.0; Win64; x64) AppleWebKit/537.36 (KHTML, like Gecko) Chrome/70.0.3538.102 Safari/537.36 Edge/18.19582"
35.92.156.56 - - [24/Apr/2025:15:52:04 +0200] "GET /wp-content/themes/newsmunch/assets/vendors/css/slick.css?ver=6.8 HTTP/1.1" 200 1260 "http://newssetu24.in/" "Mozilla/5.0 (Windows NT 10.0; Win64; x64) AppleWebKit/537.36 (KHTML, like Gecko) Chrome/70.0.3538.102 Safari/537.36 Edge/18.19582"
35.92.156.56 - - [24/Apr/2025:15:52:04 +0200] "GET /wp-content/themes/newsmunch/assets/vendors/css/animate.min.css?ver=6.8 HTTP/1.1" 200 5273 "http://newssetu24.in/" "Mozilla/5.0 (Windows NT 10.0; Win64; x64) AppleWebKit/537.36 (KHTML, like Gecko) Chrome/70.0.3538.102 Safari/537.36 Edge/18.19582"
35.92.156.56 - - [24/Apr/2025:15:52:04 +0200] "GET /wp-content/themes/newsmunch/assets/vendors/css/all.min.css?ver=6.8 HTTP/1.1" 200 23474 "http://newssetu24.in/" "Mozilla/5.0 (Windows NT 10.0; Win64; x64) AppleWebKit/537.36 (KHTML, like Gecko) Chrome/70.0.3538.102 Safari/537.36 Edge/18.19582"
35.92.156.56 - - [24/Apr/2025:15:52:04 +0200] "GET /wp-content/themes/newsmunch/assets/css/core.css?ver=6.8 HTTP/1.1" 200 2069 "http://newssetu24.in/" "Mozilla/5.0 (Windows NT 10.0; Win64; x64) AppleWebKit/537.36 (KHTML, like Gecko) Chrome/70.0.3538.102 Safari/537.36 Edge/18.19582"
35.92.156.56 - - [24/Apr/2025:15:52:04 +0200] "GET /wp-content/themes/newsmunch/assets/css/woo-styles.css?ver=6.8 HTTP/1.1" 200 12004 "http://newssetu24.in/" "Mozilla/5.0 (Windows NT 10.0; Win64; x64) AppleWebKit/537.36 (KHTML, like Gecko) Chrome/70.0.3538.102 Safari/537.36 Edge/18.19582"
35.92.156.56 - - [24/Apr/2025:15:52:04 +0200] "GET /wp-content/themes/newsmunch/assets/css/themes.css?ver=6.8 HTTP/1.1" 200 50878 "http://newssetu24.in/" "Mozilla/5.0 (Windows NT 10.0; Win64; x64) AppleWebKit/537.36 (KHTML, like Gecko) Chrome/70.0.3538.102 Safari/537.36 Edge/18.19582"
54.201.177.133 - - [24/Apr/2025:15:52:04 +0200] "GET /wp-includes/js/wp-emoji-release.min.js?ver=6.8 HTTP/1.1" 200 5166 "http://newssetu24.in/" "Mozilla/5.0 (Linux; Android 8.0.0; SM-G965U Build/R16NW) AppleWebKit/537.36 (KHTML, like Gecko) Chrome/63.0.3239.111 Mobile Safari/537.36"
35.92.156.56 - - [24/Apr/2025:15:52:04 +0200] "GET /wp-content/themes/newsmunch/assets/css/dark.css?ver=6.8 HTTP/1.1" 200 1534 "http://newssetu24.in/" "Mozilla/5.0 (Windows NT 10.0; Win64; x64) AppleWebKit/537.36 (KHTML, like Gecko) Chrome/70.0.3538.102 Safari/537.36 Edge/18.19582"
35.92.156.56 - - [24/Apr/2025:15:52:04 +0200] "GET /wp-content/themes/newsmunch/assets/css/responsive.css?ver=6.8 HTTP/1.1" 200 1028 "http://newssetu24.in/" "Mozilla/5.0 (Windows NT 10.0; Win64; x64) AppleWebKit/537.36 (KHTML, like Gecko) Chrome/70.0.3538.102 Safari/537.36 Edge/18.19582"
35.92.156.56 - - [24/Apr/2025:15:52:04 +0200] "GET /wp-content/themes/newsblogy/style.css?ver=6.8 HTTP/1.1" 200 2820 "http://newssetu24.in/" "Mozilla/5.0 (Windows NT 10.0; Win64; x64) AppleWebKit/537.36 (KHTML, like Gecko) Chrome/70.0.3538.102 Safari/537.36 Edge/18.19582"
35.92.156.56 - - [24/Apr/2025:15:52:04 +0200] "GET /wp-content/fonts/4097d419c88829479761c8e37cbf945f.css HTTP/1.1" 200 1326 "http://newssetu24.in/" "Mozilla/5.0 (Windows NT 10.0; Win64; x64) AppleWebKit/537.36 (KHTML, like Gecko) Chrome/70.0.3538.102 Safari/537.36 Edge/18.19582"
54.201.177.133 - - [24/Apr/2025:15:52:04 +0200] "GET /wp-content/themes/newsmunch/assets/vendors/webfonts/ajax-loader.gif HTTP/1.1" 200 4178 "http://newssetu24.in/wp-content/themes/newsmunch/assets/vendors/css/slick.css?ver=6.8" "Mozilla/5.0 (Linux; Android 8.0.0; SM-G965U Build/R16NW) AppleWebKit/537.36 (KHTML, like Gecko) Chrome/63.0.3239.111 Mobile Safari/537.36"
35.92.156.56 - - [24/Apr/2025:15:52:04 +0200] "GET /wp-content/themes/newsmunch/style.css?ver=6.8 HTTP/1.1" 200 2067 "http://newssetu24.in/" "Mozilla/5.0 (Windows NT 10.0; Win64; x64) AppleWebKit/537.36 (KHTML, like Gecko) Chrome/70.0.3538.102 Safari/537.36 Edge/18.19582"
35.92.156.56 - - [24/Apr/2025:15:52:05 +0200] "GET /wp-includes/js/jquery/jquery-migrate.min.js?ver=3.4.1 HTTP/1.1" 200 4872 "http://newssetu24.in/" "Mozilla/5.0 (Windows NT 10.0; Win64; x64) AppleWebKit/537.36 (KHTML, like Gecko) Chrome/70.0.3538.102 Safari/537.36 Edge/18.19582"
35.92.156.56 - - [24/Apr/2025:15:52:05 +0200] "GET /wp-content/uploads/2024/02/ad-850.webp HTTP/1.1" 200 70526 "http://newssetu24.in/" "Mozilla/5.0 (Windows NT 10.0; Win64; x64) AppleWebKit/537.36 (KHTML, like Gecko) Chrome/70.0.3538.102 Safari/537.36 Edge/18.19582"
35.92.156.56 - - [24/Apr/2025:15:52:05 +0200] "GET /wp-content/themes/newsmunch/assets/vendors/js/slick.min.js?ver=1 HTTP/1.1" 200 10177 "http://newssetu24.in/" "Mozilla/5.0 (Windows NT 10.0; Win64; x64) AppleWebKit/537.36 (KHTML, like Gecko) Chrome/70.0.3538.102 Safari/537.36 Edge/18.19582"
35.92.156.56 - - [24/Apr/2025:15:52:05 +0200] "GET /wp-includes/js/jquery/jquery.min.js?ver=3.7.1 HTTP/1.1" 200 30368 "http://newssetu24.in/" "Mozilla/5.0 (Windows NT 10.0; Win64; x64) AppleWebKit/537.36 (KHTML, like Gecko) Chrome/70.0.3538.102 Safari/537.36 Edge/18.19582"
35.92.156.56 - - [24/Apr/2025:15:52:05 +0200] "GET /wp-content/plugins/desert-companion/inc/desert-import/public/js/desert-import-public.js?ver=1.0 HTTP/1.1" 200 479 "http://newssetu24.in/" "Mozilla/5.0 (Windows NT 10.0; Win64; x64) AppleWebKit/537.36 (KHTML, like Gecko) Chrome/70.0.3538.102 Safari/537.36 Edge/18.19582"
52.37.203.35 - - [24/Apr/2025:15:52:05 +0200] "GET /wp-content/themes/newsblogy/assets/images/banner.png HTTP/1.1" 200 47926 "http://newssetu24.in/" "Mozilla/5.0 (iPhone; CPU iPhone OS 14_4 like Mac OS X) AppleWebKit/605.1.15 (KHTML, like Gecko) Version/15.4 Mobile/15E148 Safari/604.1"
35.92.156.56 - - [24/Apr/2025:15:52:05 +0200] "GET /wp-includes/js/imagesloaded.min.js?ver=5.0.0 HTTP/1.1" 200 1803 "http://newssetu24.in/" "Mozilla/5.0 (Windows NT 10.0; Win64; x64) AppleWebKit/537.36 (KHTML, like Gecko) Chrome/70.0.3538.102 Safari/537.36 Edge/18.19582"
35.92.156.56 - - [24/Apr/2025:15:52:05 +0200] "GET /wp-includes/js/masonry.min.js?ver=4.2.2 HTTP/1.1" 200 7382 "http://newssetu24.in/" "Mozilla/5.0 (Windows NT 10.0; Win64; x64) AppleWebKit/537.36 (KHTML, like Gecko) Chrome/70.0.3538.102 Safari/537.36 Edge/18.19582"
35.92.156.56 - - [24/Apr/2025:15:52:05 +0200] "GET /wp-content/themes/newsmunch/assets/vendors/js/jquery.marquee.js?ver=6.8 HTTP/1.1" 200 4570 "http://newssetu24.in/" "Mozilla/5.0 (Windows NT 10.0; Win64; x64) AppleWebKit/537.36 (KHTML, like Gecko) Chrome/70.0.3538.102 Safari/537.36 Edge/18.19582"
35.92.156.56 - - [24/Apr/2025:15:52:05 +0200] "GET /wp-content/themes/newsmunch/assets/js/custom.js?ver=6.8 HTTP/1.1" 200 6696 "http://newssetu24.in/" "Mozilla/5.0 (Windows NT 10.0; Win64; x64) AppleWebKit/537.36 (KHTML, like Gecko) Chrome/70.0.3538.102 Safari/537.36 Edge/18.19582"
35.92.156.56 - - [24/Apr/2025:15:52:05 +0200] "GET /wp-content/themes/newsmunch/assets/vendors/js/wow.min.js?ver=6.8 HTTP/1.1" 200 2841 "http://newssetu24.in/" "Mozilla/5.0 (Windows NT 10.0; Win64; x64) AppleWebKit/537.36 (KHTML, like Gecko) Chrome/70.0.3538.102 Safari/537.36 Edge/18.19582"
35.92.156.56 - - [24/Apr/2025:15:52:05 +0200] "GET /wp-content/themes/newsmunch/assets/js/theme.js?ver=6.8 HTTP/1.1" 200 2479 "http://newssetu24.in/" "Mozilla/5.0 (Windows NT 10.0; Win64; x64) AppleWebKit/537.36 (KHTML, like Gecko) Chrome/70.0.3538.102 Safari/537.36 Edge/18.19582"
35.92.156.56 - - [24/Apr/2025:15:52:06 +0200] "GET /wp-content/uploads/2025/03/newsblogy-logo-2.png HTTP/1.1" 200 13933 "http://newssetu24.in/" "Mozilla/5.0 (Windows NT 10.0; Win64; x64) AppleWebKit/537.36 (KHTML, like Gecko) Chrome/70.0.3538.102 Safari/537.36 Edge/18.19582"
35.92.156.56 - - [24/Apr/2025:15:52:06 +0200] "GET /wp-content/uploads/2024/01/newsblogy_1.webp HTTP/1.1" 200 296860 "http://newssetu24.in/" "Mozilla/5.0 (Windows NT 10.0; Win64; x64) AppleWebKit/537.36 (KHTML, like Gecko) Chrome/70.0.3538.102 Safari/537.36 Edge/18.19582"
35.92.156.56 - - [24/Apr/2025:15:52:06 +0200] "GET /wp-content/uploads/2024/01/newsblogy_2.webp HTTP/1.1" 200 233504 "http://newssetu24.in/" "Mozilla/5.0 (Windows NT 10.0; Win64; x64) AppleWebKit/537.36 (KHTML, like Gecko) Chrome/70.0.3538.102 Safari/537.36 Edge/18.19582"
35.92.156.56 - - [24/Apr/2025:15:52:06 +0200] "GET /wp-content/uploads/2024/01/newsblogy_6.webp HTTP/1.1" 200 185238 "http://newssetu24.in/" "Mozilla/5.0 (Windows NT 10.0; Win64; x64) AppleWebKit/537.36 (KHTML, like Gecko) Chrome/70.0.3538.102 Safari/537.36 Edge/18.19582"
35.92.156.56 - - [24/Apr/2025:15:52:06 +0200] "GET /wp-content/uploads/2024/01/newsblogy_7.webp HTTP/1.1" 200 193574 "http://newssetu24.in/" "Mozilla/5.0 (Windows NT 10.0; Win64; x64) AppleWebKit/537.36 (KHTML, like Gecko) Chrome/70.0.3538.102 Safari/537.36 Edge/18.19582"
35.92.156.56 - - [24/Apr/2025:15:52:06 +0200] "GET /wp-content/uploads/2024/01/newsblogy_4.webp HTTP/1.1" 200 318886 "http://newssetu24.in/" "Mozilla/5.0 (Windows NT 10.0; Win64; x64) AppleWebKit/537.36 (KHTML, like Gecko) Chrome/70.0.3538.102 Safari/537.36 Edge/18.19582"
35.92.156.56 - - [24/Apr/2025:15:52:06 +0200] "GET /wp-content/uploads/2024/01/newsblogy_3.webp HTTP/1.1" 200 296644 "http://newssetu24.in/" "Mozilla/5.0 (Windows NT 10.0; Win64; x64) AppleWebKit/537.36 (KHTML, like Gecko) Chrome/70.0.3538.102 Safari/537.36 Edge/18.19582"
35.92.156.56 - - [24/Apr/2025:15:52:06 +0200] "GET /wp-content/uploads/2024/01/newsblogy_8.webp HTTP/1.1" 200 108424 "http://newssetu24.in/" "Mozilla/5.0 (Windows NT 10.0; Win64; x64) AppleWebKit/537.36 (KHTML, like Gecko) Chrome/70.0.3538.102 Safari/537.36 Edge/18.19582"
35.92.156.56 - - [24/Apr/2025:15:52:07 +0200] "GET /wp-content/themes/newsmunch/assets/vendors/webfonts/fa-brands-400.woff2 HTTP/1.1" 200 117372 "http://newssetu24.in/wp-content/themes/newsmunch/assets/vendors/css/all.min.css?ver=6.8" "Mozilla/5.0 (Windows NT 10.0; Win64; x64) AppleWebKit/537.36 (KHTML, like Gecko) Chrome/70.0.3538.102 Safari/537.36 Edge/18.19582"
35.92.156.56 - - [24/Apr/2025:15:52:06 +0200] "GET /wp-content/uploads/2024/01/newsblogy_5.webp HTTP/1.1" 200 399368 "http://newssetu24.in/" "Mozilla/5.0 (Windows NT 10.0; Win64; x64) AppleWebKit/537.36 (KHTML, like Gecko) Chrome/70.0.3538.102 Safari/537.36 Edge/18.19582"
35.92.156.56 - - [24/Apr/2025:15:52:07 +0200] "GET /wp-content/uploads/2024/01/newsblogy_9.webp HTTP/1.1" 200 202982 "http://newssetu24.in/" "Mozilla/5.0 (Windows NT 10.0; Win64; x64) AppleWebKit/537.36 (KHTML, like Gecko) Chrome/70.0.3538.102 Safari/537.36 Edge/18.19582"
35.92.156.56 - - [24/Apr/2025:15:52:07 +0200] "GET /wp-content/themes/newsmunch/assets/vendors/webfonts/fa-solid-900.woff2 HTTP/1.1" 200 156496 "http://newssetu24.in/wp-content/themes/newsmunch/assets/vendors/css/all.min.css?ver=6.8" "Mozilla/5.0 (Windows NT 10.0; Win64; x64) AppleWebKit/537.36 (KHTML, like Gecko) Chrome/70.0.3538.102 Safari/537.36 Edge/18.19582"
35.92.156.56 - - [24/Apr/2025:15:52:07 +0200] "GET /wp-content/uploads/2024/01/newsblogy_10.webp HTTP/1.1" 200 113280 "http://newssetu24.in/" "Mozilla/5.0 (Windows NT 10.0; Win64; x64) AppleWebKit/537.36 (KHTML, like Gecko) Chrome/70.0.3538.102 Safari/537.36 Edge/18.19582"
35.92.156.56 - - [24/Apr/2025:15:52:07 +0200] "GET /wp-content/uploads/2024/01/newsblogy_12.webp HTTP/1.1" 200 92860 "http://newssetu24.in/" "Mozilla/5.0 (Windows NT 10.0; Win64; x64) AppleWebKit/537.36 (KHTML, like Gecko) Chrome/70.0.3538.102 Safari/537.36 Edge/18.19582"
35.92.156.56 - - [24/Apr/2025:15:52:07 +0200] "GET /wp-content/uploads/2024/01/newsmunch_18.webp HTTP/1.1" 200 136014 "http://newssetu24.in/" "Mozilla/5.0 (Windows NT 10.0; Win64; x64) AppleWebKit/537.36 (KHTML, like Gecko) Chrome/70.0.3538.102 Safari/537.36 Edge/18.19582"
35.92.156.56 - - [24/Apr/2025:15:52:07 +0200] "GET /wp-content/uploads/2024/01/newsblogy_17.webp HTTP/1.1" 200 191632 "http://newssetu24.in/" "Mozilla/5.0 (Windows NT 10.0; Win64; x64) AppleWebKit/537.36 (KHTML, like Gecko) Chrome/70.0.3538.102 Safari/537.36 Edge/18.19582"
35.92.156.56 - - [24/Apr/2025:15:52:07 +0200] "GET /wp-content/uploads/2024/01/newsmunch_22.webp HTTP/1.1" 200 226554 "http://newssetu24.in/" "Mozilla/5.0 (Windows NT 10.0; Win64; x64) AppleWebKit/537.36 (KHTML, like Gecko) Chrome/70.0.3538.102 Safari/537.36 Edge/18.19582"
35.92.156.56 - - [24/Apr/2025:15:52:07 +0200] "GET /wp-content/uploads/2024/01/newsmunch_21.webp HTTP/1.1" 200 135692 "http://newssetu24.in/" "Mozilla/5.0 (Windows NT 10.0; Win64; x64) AppleWebKit/537.36 (KHTML, like Gecko) Chrome/70.0.3538.102 Safari/537.36 Edge/18.19582"
35.92.156.56 - - [24/Apr/2025:15:52:07 +0200] "GET /wp-content/uploads/2024/01/newsblogy_11.webp HTTP/1.1" 200 85228 "http://newssetu24.in/" "Mozilla/5.0 (Windows NT 10.0; Win64; x64) AppleWebKit/537.36 (KHTML, like Gecko) Chrome/70.0.3538.102 Safari/537.36 Edge/18.19582"
35.92.156.56 - - [24/Apr/2025:15:52:07 +0200] "GET /wp-content/uploads/2024/01/newsblogy_13.webp HTTP/1.1" 200 146170 "http://newssetu24.in/" "Mozilla/5.0 (Windows NT 10.0; Win64; x64) AppleWebKit/537.36 (KHTML, like Gecko) Chrome/70.0.3538.102 Safari/537.36 Edge/18.19582"
35.92.156.56 - - [24/Apr/2025:15:52:07 +0200] "GET /wp-content/uploads/2024/01/newsblogy_14.webp HTTP/1.1" 200 271186 "http://newssetu24.in/" "Mozilla/5.0 (Windows NT 10.0; Win64; x64) AppleWebKit/537.36 (KHTML, like Gecko) Chrome/70.0.3538.102 Safari/537.36 Edge/18.19582"
35.92.156.56 - - [24/Apr/2025:15:52:07 +0200] "GET /wp-content/uploads/2024/01/newsblogy_15.webp HTTP/1.1" 200 114282 "http://newssetu24.in/" "Mozilla/5.0 (Windows NT 10.0; Win64; x64) AppleWebKit/537.36 (KHTML, like Gecko) Chrome/70.0.3538.102 Safari/537.36 Edge/18.19582"
35.92.156.56 - - [24/Apr/2025:15:52:07 +0200] "GET /wp-content/uploads/2024/01/newsblogy_16.webp HTTP/1.1" 200 186902 "http://newssetu24.in/" "Mozilla/5.0 (Windows NT 10.0; Win64; x64) AppleWebKit/537.36 (KHTML, like Gecko) Chrome/70.0.3538.102 Safari/537.36 Edge/18.19582"
35.92.156.56 - - [24/Apr/2025:15:52:07 +0200] "GET /wp-content/uploads/2024/01/newsmunch_17.webp HTTP/1.1" 200 116938 "http://newssetu24.in/" "Mozilla/5.0 (Windows NT 10.0; Win64; x64) AppleWebKit/537.36 (KHTML, like Gecko) Chrome/70.0.3538.102 Safari/537.36 Edge/18.19582"
35.92.156.56 - - [24/Apr/2025:15:52:07 +0200] "GET /wp-content/uploads/2024/01/newsmunch_19.webp HTTP/1.1" 200 121218 "http://newssetu24.in/" "Mozilla/5.0 (Windows NT 10.0; Win64; x64) AppleWebKit/537.36 (KHTML, like Gecko) Chrome/70.0.3538.102 Safari/537.36 Edge/18.19582"
54.201.177.133 - - [24/Apr/2025:15:52:07 +0200] "GET /wp-content/themes/newsblogy/assets/images/banner.png HTTP/1.1" 200 47926 "http://newssetu24.in/" "Mozilla/5.0 (Linux; Android 8.0.0; SM-G965U Build/R16NW) AppleWebKit/537.36 (KHTML, like Gecko) Chrome/63.0.3239.111 Mobile Safari/537.36"
35.92.156.56 - - [24/Apr/2025:15:52:07 +0200] "GET /wp-content/themes/newsmunch/assets/icons/icons.svg HTTP/1.1" 200 1887 "http://newssetu24.in/" "Mozilla/5.0 (Windows NT 10.0; Win64; x64) AppleWebKit/537.36 (KHTML, like Gecko) Chrome/70.0.3538.102 Safari/537.36 Edge/18.19582"
35.92.156.56 - - [24/Apr/2025:15:52:08 +0200] "GET /wp-content/themes/newsmunch/assets/vendors/webfonts/fa-regular-400.woff2 HTTP/1.1" 200 25452 "http://newssetu24.in/wp-content/themes/newsmunch/assets/vendors/css/all.min.css?ver=6.8" "Mozilla/5.0 (Windows NT 10.0; Win64; x64) AppleWebKit/537.36 (KHTML, like Gecko) Chrome/70.0.3538.102 Safari/537.36 Edge/18.19582"
