47.128.41.12 - - [19/Aug/2024:22:42:33 +0200] "GET /robots.txt HTTP/1.1" 404 196 "-" "Mozilla/5.0 (Linux; Android 5.0) AppleWebKit/537.36 (KHTML, like Gecko) Mobile Safari/537.36 (compatible; Bytespider; spider-feedback@bytedance.com)"
66.249.66.166 - - [19/Aug/2024:23:33:04 +0200] "GET /robots.txt HTTP/1.1" 404 196 "-" "Mozilla/5.0 (compatible; Googlebot/2.1; +http://www.google.com/bot.html)"
66.249.66.168 - - [19/Aug/2024:23:33:05 +0200] "GET /client-sign-up.html HTTP/1.1" 304 - "-" "Mozilla/5.0 (Linux; Android 6.0.1; Nexus 5X Build/MMB29P) AppleWebKit/537.36 (KHTML, like Gecko) Chrome/127.0.6533.119 Mobile Safari/537.36 (compatible; Googlebot/2.1; +http://www.google.com/bot.html)"
66.249.66.167 - - [19/Aug/2024:23:47:37 +0200] "GET /googleadWord.html HTTP/1.1" 304 - "-" "Mozilla/5.0 (Linux; Android 6.0.1; Nexus 5X Build/MMB29P) AppleWebKit/537.36 (KHTML, like Gecko) Chrome/127.0.6533.119 Mobile Safari/537.36 (compatible; Googlebot/2.1; +http://www.google.com/bot.html)"
47.128.47.1 - - [20/Aug/2024:01:11:52 +0200] "GET /robots.txt HTTP/1.1" 404 196 "-" "Mozilla/5.0 (Linux; Android 5.0) AppleWebKit/537.36 (KHTML, like Gecko) Mobile Safari/537.36 (compatible; Bytespider; spider-feedback@bytedance.com)"
47.128.58.12 - - [20/Aug/2024:02:32:10 +0200] "GET /robots.txt HTTP/1.1" 404 196 "-" "Mozilla/5.0 (Linux; Android 5.0) AppleWebKit/537.36 (KHTML, like Gecko) Mobile Safari/537.36 (compatible; Bytespider; spider-feedback@bytedance.com)"
54.36.149.101 - - [20/Aug/2024:02:32:20 +0200] "GET /robots.txt HTTP/1.1" 404 196 "-" "Mozilla/5.0 (compatible; AhrefsBot/7.0; +http://ahrefs.com/robot/)"
54.36.148.112 - - [20/Aug/2024:02:32:21 +0200] "GET /it-department.html HTTP/1.1" 200 8155 "-" "Mozilla/5.0 (compatible; AhrefsBot/7.0; +http://ahrefs.com/robot/)"
66.249.66.162 - - [20/Aug/2024:05:39:23 +0200] "GET /robots.txt HTTP/1.1" 404 196 "-" "Mozilla/5.0 (compatible; Googlebot/2.1; +http://www.google.com/bot.html)"
66.249.66.162 - - [20/Aug/2024:05:39:23 +0200] "GET /boucherdesign.html HTTP/1.1" 200 9001 "-" "Mozilla/5.0 (Linux; Android 6.0.1; Nexus 5X Build/MMB29P) AppleWebKit/537.36 (KHTML, like Gecko) Chrome/127.0.6533.119 Mobile Safari/537.36 (compatible; Googlebot/2.1; +http://www.google.com/bot.html)"
66.249.66.169 - - [20/Aug/2024:05:39:26 +0200] "GET /robots.txt HTTP/1.1" 404 196 "-" "Mozilla/5.0 (compatible; Googlebot/2.1; +http://www.google.com/bot.html)"
66.249.66.169 - - [20/Aug/2024:05:39:27 +0200] "GET /css/animate.css HTTP/1.1" 200 4342 "http://www.quattrointernational.in/boucherdesign.html" "Mozilla/5.0 (Linux; Android 6.0.1; Nexus 5X Build/MMB29P) AppleWebKit/537.36 (KHTML, like Gecko) Chrome/127.0.6533.99 Mobile Safari/537.36 (compatible; Googlebot/2.1; +http://www.google.com/bot.html)"
66.249.66.161 - - [20/Aug/2024:05:39:27 +0200] "GET /connect.facebook.net/en_GB/sdk.js HTTP/1.1" 404 196 "http://www.quattrointernational.in/boucherdesign.html" "Mozilla/5.0 (Linux; Android 6.0.1; Nexus 5X Build/MMB29P) AppleWebKit/537.36 (KHTML, like Gecko) Chrome/127.0.6533.99 Mobile Safari/537.36 (compatible; Googlebot/2.1; +http://www.google.com/bot.html)"
114.119.147.74 - - [20/Aug/2024:07:01:22 +0200] "GET /seo.html HTTP/1.1" 200 8863 "http://quattrointernational.in/cateloguedesign.html" "Mozilla/5.0 (Linux; Android 7.0;) AppleWebKit/537.36 (KHTML, like Gecko) Mobile Safari/537.36 (compatible; PetalBot;+https://webmaster.petalsearch.com/site/petalbot)"
54.36.148.236 - - [20/Aug/2024:07:39:45 +0200] "GET /boucherdesign.html HTTP/1.1" 200 9001 "-" "Mozilla/5.0 (compatible; AhrefsBot/7.0; +http://ahrefs.com/robot/)"
40.77.167.10 - - [20/Aug/2024:10:48:52 +0200] "GET /finance.html HTTP/1.1" 200 8090 "-" "Mozilla/5.0 AppleWebKit/537.36 (KHTML, like Gecko; compatible; bingbot/2.0; +http://www.bing.com/bingbot.htm) Chrome/116.0.1938.76 Safari/537.36"
66.249.66.165 - - [20/Aug/2024:11:30:20 +0200] "GET /robots.txt HTTP/1.1" 404 196 "-" "Mozilla/5.0 (compatible; Googlebot/2.1; +http://www.google.com/bot.html)"
66.249.66.167 - - [20/Aug/2024:11:30:20 +0200] "GET /socialmediamarketing.html HTTP/1.1" 200 9903 "-" "Mozilla/5.0 (Linux; Android 6.0.1; Nexus 5X Build/MMB29P) AppleWebKit/537.36 (KHTML, like Gecko) Chrome/127.0.6533.119 Mobile Safari/537.36 (compatible; Googlebot/2.1; +http://www.google.com/bot.html)"
66.249.66.166 - - [20/Aug/2024:11:30:23 +0200] "GET /css/owl.carousel.css HTTP/1.1" 200 902 "http://quattrointernational.in/socialmediamarketing.html" "Mozilla/5.0 (Linux; Android 6.0.1; Nexus 5X Build/MMB29P) AppleWebKit/537.36 (KHTML, like Gecko) Chrome/127.0.6533.99 Mobile Safari/537.36 (compatible; Googlebot/2.1; +http://www.google.com/bot.html)"
66.249.66.167 - - [20/Aug/2024:11:30:23 +0200] "GET /css/animate.css HTTP/1.1" 200 4342 "http://quattrointernational.in/socialmediamarketing.html" "Mozilla/5.0 (Linux; Android 6.0.1; Nexus 5X Build/MMB29P) AppleWebKit/537.36 (KHTML, like Gecko) Chrome/127.0.6533.99 Mobile Safari/537.36 (compatible; Googlebot/2.1; +http://www.google.com/bot.html)"
66.249.66.166 - - [20/Aug/2024:11:30:23 +0200] "GET /css/mobile-menu.css HTTP/1.1" 200 631 "http://quattrointernational.in/socialmediamarketing.html" "Mozilla/5.0 (Linux; Android 6.0.1; Nexus 5X Build/MMB29P) AppleWebKit/537.36 (KHTML, like Gecko) Chrome/127.0.6533.99 Mobile Safari/537.36 (compatible; Googlebot/2.1; +http://www.google.com/bot.html)"
66.249.66.166 - - [20/Aug/2024:11:30:24 +0200] "GET /js/owl.carousel.min.js HTTP/1.1" 200 10522 "http://quattrointernational.in/socialmediamarketing.html" "Mozilla/5.0 (Linux; Android 6.0.1; Nexus 5X Build/MMB29P) AppleWebKit/537.36 (KHTML, like Gecko) Chrome/127.0.6533.99 Mobile Safari/537.36 (compatible; Googlebot/2.1; +http://www.google.com/bot.html)"
66.249.66.168 - - [20/Aug/2024:11:30:25 +0200] "GET /connect.facebook.net/en_GB/sdk.js HTTP/1.1" 404 196 "http://quattrointernational.in/socialmediamarketing.html" "Mozilla/5.0 (Linux; Android 6.0.1; Nexus 5X Build/MMB29P) AppleWebKit/537.36 (KHTML, like Gecko) Chrome/127.0.6533.99 Mobile Safari/537.36 (compatible; Googlebot/2.1; +http://www.google.com/bot.html)"
66.249.66.165 - - [20/Aug/2024:11:30:26 +0200] "GET /connect.facebook.net/en_GB/sdk.js HTTP/1.1" 404 196 "http://quattrointernational.in/socialmediamarketing.html" "Mozilla/5.0 (Linux; Android 6.0.1; Nexus 5X Build/MMB29P) AppleWebKit/537.36 (KHTML, like Gecko) Chrome/127.0.6533.99 Mobile Safari/537.36 (compatible; Googlebot/2.1; +http://www.google.com/bot.html)"
40.77.167.28 - - [20/Aug/2024:12:12:52 +0200] "GET /recentworking.html HTTP/1.1" 200 8834 "-" "Mozilla/5.0 AppleWebKit/537.36 (KHTML, like Gecko; compatible; bingbot/2.0; +http://www.bing.com/bingbot.htm) Chrome/116.0.1938.76 Safari/537.36"
66.249.66.165 - - [20/Aug/2024:12:13:19 +0200] "GET /onlinesoftwaredevelopment.html HTTP/1.1" 304 - "-" "Mozilla/5.0 (Linux; Android 6.0.1; Nexus 5X Build/MMB29P) AppleWebKit/537.36 (KHTML, like Gecko) Chrome/127.0.6533.119 Mobile Safari/537.36 (compatible; Googlebot/2.1; +http://www.google.com/bot.html)"
66.249.66.168 - - [20/Aug/2024:12:39:12 +0200] "GET /robots.txt HTTP/1.1" 404 196 "-" "Mozilla/5.0 (compatible; Googlebot/2.1; +http://www.google.com/bot.html)"
66.249.66.168 - - [20/Aug/2024:12:39:12 +0200] "GET /socialmediamarketing.html HTTP/1.1" 200 9903 "-" "Mozilla/5.0 (Linux; Android 6.0.1; Nexus 5X Build/MMB29P) AppleWebKit/537.36 (KHTML, like Gecko) Chrome/127.0.6533.119 Mobile Safari/537.36 (compatible; Googlebot/2.1; +http://www.google.com/bot.html)"
66.249.66.166 - - [20/Aug/2024:12:39:16 +0200] "GET /css/animate.css HTTP/1.1" 200 4342 "https://www.quattrointernational.in/socialmediamarketing.html" "Mozilla/5.0 (Linux; Android 6.0.1; Nexus 5X Build/MMB29P) AppleWebKit/537.36 (KHTML, like Gecko) Chrome/127.0.6533.99 Mobile Safari/537.36 (compatible; Googlebot/2.1; +http://www.google.com/bot.html)"
66.249.66.166 - - [20/Aug/2024:12:39:17 +0200] "GET /css/owl.carousel.css HTTP/1.1" 200 902 "https://www.quattrointernational.in/socialmediamarketing.html" "Mozilla/5.0 (Linux; Android 6.0.1; Nexus 5X Build/MMB29P) AppleWebKit/537.36 (KHTML, like Gecko) Chrome/127.0.6533.99 Mobile Safari/537.36 (compatible; Googlebot/2.1; +http://www.google.com/bot.html)"
66.249.66.166 - - [20/Aug/2024:12:39:18 +0200] "GET /js/scripts.js HTTP/1.1" 200 898 "https://www.quattrointernational.in/socialmediamarketing.html" "Mozilla/5.0 (Linux; Android 6.0.1; Nexus 5X Build/MMB29P) AppleWebKit/537.36 (KHTML, like Gecko) Chrome/127.0.6533.99 Mobile Safari/537.36 (compatible; Googlebot/2.1; +http://www.google.com/bot.html)"
66.249.66.166 - - [20/Aug/2024:12:39:18 +0200] "GET /connect.facebook.net/en_GB/sdk.js HTTP/1.1" 404 196 "https://www.quattrointernational.in/socialmediamarketing.html" "Mozilla/5.0 (Linux; Android 6.0.1; Nexus 5X Build/MMB29P) AppleWebKit/537.36 (KHTML, like Gecko) Chrome/127.0.6533.99 Mobile Safari/537.36 (compatible; Googlebot/2.1; +http://www.google.com/bot.html)"
114.119.153.132 - - [20/Aug/2024:14:27:07 +0200] "GET /career.html HTTP/1.1" 200 8382 "http://quattrointernational.in/cateloguedesign.html" "Mozilla/5.0 (Linux; Android 7.0;) AppleWebKit/537.36 (KHTML, like Gecko) Mobile Safari/537.36 (compatible; PetalBot;+https://webmaster.petalsearch.com/site/petalbot)"
66.249.66.167 - - [20/Aug/2024:15:02:20 +0200] "GET /cateloguedesign.html HTTP/1.1" 304 - "-" "Mozilla/5.0 (Linux; Android 6.0.1; Nexus 5X Build/MMB29P) AppleWebKit/537.36 (KHTML, like Gecko) Chrome/127.0.6533.119 Mobile Safari/537.36 (compatible; Googlebot/2.1; +http://www.google.com/bot.html)"
35.171.144.152 - - [20/Aug/2024:17:13:51 +0200] "GET / HTTP/1.1" 200 76745 "-" "Mozilla/5.0 \\(Windows NT 10.0\\; Win64\\; x64\\) AppleWebKit/537.36 \\(KHTML, like Gecko\\) Chrome/100.0.4896.60 Safari/537.36"
54.88.179.33 - - [20/Aug/2024:17:13:52 +0200] "GET / HTTP/1.1" 200 76745 "-" "Mozilla/5.0 \\(Windows NT 10.0\\; Win64\\; x64\\) AppleWebKit/537.36 \\(KHTML, like Gecko\\) Chrome/100.0.4896.60 Safari/537.36"
114.119.153.132 - - [20/Aug/2024:17:35:53 +0200] "GET /tourismsupport.html HTTP/1.1" 200 8713 "http://quattrointernational.in/cateloguedesign.html" "Mozilla/5.0 (Linux; Android 7.0;) AppleWebKit/537.36 (KHTML, like Gecko) Mobile Safari/537.36 (compatible; PetalBot;+https://webmaster.petalsearch.com/site/petalbot)"
66.249.66.167 - - [20/Aug/2024:18:04:35 +0200] "GET /robots.txt HTTP/1.1" 404 196 "-" "Mozilla/5.0 (compatible; Googlebot/2.1; +http://www.google.com/bot.html)"
66.249.66.168 - - [20/Aug/2024:18:04:36 +0200] "GET /hordingpromotion.html HTTP/1.1" 304 - "-" "Mozilla/5.0 (Linux; Android 6.0.1; Nexus 5X Build/MMB29P) AppleWebKit/537.36 (KHTML, like Gecko) Chrome/127.0.6533.119 Mobile Safari/537.36 (compatible; Googlebot/2.1; +http://www.google.com/bot.html)"
40.77.167.93 - - [20/Aug/2024:18:23:22 +0200] "GET /robots.txt HTTP/1.1" 404 196 "-" "Mozilla/5.0 AppleWebKit/537.36 (KHTML, like Gecko; compatible; bingbot/2.0; +http://www.bing.com/bingbot.htm) Chrome/116.0.1938.76 Safari/537.36"
207.46.13.17 - - [20/Aug/2024:18:23:29 +0200] "GET /ppc.html HTTP/1.1" 200 9638 "-" "Mozilla/5.0 AppleWebKit/537.36 (KHTML, like Gecko; compatible; bingbot/2.0; +http://www.bing.com/bingbot.htm) Chrome/116.0.1938.76 Safari/537.36"
35.93.38.11 - - [20/Aug/2024:19:08:39 +0200] "GET /robots.txt HTTP/1.1" 404 196 "-" "Mozilla/5.0 (compatible; wpbot/1.1; +https://forms.gle/ajBaxygz9jSR8p8G9)"
35.93.38.11 - - [20/Aug/2024:19:08:39 +0200] "GET / HTTP/1.1" 200 12933 "-" "Mozilla/5.0 (compatible; wpbot/1.1; +https://forms.gle/ajBaxygz9jSR8p8G9)"
71.6.134.230 - - [20/Aug/2024:19:41:33 +0200] "GET / HTTP/1.1" 200 12933 "-" "Mozilla/5.0 (Windows NT 10.0; Win64; x64) AppleWebKit/537.36 (KHTML, like Gecko) Chrome/102.0.0.0 Safari/537.36"
47.128.37.38 - - [20/Aug/2024:19:44:22 +0200] "GET /robots.txt HTTP/1.1" 404 196 "-" "Mozilla/5.0 (Linux; Android 5.0) AppleWebKit/537.36 (KHTML, like Gecko) Mobile Safari/537.36 (compatible; Bytespider; spider-feedback@bytedance.com)"
71.6.134.230 - - [20/Aug/2024:19:47:17 +0200] "GET /img/favicon.png HTTP/1.1" 200 10623 "-" "Mozilla/5.0 (Windows NT 10.0; Win64; x64) AppleWebKit/537.36 (KHTML, like Gecko) Chrome/102.0.0.0 Safari/537.36"
47.128.33.110 - - [20/Aug/2024:19:48:21 +0200] "GET /recentworking.html HTTP/1.1" 200 8834 "-" "Mozilla/5.0 (compatible; Bytespider; spider-feedback@bytedance.com) AppleWebKit/537.36 (KHTML, like Gecko) Chrome/70.0.0.0 Safari/537.36"
47.128.33.110 - - [20/Aug/2024:19:48:21 +0200] "GET /css/mobile-menu.css HTTP/1.1" 200 631 "https://quattrointernational.in/recentworking.html" "Mozilla/5.0 (compatible; Bytespider; spider-feedback@bytedance.com) AppleWebKit/537.36 (KHTML, like Gecko) Chrome/70.0.0.0 Safari/537.36"
47.128.33.110 - - [20/Aug/2024:19:48:21 +0200] "GET /css/animate.css HTTP/1.1" 200 4342 "https://quattrointernational.in/recentworking.html" "Mozilla/5.0 (compatible; Bytespider; spider-feedback@bytedance.com) AppleWebKit/537.36 (KHTML, like Gecko) Chrome/70.0.0.0 Safari/537.36"
47.128.33.110 - - [20/Aug/2024:19:48:21 +0200] "GET /fonts/font-awesome/css/font-awesome.min.css HTTP/1.1" 200 7066 "https://quattrointernational.in/recentworking.html" "Mozilla/5.0 (compatible; Bytespider; spider-feedback@bytedance.com) AppleWebKit/537.36 (KHTML, like Gecko) Chrome/70.0.0.0 Safari/537.36"
47.128.33.110 - - [20/Aug/2024:19:48:22 +0200] "GET /css/bootstrap.min.css HTTP/1.1" 200 19765 "https://quattrointernational.in/recentworking.html" "Mozilla/5.0 (compatible; Bytespider; spider-feedback@bytedance.com) AppleWebKit/537.36 (KHTML, like Gecko) Chrome/70.0.0.0 Safari/537.36"
47.128.33.110 - - [20/Aug/2024:19:48:22 +0200] "GET /css/owl.carousel.css HTTP/1.1" 200 902 "https://quattrointernational.in/recentworking.html" "Mozilla/5.0 (compatible; Bytespider; spider-feedback@bytedance.com) AppleWebKit/537.36 (KHTML, like Gecko) Chrome/70.0.0.0 Safari/537.36"
47.128.33.110 - - [20/Aug/2024:19:48:22 +0200] "GET /css/style.css HTTP/1.1" 200 7130 "https://quattrointernational.in/recentworking.html" "Mozilla/5.0 (compatible; Bytespider; spider-feedback@bytedance.com) AppleWebKit/537.36 (KHTML, like Gecko) Chrome/70.0.0.0 Safari/537.36"
47.128.33.110 - - [20/Aug/2024:19:48:22 +0200] "GET /img/j2softosolutions.png HTTP/1.1" 206 500 "https://quattrointernational.in/recentworking.html" "Mozilla/5.0 (compatible; Bytespider; spider-feedback@bytedance.com) AppleWebKit/537.36 (KHTML, like Gecko) Chrome/70.0.0.0 Safari/537.36"
47.128.33.110 - - [20/Aug/2024:19:48:22 +0200] "GET /img/RecentWorking/taj2mushroom.jpg HTTP/1.1" 206 500 "https://quattrointernational.in/recentworking.html" "Mozilla/5.0 (compatible; Bytespider; spider-feedback@bytedance.com) AppleWebKit/537.36 (KHTML, like Gecko) Chrome/70.0.0.0 Safari/537.36"
47.128.33.110 - - [20/Aug/2024:19:48:22 +0200] "GET /img/RecentWorking/flp.jpg HTTP/1.1" 206 500 "https://quattrointernational.in/recentworking.html" "Mozilla/5.0 (compatible; Bytespider; spider-feedback@bytedance.com) AppleWebKit/537.36 (KHTML, like Gecko) Chrome/70.0.0.0 Safari/537.36"
47.128.33.110 - - [20/Aug/2024:19:48:22 +0200] "GET /img/RecentWorking/skl.jpg HTTP/1.1" 206 500 "https://quattrointernational.in/recentworking.html" "Mozilla/5.0 (compatible; Bytespider; spider-feedback@bytedance.com) AppleWebKit/537.36 (KHTML, like Gecko) Chrome/70.0.0.0 Safari/537.36"
47.128.33.110 - - [20/Aug/2024:19:48:22 +0200] "GET /img/RecentWorking/wwngroup.jpg HTTP/1.1" 206 500 "https://quattrointernational.in/recentworking.html" "Mozilla/5.0 (compatible; Bytespider; spider-feedback@bytedance.com) AppleWebKit/537.36 (KHTML, like Gecko) Chrome/70.0.0.0 Safari/537.36"
47.128.33.110 - - [20/Aug/2024:19:48:22 +0200] "GET /img/RecentWorking/ApexhospitalAgra.jpg HTTP/1.1" 206 500 "https://quattrointernational.in/recentworking.html" "Mozilla/5.0 (compatible; Bytespider; spider-feedback@bytedance.com) AppleWebKit/537.36 (KHTML, like Gecko) Chrome/70.0.0.0 Safari/537.36"
47.128.33.110 - - [20/Aug/2024:19:48:22 +0200] "GET /img/RecentWorking/Admin.jpg HTTP/1.1" 206 500 "https://quattrointernational.in/recentworking.html" "Mozilla/5.0 (compatible; Bytespider; spider-feedback@bytedance.com) AppleWebKit/537.36 (KHTML, like Gecko) Chrome/70.0.0.0 Safari/537.36"
47.128.33.110 - - [20/Aug/2024:19:48:22 +0200] "GET /img/RecentWorking/apoloscale.jpg HTTP/1.1" 206 500 "https://quattrointernational.in/recentworking.html" "Mozilla/5.0 (compatible; Bytespider; spider-feedback@bytedance.com) AppleWebKit/537.36 (KHTML, like Gecko) Chrome/70.0.0.0 Safari/537.36"
47.128.33.110 - - [20/Aug/2024:19:48:22 +0200] "GET /img/RecentWorking/cbscareer.jpg HTTP/1.1" 206 500 "https://quattrointernational.in/recentworking.html" "Mozilla/5.0 (compatible; Bytespider; spider-feedback@bytedance.com) AppleWebKit/537.36 (KHTML, like Gecko) Chrome/70.0.0.0 Safari/537.36"
47.128.33.110 - - [20/Aug/2024:19:48:22 +0200] "GET /img/RecentWorking/guysngirls.jpg HTTP/1.1" 206 500 "https://quattrointernational.in/recentworking.html" "Mozilla/5.0 (compatible; Bytespider; spider-feedback@bytedance.com) AppleWebKit/537.36 (KHTML, like Gecko) Chrome/70.0.0.0 Safari/537.36"
47.128.33.110 - - [20/Aug/2024:19:48:22 +0200] "GET /img/RecentWorking/lcipl.jpg HTTP/1.1" 206 500 "https://quattrointernational.in/recentworking.html" "Mozilla/5.0 (compatible; Bytespider; spider-feedback@bytedance.com) AppleWebKit/537.36 (KHTML, like Gecko) Chrome/70.0.0.0 Safari/537.36"
47.128.33.110 - - [20/Aug/2024:19:48:22 +0200] "GET /img/RecentWorking/gourd%20security.jpg HTTP/1.1" 206 500 "https://quattrointernational.in/recentworking.html" "Mozilla/5.0 (compatible; Bytespider; spider-feedback@bytedance.com) AppleWebKit/537.36 (KHTML, like Gecko) Chrome/70.0.0.0 Safari/537.36"
47.128.33.110 - - [20/Aug/2024:19:48:22 +0200] "GET /img/RecentWorking/rooprani.jpg HTTP/1.1" 206 500 "https://quattrointernational.in/recentworking.html" "Mozilla/5.0 (compatible; Bytespider; spider-feedback@bytedance.com) AppleWebKit/537.36 (KHTML, like Gecko) Chrome/70.0.0.0 Safari/537.36"
47.128.33.110 - - [20/Aug/2024:19:48:22 +0200] "GET /img/RecentWorking/flybulls.jpg HTTP/1.1" 206 500 "https://quattrointernational.in/recentworking.html" "Mozilla/5.0 (compatible; Bytespider; spider-feedback@bytedance.com) AppleWebKit/537.36 (KHTML, like Gecko) Chrome/70.0.0.0 Safari/537.36"
47.128.33.110 - - [20/Aug/2024:19:48:22 +0200] "GET /img/RecentWorking/apolocctv.jpg HTTP/1.1" 206 500 "https://quattrointernational.in/recentworking.html" "Mozilla/5.0 (compatible; Bytespider; spider-feedback@bytedance.com) AppleWebKit/537.36 (KHTML, like Gecko) Chrome/70.0.0.0 Safari/537.36"
47.128.33.110 - - [20/Aug/2024:19:48:22 +0200] "GET /img/preloader.gif HTTP/1.1" 206 500 "https://quattrointernational.in/css/style.css" "Mozilla/5.0 (compatible; Bytespider; spider-feedback@bytedance.com) AppleWebKit/537.36 (KHTML, like Gecko) Chrome/70.0.0.0 Safari/537.36"
47.128.33.110 - - [20/Aug/2024:19:48:22 +0200] "GET /img/RecentWorking/glaresecurity.jpg HTTP/1.1" 206 500 "https://quattrointernational.in/recentworking.html" "Mozilla/5.0 (compatible; Bytespider; spider-feedback@bytedance.com) AppleWebKit/537.36 (KHTML, like Gecko) Chrome/70.0.0.0 Safari/537.36"
47.128.33.110 - - [20/Aug/2024:19:48:22 +0200] "GET /img/RecentWorking/gurved.jpg HTTP/1.1" 206 500 "https://quattrointernational.in/recentworking.html" "Mozilla/5.0 (compatible; Bytespider; spider-feedback@bytedance.com) AppleWebKit/537.36 (KHTML, like Gecko) Chrome/70.0.0.0 Safari/537.36"
47.128.33.110 - - [20/Aug/2024:19:48:22 +0200] "GET /img/RecentWorking/shiva%20electronics.jpg HTTP/1.1" 206 500 "https://quattrointernational.in/recentworking.html" "Mozilla/5.0 (compatible; Bytespider; spider-feedback@bytedance.com) AppleWebKit/537.36 (KHTML, like Gecko) Chrome/70.0.0.0 Safari/537.36"
47.128.33.110 - - [20/Aug/2024:19:48:22 +0200] "GET /img/RecentWorking/yasika%20electorincs.jpg HTTP/1.1" 206 500 "https://quattrointernational.in/recentworking.html" "Mozilla/5.0 (compatible; Bytespider; spider-feedback@bytedance.com) AppleWebKit/537.36 (KHTML, like Gecko) Chrome/70.0.0.0 Safari/537.36"
47.128.33.110 - - [20/Aug/2024:19:48:22 +0200] "GET /img/RecentWorking/cpt.jpg HTTP/1.1" 206 500 "https://quattrointernational.in/recentworking.html" "Mozilla/5.0 (compatible; Bytespider; spider-feedback@bytedance.com) AppleWebKit/537.36 (KHTML, like Gecko) Chrome/70.0.0.0 Safari/537.36"
47.128.33.110 - - [20/Aug/2024:19:48:22 +0200] "GET /img/RecentWorking/mm%20rms.jpg HTTP/1.1" 206 500 "https://quattrointernational.in/recentworking.html" "Mozilla/5.0 (compatible; Bytespider; spider-feedback@bytedance.com) AppleWebKit/537.36 (KHTML, like Gecko) Chrome/70.0.0.0 Safari/537.36"
47.128.33.110 - - [20/Aug/2024:19:48:22 +0200] "GET /img/RecentWorking/hoteltajsignature.jpg HTTP/1.1" 206 500 "https://quattrointernational.in/recentworking.html" "Mozilla/5.0 (compatible; Bytespider; spider-feedback@bytedance.com) AppleWebKit/537.36 (KHTML, like Gecko) Chrome/70.0.0.0 Safari/537.36"
47.128.33.110 - - [20/Aug/2024:19:48:22 +0200] "GET /img/RecentWorking/smgfilms.jpg HTTP/1.1" 206 500 "https://quattrointernational.in/recentworking.html" "Mozilla/5.0 (compatible; Bytespider; spider-feedback@bytedance.com) AppleWebKit/537.36 (KHTML, like Gecko) Chrome/70.0.0.0 Safari/537.36"
47.128.33.110 - - [20/Aug/2024:19:48:22 +0200] "GET /img/RecentWorking/octc.jpg HTTP/1.1" 206 500 "https://quattrointernational.in/recentworking.html" "Mozilla/5.0 (compatible; Bytespider; spider-feedback@bytedance.com) AppleWebKit/537.36 (KHTML, like Gecko) Chrome/70.0.0.0 Safari/537.36"
47.128.33.110 - - [20/Aug/2024:19:48:22 +0200] "GET /img/RecentWorking/schoolofcommerce.jpg HTTP/1.1" 206 500 "https://quattrointernational.in/recentworking.html" "Mozilla/5.0 (compatible; Bytespider; spider-feedback@bytedance.com) AppleWebKit/537.36 (KHTML, like Gecko) Chrome/70.0.0.0 Safari/537.36"
47.128.33.110 - - [20/Aug/2024:19:48:22 +0200] "GET /img/RecentWorking/knojialoundry.jpg HTTP/1.1" 206 500 "https://quattrointernational.in/recentworking.html" "Mozilla/5.0 (compatible; Bytespider; spider-feedback@bytedance.com) AppleWebKit/537.36 (KHTML, like Gecko) Chrome/70.0.0.0 Safari/537.36"
47.128.33.110 - - [20/Aug/2024:19:48:22 +0200] "GET /img/RecentWorking/flywaytravels.jpg HTTP/1.1" 206 500 "https://quattrointernational.in/recentworking.html" "Mozilla/5.0 (compatible; Bytespider; spider-feedback@bytedance.com) AppleWebKit/537.36 (KHTML, like Gecko) Chrome/70.0.0.0 Safari/537.36"
47.128.33.110 - - [20/Aug/2024:19:48:22 +0200] "GET /img/RecentWorking/upgsss.jpg HTTP/1.1" 206 500 "https://quattrointernational.in/recentworking.html" "Mozilla/5.0 (compatible; Bytespider; spider-feedback@bytedance.com) AppleWebKit/537.36 (KHTML, like Gecko) Chrome/70.0.0.0 Safari/537.36"
47.128.33.110 - - [20/Aug/2024:19:48:22 +0200] "GET /img/RecentWorking/omartagra.jpg HTTP/1.1" 206 500 "https://quattrointernational.in/recentworking.html" "Mozilla/5.0 (compatible; Bytespider; spider-feedback@bytedance.com) AppleWebKit/537.36 (KHTML, like Gecko) Chrome/70.0.0.0 Safari/537.36"
84.170.143.217 - - [20/Aug/2024:20:04:57 +0200] "GET /finance.html HTTP/1.1" 200 8090 "-" "Mozilla/5.0 (Windows NT 10.0; Win64; x64) AppleWebKit/537.36 (KHTML, like Gecko) Chrome/91.0.4472.114 Safari/537.36 Edg/91.0.864.54"
66.249.66.166 - - [20/Aug/2024:20:09:34 +0200] "GET /img/website_promotion.jpg HTTP/1.1" 304 - "-" "Googlebot-Image/1.0"
5.255.231.74 - - [20/Aug/2024:21:22:55 +0200] "GET /robots.txt HTTP/1.1" 404 196 "-" "Mozilla/5.0 (compatible; YandexBot/3.0; +http://yandex.com/bots)"
87.250.224.2 - - [20/Aug/2024:21:22:56 +0200] "GET /img/J2%20Soft%20Solutions%20white%20logo.html HTTP/1.1" 200 1910 "-" "Mozilla/5.0 (compatible; YandexBot/3.0; +http://yandex.com/bots)"
66.249.66.167 - - [20/Aug/2024:21:38:44 +0200] "GET /digital-marketing/img/thumbs/gallery_2x/gallery2.jpg HTTP/1.1" 200 113907 "-" "Googlebot-Image/1.0"
47.128.62.195 - - [20/Aug/2024:21:54:05 +0200] "GET /psddesign.html HTTP/1.1" 200 8853 "-" "Mozilla/5.0 (compatible; Bytespider; spider-feedback@bytedance.com) AppleWebKit/537.36 (KHTML, like Gecko) Chrome/70.0.0.0 Safari/537.36"
47.128.62.195 - - [20/Aug/2024:21:54:05 +0200] "GET /fonts/font-awesome/css/font-awesome.min.css HTTP/1.1" 200 7066 "https://quattrointernational.in/psddesign.html" "Mozilla/5.0 (compatible; Bytespider; spider-feedback@bytedance.com) AppleWebKit/537.36 (KHTML, like Gecko) Chrome/70.0.0.0 Safari/537.36"
47.128.62.195 - - [20/Aug/2024:21:54:05 +0200] "GET /css/mobile-menu.css HTTP/1.1" 200 631 "https://quattrointernational.in/psddesign.html" "Mozilla/5.0 (compatible; Bytespider; spider-feedback@bytedance.com) AppleWebKit/537.36 (KHTML, like Gecko) Chrome/70.0.0.0 Safari/537.36"
47.128.62.195 - - [20/Aug/2024:21:54:05 +0200] "GET /css/style.css HTTP/1.1" 200 7130 "https://quattrointernational.in/psddesign.html" "Mozilla/5.0 (compatible; Bytespider; spider-feedback@bytedance.com) AppleWebKit/537.36 (KHTML, like Gecko) Chrome/70.0.0.0 Safari/537.36"
47.128.62.195 - - [20/Aug/2024:21:54:05 +0200] "GET /css/animate.css HTTP/1.1" 200 4342 "https://quattrointernational.in/psddesign.html" "Mozilla/5.0 (compatible; Bytespider; spider-feedback@bytedance.com) AppleWebKit/537.36 (KHTML, like Gecko) Chrome/70.0.0.0 Safari/537.36"
47.128.62.195 - - [20/Aug/2024:21:54:05 +0200] "GET /img/psd-file.jpg HTTP/1.1" 206 500 "https://quattrointernational.in/psddesign.html" "Mozilla/5.0 (compatible; Bytespider; spider-feedback@bytedance.com) AppleWebKit/537.36 (KHTML, like Gecko) Chrome/70.0.0.0 Safari/537.36"
47.128.25.168 - - [20/Aug/2024:21:58:08 +0200] "GET /robots.txt HTTP/1.1" 404 196 "-" "Mozilla/5.0 (Linux; Android 5.0) AppleWebKit/537.36 (KHTML, like Gecko) Mobile Safari/537.36 (compatible; Bytespider; spider-feedback@bytedance.com)"
66.249.66.165 - - [20/Aug/2024:22:34:45 +0200] "GET /digital-marketing/img/thumbs/gallery_2x/gallery5.jpg HTTP/1.1" 200 21685 "-" "Googlebot-Image/1.0"
114.119.129.14 - - [20/Aug/2024:22:52:48 +0200] "GET /emailmarketing.html HTTP/1.1" 200 9102 "http://quattrointernational.in/cateloguedesign.html" "Mozilla/5.0 (Linux; Android 7.0;) AppleWebKit/537.36 (KHTML, like Gecko) Mobile Safari/537.36 (compatible; PetalBot;+https://webmaster.petalsearch.com/site/petalbot)"
66.249.66.167 - - [20/Aug/2024:23:09:44 +0200] "GET /digital-marketing/img/thumbs/gallery_2x/gallery6.jpg HTTP/1.1" 200 99466 "-" "Googlebot-Image/1.0"
66.249.66.167 - - [20/Aug/2024:23:34:27 +0200] "GET /onlinebusinesspromotion.html HTTP/1.1" 200 9929 "-" "Mozilla/5.0 (Linux; Android 6.0.1; Nexus 5X Build/MMB29P) AppleWebKit/537.36 (KHTML, like Gecko) Chrome/127.0.6533.119 Mobile Safari/537.36 (compatible; Googlebot/2.1; +http://www.google.com/bot.html)"
66.249.66.168 - - [20/Aug/2024:23:36:06 +0200] "GET /css/owl.carousel.css HTTP/1.1" 200 902 "https://quattrointernational.in/onlinebusinesspromotion.html" "Mozilla/5.0 (Linux; Android 6.0.1; Nexus 5X Build/MMB29P) AppleWebKit/537.36 (KHTML, like Gecko) Chrome/127.0.6533.99 Mobile Safari/537.36 (compatible; Googlebot/2.1; +http://www.google.com/bot.html)"
66.249.66.169 - - [20/Aug/2024:23:36:07 +0200] "GET /js/mobile-menu.js HTTP/1.1" 200 2069 "https://quattrointernational.in/onlinebusinesspromotion.html" "Mozilla/5.0 (Linux; Android 6.0.1; Nexus 5X Build/MMB29P) AppleWebKit/537.36 (KHTML, like Gecko) Chrome/127.0.6533.99 Mobile Safari/537.36 (compatible; Googlebot/2.1; +http://www.google.com/bot.html)"
66.249.66.168 - - [20/Aug/2024:23:36:07 +0200] "GET /js/bootstrap.min.js HTTP/1.1" 200 9765 "https://quattrointernational.in/onlinebusinesspromotion.html" "Mozilla/5.0 (Linux; Android 6.0.1; Nexus 5X Build/MMB29P) AppleWebKit/537.36 (KHTML, like Gecko) Chrome/127.0.6533.99 Mobile Safari/537.36 (compatible; Googlebot/2.1; +http://www.google.com/bot.html)"
66.249.66.169 - - [20/Aug/2024:23:36:08 +0200] "GET /js/scripts.js HTTP/1.1" 200 898 "https://quattrointernational.in/onlinebusinesspromotion.html" "Mozilla/5.0 (Linux; Android 6.0.1; Nexus 5X Build/MMB29P) AppleWebKit/537.36 (KHTML, like Gecko) Chrome/127.0.6533.99 Mobile Safari/537.36 (compatible; Googlebot/2.1; +http://www.google.com/bot.html)"
66.249.66.168 - - [20/Aug/2024:23:36:09 +0200] "GET /css/bootstrap.min.css HTTP/1.1" 200 19765 "https://quattrointernational.in/onlinebusinesspromotion.html" "Mozilla/5.0 (Linux; Android 6.0.1; Nexus 5X Build/MMB29P) AppleWebKit/537.36 (KHTML, like Gecko) Chrome/127.0.6533.99 Mobile Safari/537.36 (compatible; Googlebot/2.1; +http://www.google.com/bot.html)"
66.249.66.169 - - [20/Aug/2024:23:36:09 +0200] "GET /css/mobile-menu.css HTTP/1.1" 200 631 "https://quattrointernational.in/onlinebusinesspromotion.html" "Mozilla/5.0 (Linux; Android 6.0.1; Nexus 5X Build/MMB29P) AppleWebKit/537.36 (KHTML, like Gecko) Chrome/127.0.6533.99 Mobile Safari/537.36 (compatible; Googlebot/2.1; +http://www.google.com/bot.html)"
66.249.66.168 - - [20/Aug/2024:23:36:10 +0200] "GET /js/smoothscroll.js HTTP/1.1" 200 1857 "https://quattrointernational.in/onlinebusinesspromotion.html" "Mozilla/5.0 (Linux; Android 6.0.1; Nexus 5X Build/MMB29P) AppleWebKit/537.36 (KHTML, like Gecko) Chrome/127.0.6533.99 Mobile Safari/537.36 (compatible; Googlebot/2.1; +http://www.google.com/bot.html)"
66.249.66.167 - - [20/Aug/2024:23:36:11 +0200] "GET /css/style.css HTTP/1.1" 200 7130 "https://quattrointernational.in/onlinebusinesspromotion.html" "Mozilla/5.0 (Linux; Android 6.0.1; Nexus 5X Build/MMB29P) AppleWebKit/537.36 (KHTML, like Gecko) Chrome/127.0.6533.99 Mobile Safari/537.36 (compatible; Googlebot/2.1; +http://www.google.com/bot.html)"
66.249.66.168 - - [20/Aug/2024:23:36:11 +0200] "GET /js/jquery-2.1.4.min.js HTTP/1.1" 200 29531 "https://quattrointernational.in/onlinebusinesspromotion.html" "Mozilla/5.0 (Linux; Android 6.0.1; Nexus 5X Build/MMB29P) AppleWebKit/537.36 (KHTML, like Gecko) Chrome/127.0.6533.99 Mobile Safari/537.36 (compatible; Googlebot/2.1; +http://www.google.com/bot.html)"
66.249.66.168 - - [20/Aug/2024:23:36:12 +0200] "GET /cdn-cgi/scripts/af2821b0/cloudflare-static/email-decode.min.html HTTP/1.1" 200 1940 "https://quattrointernational.in/onlinebusinesspromotion.html" "Mozilla/5.0 (Linux; Android 6.0.1; Nexus 5X Build/MMB29P) AppleWebKit/537.36 (KHTML, like Gecko) Chrome/127.0.6533.99 Mobile Safari/537.36 (compatible; Googlebot/2.1; +http://www.google.com/bot.html)"
66.249.66.167 - - [20/Aug/2024:23:36:13 +0200] "GET /css/animate.css HTTP/1.1" 200 4342 "https://quattrointernational.in/onlinebusinesspromotion.html" "Mozilla/5.0 (Linux; Android 6.0.1; Nexus 5X Build/MMB29P) AppleWebKit/537.36 (KHTML, like Gecko) Chrome/127.0.6533.99 Mobile Safari/537.36 (compatible; Googlebot/2.1; +http://www.google.com/bot.html)"
66.249.66.167 - - [20/Aug/2024:23:36:14 +0200] "GET /fonts/font-awesome/css/font-awesome.min.css HTTP/1.1" 200 7066 "https://quattrointernational.in/onlinebusinesspromotion.html" "Mozilla/5.0 (Linux; Android 6.0.1; Nexus 5X Build/MMB29P) AppleWebKit/537.36 (KHTML, like Gecko) Chrome/127.0.6533.99 Mobile Safari/537.36 (compatible; Googlebot/2.1; +http://www.google.com/bot.html)"
66.249.66.167 - - [20/Aug/2024:23:36:15 +0200] "GET /js/owl.carousel.min.js HTTP/1.1" 200 10522 "https://quattrointernational.in/onlinebusinesspromotion.html" "Mozilla/5.0 (Linux; Android 6.0.1; Nexus 5X Build/MMB29P) AppleWebKit/537.36 (KHTML, like Gecko) Chrome/127.0.6533.99 Mobile Safari/537.36 (compatible; Googlebot/2.1; +http://www.google.com/bot.html)"
66.249.66.167 - - [20/Aug/2024:23:36:16 +0200] "GET /connect.facebook.net/en_GB/sdk.js HTTP/1.1" 404 196 "https://quattrointernational.in/onlinebusinesspromotion.html" "Mozilla/5.0 (Linux; Android 6.0.1; Nexus 5X Build/MMB29P) AppleWebKit/537.36 (KHTML, like Gecko) Chrome/127.0.6533.99 Mobile Safari/537.36 (compatible; Googlebot/2.1; +http://www.google.com/bot.html)"
66.249.66.167 - - [20/Aug/2024:23:36:16 +0200] "GET /connect.facebook.net/en_GB/sdk.js HTTP/1.1" 404 196 "https://quattrointernational.in/onlinebusinesspromotion.html" "Mozilla/5.0 (Linux; Android 6.0.1; Nexus 5X Build/MMB29P) AppleWebKit/537.36 (KHTML, like Gecko) Chrome/127.0.6533.99 Mobile Safari/537.36 (compatible; Googlebot/2.1; +http://www.google.com/bot.html)"
47.128.16.185 - - [20/Aug/2024:23:46:01 +0200] "GET /tourismsupport.html HTTP/1.1" 200 8713 "-" "Mozilla/5.0 (compatible; Bytespider; spider-feedback@bytedance.com) AppleWebKit/537.36 (KHTML, like Gecko) Chrome/70.0.0.0 Safari/537.36"
47.128.16.185 - - [20/Aug/2024:23:46:01 +0200] "GET /css/mobile-menu.css HTTP/1.1" 200 631 "https://quattrointernational.in/tourismsupport.html" "Mozilla/5.0 (compatible; Bytespider; spider-feedback@bytedance.com) AppleWebKit/537.36 (KHTML, like Gecko) Chrome/70.0.0.0 Safari/537.36"
47.128.16.185 - - [20/Aug/2024:23:46:01 +0200] "GET /css/style.css HTTP/1.1" 200 7130 "https://quattrointernational.in/tourismsupport.html" "Mozilla/5.0 (compatible; Bytespider; spider-feedback@bytedance.com) AppleWebKit/537.36 (KHTML, like Gecko) Chrome/70.0.0.0 Safari/537.36"
66.249.66.166 - - [20/Aug/2024:23:53:44 +0200] "GET /robots.txt HTTP/1.1" 404 196 "-" "Mozilla/5.0 (compatible; Googlebot/2.1; +http://www.google.com/bot.html)"
66.249.66.167 - - [20/Aug/2024:23:53:44 +0200] "GET /digital-marketing/img/thumbs/gallery_2x/gallery1.jpg HTTP/1.1" 200 109863 "-" "Googlebot-Image/1.0"
47.128.48.155 - - [21/Aug/2024:00:06:55 +0200] "GET /robots.txt HTTP/1.1" 404 196 "-" "Mozilla/5.0 (Linux; Android 5.0) AppleWebKit/537.36 (KHTML, like Gecko) Mobile Safari/537.36 (compatible; Bytespider; spider-feedback@bytedance.com)"
114.119.129.14 - - [21/Aug/2024:00:32:18 +0200] "GET /sanskriti.html HTTP/1.1" 200 7137 "http://quattrointernational.in/cateloguedesign.html" "Mozilla/5.0 (Linux; Android 7.0;) AppleWebKit/537.36 (KHTML, like Gecko) Mobile Safari/537.36 (compatible; PetalBot;+https://webmaster.petalsearch.com/site/petalbot)"
51.222.253.12 - - [21/Aug/2024:00:37:58 +0200] "GET /robots.txt HTTP/1.1" 404 196 "-" "Mozilla/5.0 (compatible; AhrefsBot/7.0; +http://ahrefs.com/robot/)"
54.36.149.99 - - [21/Aug/2024:00:37:59 +0200] "GET /psddesign.html HTTP/1.1" 200 8853 "-" "Mozilla/5.0 (compatible; AhrefsBot/7.0; +http://ahrefs.com/robot/)"
54.36.148.122 - - [21/Aug/2024:00:38:02 +0200] "GET /img/psd-file.jpg HTTP/1.1" 200 17294 "-" "Mozilla/5.0 (compatible; AhrefsBot/7.0; +http://ahrefs.com/robot/)"
47.128.110.223 - - [21/Aug/2024:00:50:06 +0200] "GET /robots.txt HTTP/1.1" 404 196 "-" "Mozilla/5.0 (Linux; Android 5.0) AppleWebKit/537.36 (KHTML, like Gecko) Mobile Safari/537.36 (compatible; Bytespider; spider-feedback@bytedance.com)"
47.128.27.129 - - [21/Aug/2024:00:54:05 +0200] "GET /websitedesign.html HTTP/1.1" 200 11039 "-" "Mozilla/5.0 (compatible; Bytespider; spider-feedback@bytedance.com) AppleWebKit/537.36 (KHTML, like Gecko) Chrome/70.0.0.0 Safari/537.36"
47.128.27.129 - - [21/Aug/2024:00:54:06 +0200] "GET /css/mobile-menu.css HTTP/1.1" 200 631 "http://www.quattrointernational.in/websitedesign.html" "Mozilla/5.0 (compatible; Bytespider; spider-feedback@bytedance.com) AppleWebKit/537.36 (KHTML, like Gecko) Chrome/70.0.0.0 Safari/537.36"
47.128.27.129 - - [21/Aug/2024:00:54:06 +0200] "GET /css/animate.css HTTP/1.1" 200 4342 "http://www.quattrointernational.in/websitedesign.html" "Mozilla/5.0 (compatible; Bytespider; spider-feedback@bytedance.com) AppleWebKit/537.36 (KHTML, like Gecko) Chrome/70.0.0.0 Safari/537.36"
47.128.27.129 - - [21/Aug/2024:00:54:06 +0200] "GET /fonts/font-awesome/css/font-awesome.min.css HTTP/1.1" 200 7066 "http://www.quattrointernational.in/websitedesign.html" "Mozilla/5.0 (compatible; Bytespider; spider-feedback@bytedance.com) AppleWebKit/537.36 (KHTML, like Gecko) Chrome/70.0.0.0 Safari/537.36"
47.128.27.129 - - [21/Aug/2024:00:54:06 +0200] "GET /css/owl.carousel.css HTTP/1.1" 200 902 "http://www.quattrointernational.in/websitedesign.html" "Mozilla/5.0 (compatible; Bytespider; spider-feedback@bytedance.com) AppleWebKit/537.36 (KHTML, like Gecko) Chrome/70.0.0.0 Safari/537.36"
47.128.27.129 - - [21/Aug/2024:00:54:06 +0200] "GET /css/bootstrap.min.css HTTP/1.1" 200 19765 "http://www.quattrointernational.in/websitedesign.html" "Mozilla/5.0 (compatible; Bytespider; spider-feedback@bytedance.com) AppleWebKit/537.36 (KHTML, like Gecko) Chrome/70.0.0.0 Safari/537.36"
47.128.27.129 - - [21/Aug/2024:00:54:06 +0200] "GET /css/style.css HTTP/1.1" 200 7130 "http://www.quattrointernational.in/websitedesign.html" "Mozilla/5.0 (compatible; Bytespider; spider-feedback@bytedance.com) AppleWebKit/537.36 (KHTML, like Gecko) Chrome/70.0.0.0 Safari/537.36"
47.128.27.129 - - [21/Aug/2024:00:54:06 +0200] "GET /img/j2softosolutions.png HTTP/1.1" 206 500 "http://www.quattrointernational.in/websitedesign.html" "Mozilla/5.0 (compatible; Bytespider; spider-feedback@bytedance.com) AppleWebKit/537.36 (KHTML, like Gecko) Chrome/70.0.0.0 Safari/537.36"
47.128.27.129 - - [21/Aug/2024:00:54:06 +0200] "GET /img/websolution-img-1.jpg HTTP/1.1" 206 500 "http://www.quattrointernational.in/websitedesign.html" "Mozilla/5.0 (compatible; Bytespider; spider-feedback@bytedance.com) AppleWebKit/537.36 (KHTML, like Gecko) Chrome/70.0.0.0 Safari/537.36"
47.128.27.129 - - [21/Aug/2024:00:54:06 +0200] "GET /img/preloader.gif HTTP/1.1" 206 500 "http://www.quattrointernational.in/css/style.css" "Mozilla/5.0 (compatible; Bytespider; spider-feedback@bytedance.com) AppleWebKit/537.36 (KHTML, like Gecko) Chrome/70.0.0.0 Safari/537.36"
66.249.66.169 - - [21/Aug/2024:01:45:02 +0200] "GET /home.html HTTP/1.1" 200 12934 "-" "Mozilla/5.0 (Linux; Android 6.0.1; Nexus 5X Build/MMB29P) AppleWebKit/537.36 (KHTML, like Gecko) Chrome/127.0.6533.119 Mobile Safari/537.36 (compatible; Googlebot/2.1; +http://www.google.com/bot.html)"
66.249.66.169 - - [21/Aug/2024:01:45:05 +0200] "GET /js/scripts.js HTTP/1.1" 200 898 "https://quattrointernational.in/home.html" "Mozilla/5.0 (Linux; Android 6.0.1; Nexus 5X Build/MMB29P) AppleWebKit/537.36 (KHTML, like Gecko) Chrome/127.0.6533.99 Mobile Safari/537.36 (compatible; Googlebot/2.1; +http://www.google.com/bot.html)"
66.249.66.166 - - [21/Aug/2024:01:45:05 +0200] "GET /robots.txt HTTP/1.1" 404 196 "-" "Mozilla/5.0 (compatible; Googlebot/2.1; +http://www.google.com/bot.html)"
66.249.66.166 - - [21/Aug/2024:01:45:06 +0200] "GET /connect.facebook.net/en_GB/sdk.js HTTP/1.1" 404 196 "https://quattrointernational.in/home.html" "Mozilla/5.0 (Linux; Android 6.0.1; Nexus 5X Build/MMB29P) AppleWebKit/537.36 (KHTML, like Gecko) Chrome/127.0.6533.99 Mobile Safari/537.36 (compatible; Googlebot/2.1; +http://www.google.com/bot.html)"
66.249.66.168 - - [21/Aug/2024:01:45:07 +0200] "GET /connect.facebook.net/en_GB/sdk.js HTTP/1.1" 404 196 "https://quattrointernational.in/home.html" "Mozilla/5.0 (Linux; Android 6.0.1; Nexus 5X Build/MMB29P) AppleWebKit/537.36 (KHTML, like Gecko) Chrome/127.0.6533.99 Mobile Safari/537.36 (compatible; Googlebot/2.1; +http://www.google.com/bot.html)"
47.128.115.211 - - [21/Aug/2024:01:58:57 +0200] "GET /bannerdesign.html HTTP/1.1" 200 9014 "-" "Mozilla/5.0 (compatible; Bytespider; spider-feedback@bytedance.com) AppleWebKit/537.36 (KHTML, like Gecko) Chrome/70.0.0.0 Safari/537.36"
47.128.115.211 - - [21/Aug/2024:01:58:57 +0200] "GET /img/maxresdefault-1.jpg HTTP/1.1" 206 500 "http://www.quattrointernational.in/bannerdesign.html" "Mozilla/5.0 (compatible; Bytespider; spider-feedback@bytedance.com) AppleWebKit/537.36 (KHTML, like Gecko) Chrome/70.0.0.0 Safari/537.36"
47.128.63.92 - - [21/Aug/2024:02:08:24 +0200] "GET /blog-emagazine-web-development.html HTTP/1.1" 200 9561 "-" "Mozilla/5.0 (compatible; Bytespider; spider-feedback@bytedance.com) AppleWebKit/537.36 (KHTML, like Gecko) Chrome/70.0.0.0 Safari/537.36"
47.128.63.92 - - [21/Aug/2024:02:08:24 +0200] "GET /img/blog-img-1.jpg HTTP/1.1" 206 500 "http://www.quattrointernational.in/blog-emagazine-web-development.html" "Mozilla/5.0 (compatible; Bytespider; spider-feedback@bytedance.com) AppleWebKit/537.36 (KHTML, like Gecko) Chrome/70.0.0.0 Safari/537.36"
47.128.110.234 - - [21/Aug/2024:02:14:04 +0200] "GET /robots.txt HTTP/1.1" 404 196 "-" "Mozilla/5.0 (Linux; Android 5.0) AppleWebKit/537.36 (KHTML, like Gecko) Mobile Safari/537.36 (compatible; Bytespider; spider-feedback@bytedance.com)"
47.128.115.33 - - [21/Aug/2024:02:51:16 +0200] "GET /startup.html HTTP/1.1" 200 8651 "-" "Mozilla/5.0 (compatible; Bytespider; spider-feedback@bytedance.com) AppleWebKit/537.36 (KHTML, like Gecko) Chrome/70.0.0.0 Safari/537.36"
47.128.17.88 - - [21/Aug/2024:02:56:11 +0200] "GET /robots.txt HTTP/1.1" 404 196 "-" "Mozilla/5.0 (Linux; Android 5.0) AppleWebKit/537.36 (KHTML, like Gecko) Mobile Safari/537.36 (compatible; Bytespider; spider-feedback@bytedance.com)"
216.244.66.229 - - [21/Aug/2024:02:58:27 +0200] "GET /robots.txt HTTP/1.1" 404 196 "-" "Mozilla/5.0 (compatible; DotBot/1.2; +https://opensiteexplorer.org/dotbot; help@moz.com)"
216.244.66.229 - - [21/Aug/2024:03:03:03 +0200] "GET /smsmarketing.html HTTP/1.1" 200 55908 "-" "Mozilla/5.0 (compatible; DotBot/1.2; +https://opensiteexplorer.org/dotbot; help@moz.com)"
66.249.66.167 - - [21/Aug/2024:04:39:33 +0200] "GET / HTTP/1.1" 200 12933 "-" "Mozilla/5.0 (Linux; Android 6.0.1; Nexus 5X Build/MMB29P) AppleWebKit/537.36 (KHTML, like Gecko) Chrome/127.0.6533.119 Mobile Safari/537.36 (compatible; Googlebot/2.1; +http://www.google.com/bot.html)"
66.249.66.167 - - [21/Aug/2024:04:44:34 +0200] "GET / HTTP/1.1" 200 12933 "-" "Mozilla/5.0 (Linux; Android 6.0.1; Nexus 5X Build/MMB29P) AppleWebKit/537.36 (KHTML, like Gecko) Chrome/99.0.4844.84 Mobile Safari/537.36 (compatible; Googlebot/2.1; +http://www.google.com/bot.html)"
66.249.66.168 - - [21/Aug/2024:04:44:35 +0200] "GET / HTTP/1.1" 200 12933 "-" "Mozilla/5.0 (compatible; Googlebot/2.1; +http://www.google.com/bot.html)"
47.128.96.200 - - [21/Aug/2024:04:47:00 +0200] "GET /tourismsupport.html HTTP/1.1" 200 8713 "-" "Mozilla/5.0 (Linux; Android 5.0) AppleWebKit/537.36 (KHTML, like Gecko) Mobile Safari/537.36 (compatible; Bytespider; spider-feedback@bytedance.com)"
66.249.66.165 - - [21/Aug/2024:04:55:44 +0200] "GET /digital-marketing/img/thumbs/gallery_2x/gallery4.jpg HTTP/1.1" 200 113367 "-" "Googlebot-Image/1.0"
66.249.66.165 - - [21/Aug/2024:05:01:23 +0200] "GET /emailmarketing.html HTTP/1.1" 304 - "-" "Mozilla/5.0 (Linux; Android 6.0.1; Nexus 5X Build/MMB29P) AppleWebKit/537.36 (KHTML, like Gecko) Chrome/127.0.6533.119 Mobile Safari/537.36 (compatible; Googlebot/2.1; +http://www.google.com/bot.html)"
47.128.117.111 - - [21/Aug/2024:05:08:48 +0200] "GET /robots.txt HTTP/1.1" 404 196 "-" "Mozilla/5.0 (Linux; Android 5.0) AppleWebKit/537.36 (KHTML, like Gecko) Mobile Safari/537.36 (compatible; Bytespider; spider-feedback@bytedance.com)"
216.244.66.229 - - [21/Aug/2024:05:41:03 +0200] "GET /robots.txt HTTP/1.1" 404 196 "-" "Mozilla/5.0 (compatible; DotBot/1.2; +https://opensiteexplorer.org/dotbot; help@moz.com)"
47.128.99.136 - - [21/Aug/2024:05:41:04 +0200] "GET /help-sales-support.html HTTP/1.1" 200 8684 "-" "Mozilla/5.0 (Linux; Android 5.0) AppleWebKit/537.36 (KHTML, like Gecko) Mobile Safari/537.36 (compatible; Bytespider; spider-feedback@bytedance.com)"
216.244.66.229 - - [21/Aug/2024:05:45:18 +0200] "GET /creative-department.html HTTP/1.1" 200 52442 "-" "Mozilla/5.0 (compatible; DotBot/1.2; +https://opensiteexplorer.org/dotbot; help@moz.com)"
66.249.66.166 - - [21/Aug/2024:06:07:22 +0200] "GET / HTTP/1.1" 200 12933 "-" "Mozilla/5.0 (Linux; Android 6.0.1; Nexus 5X Build/MMB29P) AppleWebKit/537.36 (KHTML, like Gecko) Chrome/127.0.6533.119 Mobile Safari/537.36 (compatible; Googlebot/2.1; +http://www.google.com/bot.html)"
66.249.66.165 - - [21/Aug/2024:06:07:26 +0200] "GET /fonts/font-awesome/css/font-awesome.min.css HTTP/1.1" 200 7066 "http://quattrointernational.in/" "Mozilla/5.0 (Linux; Android 6.0.1; Nexus 5X Build/MMB29P) AppleWebKit/537.36 (KHTML, like Gecko) Chrome/127.0.6533.99 Mobile Safari/537.36 (compatible; Googlebot/2.1; +http://www.google.com/bot.html)"
66.249.66.167 - - [21/Aug/2024:06:07:27 +0200] "GET /js/mobile-menu.js HTTP/1.1" 200 2069 "http://quattrointernational.in/" "Mozilla/5.0 (Linux; Android 6.0.1; Nexus 5X Build/MMB29P) AppleWebKit/537.36 (KHTML, like Gecko) Chrome/127.0.6533.99 Mobile Safari/537.36 (compatible; Googlebot/2.1; +http://www.google.com/bot.html)"
66.249.66.165 - - [21/Aug/2024:06:07:27 +0200] "GET /cdn-cgi/scripts/af2821b0/cloudflare-static/email-decode.min.html HTTP/1.1" 200 1940 "http://quattrointernational.in/" "Mozilla/5.0 (Linux; Android 6.0.1; Nexus 5X Build/MMB29P) AppleWebKit/537.36 (KHTML, like Gecko) Chrome/127.0.6533.99 Mobile Safari/537.36 (compatible; Googlebot/2.1; +http://www.google.com/bot.html)"
66.249.66.166 - - [21/Aug/2024:06:07:28 +0200] "GET /css/bootstrap.min.css HTTP/1.1" 200 19765 "http://quattrointernational.in/" "Mozilla/5.0 (Linux; Android 6.0.1; Nexus 5X Build/MMB29P) AppleWebKit/537.36 (KHTML, like Gecko) Chrome/127.0.6533.99 Mobile Safari/537.36 (compatible; Googlebot/2.1; +http://www.google.com/bot.html)"
66.249.66.166 - - [21/Aug/2024:06:07:29 +0200] "GET /js/scripts.js HTTP/1.1" 200 898 "http://quattrointernational.in/" "Mozilla/5.0 (Linux; Android 6.0.1; Nexus 5X Build/MMB29P) AppleWebKit/537.36 (KHTML, like Gecko) Chrome/127.0.6533.99 Mobile Safari/537.36 (compatible; Googlebot/2.1; +http://www.google.com/bot.html)"
66.249.66.165 - - [21/Aug/2024:06:07:32 +0200] "GET / HTTP/1.1" 200 12933 "-" "Mozilla/5.0 (compatible; Googlebot/2.1; +http://www.google.com/bot.html)"
66.249.66.165 - - [21/Aug/2024:06:07:32 +0200] "GET / HTTP/1.1" 200 12933 "-" "Mozilla/5.0 (Linux; Android 6.0.1; Nexus 5X Build/MMB29P) AppleWebKit/537.36 (KHTML, like Gecko) Chrome/99.0.4844.84 Mobile Safari/537.36 (compatible; Googlebot/2.1; +http://www.google.com/bot.html)"
66.249.66.165 - - [21/Aug/2024:06:07:33 +0200] "GET /css/animate.css HTTP/1.1" 200 4342 "http://quattrointernational.in/" "Mozilla/5.0 (Linux; Android 6.0.1; Nexus 5X Build/MMB29P) AppleWebKit/537.36 (KHTML, like Gecko) Chrome/127.0.6533.99 Mobile Safari/537.36 (compatible; Googlebot/2.1; +http://www.google.com/bot.html)"
66.249.66.165 - - [21/Aug/2024:06:07:33 +0200] "GET /js/smoothscroll.js HTTP/1.1" 200 1857 "http://quattrointernational.in/" "Mozilla/5.0 (Linux; Android 6.0.1; Nexus 5X Build/MMB29P) AppleWebKit/537.36 (KHTML, like Gecko) Chrome/127.0.6533.99 Mobile Safari/537.36 (compatible; Googlebot/2.1; +http://www.google.com/bot.html)"
66.249.66.165 - - [21/Aug/2024:06:07:34 +0200] "GET /js/mobile-menu.js HTTP/1.1" 200 2069 "http://quattrointernational.in/" "Mozilla/5.0 AppleWebKit/537.36 (KHTML, like Gecko; compatible; Googlebot/2.1; +http://www.google.com/bot.html) Chrome/127.0.6533.99 Safari/537.36"
66.249.66.165 - - [21/Aug/2024:06:07:34 +0200] "GET /js/smoothscroll.js HTTP/1.1" 200 1857 "http://quattrointernational.in/" "Mozilla/5.0 AppleWebKit/537.36 (KHTML, like Gecko; compatible; Googlebot/2.1; +http://www.google.com/bot.html) Chrome/127.0.6533.99 Safari/537.36"
66.249.66.165 - - [21/Aug/2024:06:07:35 +0200] "GET /css/animate.css HTTP/1.1" 200 4342 "http://quattrointernational.in/" "Mozilla/5.0 AppleWebKit/537.36 (KHTML, like Gecko; compatible; Googlebot/2.1; +http://www.google.com/bot.html) Chrome/127.0.6533.99 Safari/537.36"
66.249.66.165 - - [21/Aug/2024:06:07:35 +0200] "GET /connect.facebook.net/en_GB/sdk.js HTTP/1.1" 404 196 "http://quattrointernational.in/" "Mozilla/5.0 (Linux; Android 6.0.1; Nexus 5X Build/MMB29P) AppleWebKit/537.36 (KHTML, like Gecko) Chrome/127.0.6533.99 Mobile Safari/537.36 (compatible; Googlebot/2.1; +http://www.google.com/bot.html)"
66.249.66.165 - - [21/Aug/2024:06:07:36 +0200] "GET /connect.facebook.net/en_GB/sdk.js HTTP/1.1" 404 196 "http://quattrointernational.in/" "Mozilla/5.0 AppleWebKit/537.36 (KHTML, like Gecko; compatible; Googlebot/2.1; +http://www.google.com/bot.html) Chrome/127.0.6533.99 Safari/537.36"
54.36.148.117 - - [21/Aug/2024:06:11:26 +0200] "GET /creative-department.html HTTP/1.1" 200 8144 "-" "Mozilla/5.0 (compatible; AhrefsBot/7.0; +http://ahrefs.com/robot/)"
85.209.11.117 - - [21/Aug/2024:06:17:21 +0200] "GET / HTTP/1.0" 200 76745 "http://quattrointernational.in/" "Mozilla/5.0 (Windows NT 10.0; Win64; x64) AppleWebKit/537.36 (KHTML, like Gecko) Chrome/114.0.5735.289 Safari/537.36"
85.209.11.117 - - [21/Aug/2024:06:17:22 +0200] "GET /contactus.html HTTP/1.0" 200 52431 "http://quattrointernational.in/contactus.html" "Mozilla/5.0 (Windows NT 10.0; Win64; x64) AppleWebKit/537.36 (KHTML, like Gecko) Chrome/114.0.5735.289 Safari/537.36"
85.209.11.117 - - [21/Aug/2024:06:17:22 +0200] "POST /contactus HTTP/1.0" 404 196 "http://quattrointernational.in/contactus.html" "Mozilla/5.0 (Windows NT 10.0; Win64; x64) AppleWebKit/537.36 (KHTML, like Gecko) Chrome/114.0.5735.289 Safari/537.36"
114.119.148.94 - - [21/Aug/2024:06:22:49 +0200] "GET /help-sales-support.php HTTP/1.1" 200 9028 "https://quattrointernational.in/finance.html" "Mozilla/5.0 (Linux; Android 7.0;) AppleWebKit/537.36 (KHTML, like Gecko) Mobile Safari/537.36 (compatible; PetalBot;+https://webmaster.petalsearch.com/site/petalbot)"
66.249.66.165 - - [21/Aug/2024:06:23:44 +0200] "GET /digital-marketing/img/thumbs/gallery_2x/gallery7.jpg HTTP/1.1" 200 98967 "-" "Googlebot-Image/1.0"
216.244.66.229 - - [21/Aug/2024:06:33:49 +0200] "GET /robots.txt HTTP/1.1" 404 196 "-" "Mozilla/5.0 (compatible; DotBot/1.2; +https://opensiteexplorer.org/dotbot; help@moz.com)"
216.244.66.229 - - [21/Aug/2024:06:37:34 +0200] "GET /public-relation-pro.html HTTP/1.1" 200 51144 "-" "Mozilla/5.0 (compatible; DotBot/1.2; +https://opensiteexplorer.org/dotbot; help@moz.com)"
206.189.136.67 - - [21/Aug/2024:06:48:59 +0200] "GET / HTTP/1.1" 200 12933 "-" "Mozilla/5.0 (Windows NT 10.0; Win64; x64) AppleWebKit/537.36 (KHTML, like Gecko) Chrome/126.0.0.0 Safari/537.36"
206.189.136.67 - - [21/Aug/2024:06:48:59 +0200] "GET /img/favicon.png HTTP/1.1" 200 10623 "http://www.quattrointernational.in/" "Mozilla/5.0 (Windows NT 10.0; Win64; x64) AppleWebKit/537.36 (KHTML, like Gecko) Chrome/126.0.0.0 Safari/537.36"
206.189.136.67 - - [21/Aug/2024:06:49:00 +0200] "GET / HTTP/1.1" 200 12933 "-" "Mozilla/5.0 (Windows NT 10.0; Win64; x64) AppleWebKit/537.36 (KHTML, like Gecko) Chrome/126.0.0.0 Safari/537.36"
