62.146.171.170 - - [18/Aug/2024:22:18:20 +0200] "GET /site/wp-includes/wlwmanifest.xml HTTP/1.1" 404 196 "-" "Mozilla/5.0 (Windows NT 10.0; Win64; x64) AppleWebKit/537.36 (KHTML, like Gecko) Chrome/89.0.4389.114 Safari/537.36"
62.146.171.170 - - [18/Aug/2024:22:18:20 +0200] "GET /cms/wp-includes/wlwmanifest.xml HTTP/1.1" 404 196 "-" "Mozilla/5.0 (Windows NT 10.0; Win64; x64) AppleWebKit/537.36 (KHTML, like Gecko) Chrome/89.0.4389.114 Safari/537.36"
62.146.171.170 - - [18/Aug/2024:22:18:21 +0200] "GET /sito/wp-includes/wlwmanifest.xml HTTP/1.1" 404 196 "-" "Mozilla/5.0 (Windows NT 10.0; Win64; x64) AppleWebKit/537.36 (KHTML, like Gecko) Chrome/89.0.4389.114 Safari/537.36"
47.128.43.113 - - [18/Aug/2024:22:27:44 +0200] "GET /robots.txt HTTP/1.1" 404 196 "-" "Mozilla/5.0 (Linux; Android 5.0) AppleWebKit/537.36 (KHTML, like Gecko) Mobile Safari/537.36 (compatible; Bytespider; spider-feedback@bytedance.com)"
114.119.156.172 - - [18/Aug/2024:23:02:42 +0200] "GET /blog-emagazine-web-development.html HTTP/1.1" 200 9561 "http://quattrointernational.in/cateloguedesign.html" "Mozilla/5.0 (Linux; Android 7.0;) AppleWebKit/537.36 (KHTML, like Gecko) Mobile Safari/537.36 (compatible; PetalBot;+https://webmaster.petalsearch.com/site/petalbot)"
40.77.167.93 - - [18/Aug/2024:23:13:42 +0200] "GET /robots.txt HTTP/1.1" 404 196 "-" "Mozilla/5.0 AppleWebKit/537.36 (KHTML, like Gecko; compatible; bingbot/2.0; +http://www.bing.com/bingbot.htm) Chrome/116.0.1938.76 Safari/537.36"
157.55.39.59 - - [18/Aug/2024:23:13:47 +0200] "GET /DigitalMarketing-2.html HTTP/1.1" 404 196 "-" "Mozilla/5.0 AppleWebKit/537.36 (KHTML, like Gecko; compatible; bingbot/2.0; +http://www.bing.com/bingbot.htm) Chrome/116.0.1938.76 Safari/537.36"
66.249.66.167 - - [18/Aug/2024:23:17:45 +0200] "GET /connect.facebook.net/en_GB/sdk.js HTTP/1.1" 404 196 "https://www.quattrointernational.in/socialmediamarketing.html" "Mozilla/5.0 (Linux; Android 6.0.1; Nexus 5X Build/MMB29P) AppleWebKit/537.36 (KHTML, like Gecko) Chrome/127.0.6533.99 Mobile Safari/537.36 (compatible; Googlebot/2.1; +http://www.google.com/bot.html)"
66.249.66.167 - - [18/Aug/2024:23:32:56 +0200] "GET /robots.txt HTTP/1.1" 404 196 "-" "Mozilla/5.0 (compatible; Googlebot/2.1; +http://www.google.com/bot.html)"
66.249.66.168 - - [18/Aug/2024:23:32:56 +0200] "GET /onlinebusinesspromotion.html HTTP/1.1" 304 - "-" "Mozilla/5.0 (Linux; Android 6.0.1; Nexus 5X Build/MMB29P) AppleWebKit/537.36 (KHTML, like Gecko) Chrome/127.0.6533.119 Mobile Safari/537.36 (compatible; Googlebot/2.1; +http://www.google.com/bot.html)"
47.128.124.76 - - [18/Aug/2024:23:34:05 +0200] "GET /robots.txt HTTP/1.1" 404 196 "-" "Mozilla/5.0 (Linux; Android 5.0) AppleWebKit/537.36 (KHTML, like Gecko) Mobile Safari/537.36 (compatible; Bytespider; spider-feedback@bytedance.com)"
66.249.66.162 - - [19/Aug/2024:00:08:53 +0200] "GET /css/animate.css HTTP/1.1" 200 4342 "http://www.quattrointernational.in/politicalpromotion.html" "Mozilla/5.0 (Linux; Android 6.0.1; Nexus 5X Build/MMB29P) AppleWebKit/537.36 (KHTML, like Gecko) Chrome/127.0.6533.99 Mobile Safari/537.36 (compatible; Googlebot/2.1; +http://www.google.com/bot.html)"
66.249.66.161 - - [19/Aug/2024:00:08:54 +0200] "GET /css/bootstrap.min.css HTTP/1.1" 200 19765 "http://www.quattrointernational.in/politicalpromotion.html" "Mozilla/5.0 (Linux; Android 6.0.1; Nexus 5X Build/MMB29P) AppleWebKit/537.36 (KHTML, like Gecko) Chrome/127.0.6533.99 Mobile Safari/537.36 (compatible; Googlebot/2.1; +http://www.google.com/bot.html)"
66.249.66.161 - - [19/Aug/2024:00:08:54 +0200] "GET /cdn-cgi/scripts/af2821b0/cloudflare-static/email-decode.min.html HTTP/1.1" 200 1940 "http://www.quattrointernational.in/politicalpromotion.html" "Mozilla/5.0 (Linux; Android 6.0.1; Nexus 5X Build/MMB29P) AppleWebKit/537.36 (KHTML, like Gecko) Chrome/127.0.6533.99 Mobile Safari/537.36 (compatible; Googlebot/2.1; +http://www.google.com/bot.html)"
66.249.66.161 - - [19/Aug/2024:00:08:55 +0200] "GET /js/mobile-menu.js HTTP/1.1" 200 2069 "http://www.quattrointernational.in/politicalpromotion.html" "Mozilla/5.0 (Linux; Android 6.0.1; Nexus 5X Build/MMB29P) AppleWebKit/537.36 (KHTML, like Gecko) Chrome/127.0.6533.99 Mobile Safari/537.36 (compatible; Googlebot/2.1; +http://www.google.com/bot.html)"
66.249.66.160 - - [19/Aug/2024:00:08:55 +0200] "GET /css/style.css HTTP/1.1" 200 7130 "http://www.quattrointernational.in/politicalpromotion.html" "Mozilla/5.0 (Linux; Android 6.0.1; Nexus 5X Build/MMB29P) AppleWebKit/537.36 (KHTML, like Gecko) Chrome/127.0.6533.99 Mobile Safari/537.36 (compatible; Googlebot/2.1; +http://www.google.com/bot.html)"
66.249.66.161 - - [19/Aug/2024:00:08:56 +0200] "GET /js/jquery-2.1.4.min.js HTTP/1.1" 200 29531 "http://www.quattrointernational.in/politicalpromotion.html" "Mozilla/5.0 (Linux; Android 6.0.1; Nexus 5X Build/MMB29P) AppleWebKit/537.36 (KHTML, like Gecko) Chrome/127.0.6533.99 Mobile Safari/537.36 (compatible; Googlebot/2.1; +http://www.google.com/bot.html)"
66.249.66.161 - - [19/Aug/2024:00:08:56 +0200] "GET /js/owl.carousel.min.js HTTP/1.1" 200 10522 "http://www.quattrointernational.in/politicalpromotion.html" "Mozilla/5.0 (Linux; Android 6.0.1; Nexus 5X Build/MMB29P) AppleWebKit/537.36 (KHTML, like Gecko) Chrome/127.0.6533.99 Mobile Safari/537.36 (compatible; Googlebot/2.1; +http://www.google.com/bot.html)"
66.249.66.161 - - [19/Aug/2024:00:08:57 +0200] "GET /css/mobile-menu.css HTTP/1.1" 200 631 "http://www.quattrointernational.in/politicalpromotion.html" "Mozilla/5.0 (Linux; Android 6.0.1; Nexus 5X Build/MMB29P) AppleWebKit/537.36 (KHTML, like Gecko) Chrome/127.0.6533.99 Mobile Safari/537.36 (compatible; Googlebot/2.1; +http://www.google.com/bot.html)"
66.249.66.161 - - [19/Aug/2024:00:08:57 +0200] "GET /fonts/font-awesome/css/font-awesome.min.css HTTP/1.1" 200 7066 "http://www.quattrointernational.in/politicalpromotion.html" "Mozilla/5.0 (Linux; Android 6.0.1; Nexus 5X Build/MMB29P) AppleWebKit/537.36 (KHTML, like Gecko) Chrome/127.0.6533.99 Mobile Safari/537.36 (compatible; Googlebot/2.1; +http://www.google.com/bot.html)"
66.249.66.161 - - [19/Aug/2024:00:08:58 +0200] "GET /connect.facebook.net/en_GB/sdk.js HTTP/1.1" 404 196 "http://www.quattrointernational.in/politicalpromotion.html" "Mozilla/5.0 (Linux; Android 6.0.1; Nexus 5X Build/MMB29P) AppleWebKit/537.36 (KHTML, like Gecko) Chrome/127.0.6533.99 Mobile Safari/537.36 (compatible; Googlebot/2.1; +http://www.google.com/bot.html)"
47.128.53.86 - - [19/Aug/2024:00:10:44 +0200] "GET /robots.txt HTTP/1.1" 404 196 "-" "Mozilla/5.0 (Linux; Android 5.0) AppleWebKit/537.36 (KHTML, like Gecko) Mobile Safari/537.36 (compatible; Bytespider; spider-feedback@bytedance.com)"
47.128.99.21 - - [19/Aug/2024:00:24:19 +0200] "GET /CatelogueDesign.html HTTP/1.1" 404 196 "-" "Mozilla/5.0 (compatible; Bytespider; spider-feedback@bytedance.com) AppleWebKit/537.36 (KHTML, like Gecko) Chrome/70.0.0.0 Safari/537.36"
66.249.66.166 - - [19/Aug/2024:00:28:05 +0200] "GET /robots.txt HTTP/1.1" 404 196 "-" "Mozilla/5.0 (compatible; Googlebot/2.1; +http://www.google.com/bot.html)"
66.249.66.165 - - [19/Aug/2024:00:28:05 +0200] "GET /img/free-video-editors-header-664x374.png HTTP/1.1" 200 228366 "-" "Googlebot-Image/1.0"
47.128.123.235 - - [19/Aug/2024:00:32:58 +0200] "GET /robots.txt HTTP/1.1" 404 196 "-" "Mozilla/5.0 (Linux; Android 5.0) AppleWebKit/537.36 (KHTML, like Gecko) Mobile Safari/537.36 (compatible; Bytespider; spider-feedback@bytedance.com)"
216.244.66.229 - - [19/Aug/2024:00:55:02 +0200] "GET /robots.txt HTTP/1.1" 404 196 "-" "Mozilla/5.0 (compatible; DotBot/1.2; +https://opensiteexplorer.org/dotbot; help@moz.com)"
216.244.66.229 - - [19/Aug/2024:01:00:03 +0200] "GET /research-and-development.html HTTP/1.1" 200 51153 "-" "Mozilla/5.0 (compatible; DotBot/1.2; +https://opensiteexplorer.org/dotbot; help@moz.com)"
47.128.51.233 - - [19/Aug/2024:01:11:16 +0200] "GET /robots.txt HTTP/1.1" 404 196 "-" "Mozilla/5.0 (Linux; Android 5.0) AppleWebKit/537.36 (KHTML, like Gecko) Mobile Safari/537.36 (compatible; Bytespider; spider-feedback@bytedance.com)"
47.128.32.223 - - [19/Aug/2024:01:32:05 +0200] "GET /robots.txt HTTP/1.1" 404 196 "-" "Mozilla/5.0 (Linux; Android 5.0) AppleWebKit/537.36 (KHTML, like Gecko) Mobile Safari/537.36 (compatible; Bytespider; spider-feedback@bytedance.com)"
216.244.66.229 - - [19/Aug/2024:01:49:09 +0200] "GET /robots.txt HTTP/1.1" 404 196 "-" "Mozilla/5.0 (compatible; DotBot/1.2; +https://opensiteexplorer.org/dotbot; help@moz.com)"
216.244.66.229 - - [19/Aug/2024:01:53:34 +0200] "GET /it-department.html HTTP/1.1" 200 51080 "-" "Mozilla/5.0 (compatible; DotBot/1.2; +https://opensiteexplorer.org/dotbot; help@moz.com)"
17.241.219.67 - - [19/Aug/2024:02:02:18 +0200] "GET /robots.txt HTTP/1.1" 404 196 "-" "Mozilla/5.0 (Macintosh; Intel Mac OS X 10_15_7) AppleWebKit/605.1.15 (KHTML, like Gecko) Version/17.4 Safari/605.1.15 (Applebot/0.1; +http://www.apple.com/go/applebot)"
17.241.219.67 - - [19/Aug/2024:02:02:18 +0200] "GET /public-relation-pro.html HTTP/1.1" 200 8156 "-" "Mozilla/5.0 (Macintosh; Intel Mac OS X 10_15_7) AppleWebKit/605.1.15 (KHTML, like Gecko) Version/17.4 Safari/605.1.15 (Applebot/0.1; +http://www.apple.com/go/applebot)"
47.128.96.194 - - [19/Aug/2024:02:06:39 +0200] "GET /robots.txt HTTP/1.1" 404 196 "-" "Mozilla/5.0 (Linux; Android 5.0) AppleWebKit/537.36 (KHTML, like Gecko) Mobile Safari/537.36 (compatible; Bytespider; spider-feedback@bytedance.com)"
66.249.66.166 - - [19/Aug/2024:02:45:52 +0200] "GET /emailmarketing.html HTTP/1.1" 304 - "-" "Mozilla/5.0 (Linux; Android 6.0.1; Nexus 5X Build/MMB29P) AppleWebKit/537.36 (KHTML, like Gecko) Chrome/127.0.6533.119 Mobile Safari/537.36 (compatible; Googlebot/2.1; +http://www.google.com/bot.html)"
114.119.151.9 - - [19/Aug/2024:02:54:55 +0200] "GET /smsmarketing.html HTTP/1.1" 200 9238 "http://quattrointernational.in/cateloguedesign.html" "Mozilla/5.0 (Linux; Android 7.0;) AppleWebKit/537.36 (KHTML, like Gecko) Mobile Safari/537.36 (compatible; PetalBot;+https://webmaster.petalsearch.com/site/petalbot)"
47.128.55.47 - - [19/Aug/2024:02:58:08 +0200] "GET /robots.txt HTTP/1.1" 404 196 "-" "Mozilla/5.0 (Linux; Android 5.0) AppleWebKit/537.36 (KHTML, like Gecko) Mobile Safari/537.36 (compatible; Bytespider; spider-feedback@bytedance.com)"
66.249.66.162 - - [19/Aug/2024:03:00:23 +0200] "GET /helpwebsolutions.html HTTP/1.1" 304 - "-" "Mozilla/5.0 (Linux; Android 6.0.1; Nexus 5X Build/MMB29P) AppleWebKit/537.36 (KHTML, like Gecko) Chrome/127.0.6533.119 Mobile Safari/537.36 (compatible; Googlebot/2.1; +http://www.google.com/bot.html)"
66.249.66.166 - - [19/Aug/2024:03:30:04 +0200] "GET /digital-marketing/img/thumbs/gallery_2x/gallery4.jpg HTTP/1.1" 200 113367 "-" "Googlebot-Image/1.0"
40.77.167.93 - - [19/Aug/2024:03:59:03 +0200] "GET /robots.txt HTTP/1.1" 404 196 "-" "Mozilla/5.0 AppleWebKit/537.36 (KHTML, like Gecko; compatible; bingbot/2.0; +http://www.bing.com/bingbot.htm) Chrome/116.0.1938.76 Safari/537.36"
52.167.144.168 - - [19/Aug/2024:03:59:10 +0200] "GET /it-department.html HTTP/1.1" 200 8155 "-" "Mozilla/5.0 AppleWebKit/537.36 (KHTML, like Gecko; compatible; bingbot/2.0; +http://www.bing.com/bingbot.htm) Chrome/116.0.1938.76 Safari/537.36"
17.241.75.149 - - [19/Aug/2024:03:59:30 +0200] "GET /career.html HTTP/1.1" 200 8382 "-" "Mozilla/5.0 (Macintosh; Intel Mac OS X 10_15_7) AppleWebKit/605.1.15 (KHTML, like Gecko) Version/17.4 Safari/605.1.15 (Applebot/0.1; +http://www.apple.com/go/applebot)"
66.249.66.167 - - [19/Aug/2024:04:29:59 +0200] "GET /digital-marketing/img/thumbs/gallery_2x/gallery7.jpg HTTP/1.1" 200 98967 "-" "Googlebot-Image/1.0"
122.161.74.194 - - [19/Aug/2024:05:08:12 +0200] "GET / HTTP/1.1" 200 12933 "-" "Mozilla/5.0 (Macintosh; Intel Mac OS X 10_15_7) AppleWebKit/605.1.15 (KHTML, like Gecko) Version/17.6 Safari/605.1.15"
122.161.74.194 - - [19/Aug/2024:05:08:12 +0200] "GET /css/mobile-menu.css HTTP/1.1" 200 631 "http://quattrointernational.in/" "Mozilla/5.0 (Macintosh; Intel Mac OS X 10_15_7) AppleWebKit/605.1.15 (KHTML, like Gecko) Version/17.6 Safari/605.1.15"
122.161.74.194 - - [19/Aug/2024:05:08:12 +0200] "GET /fonts/font-awesome/css/font-awesome.min.css HTTP/1.1" 200 7066 "http://quattrointernational.in/" "Mozilla/5.0 (Macintosh; Intel Mac OS X 10_15_7) AppleWebKit/605.1.15 (KHTML, like Gecko) Version/17.6 Safari/605.1.15"
122.161.74.194 - - [19/Aug/2024:05:08:12 +0200] "GET /css/animate.css HTTP/1.1" 200 4342 "http://quattrointernational.in/" "Mozilla/5.0 (Macintosh; Intel Mac OS X 10_15_7) AppleWebKit/605.1.15 (KHTML, like Gecko) Version/17.6 Safari/605.1.15"
122.161.74.194 - - [19/Aug/2024:05:08:12 +0200] "GET /cdn-cgi/scripts/af2821b0/cloudflare-static/email-decode.min.html HTTP/1.1" 200 1940 "http://quattrointernational.in/" "Mozilla/5.0 (Macintosh; Intel Mac OS X 10_15_7) AppleWebKit/605.1.15 (KHTML, like Gecko) Version/17.6 Safari/605.1.15"
122.161.74.194 - - [19/Aug/2024:05:08:12 +0200] "GET /css/style.css HTTP/1.1" 200 7130 "http://quattrointernational.in/" "Mozilla/5.0 (Macintosh; Intel Mac OS X 10_15_7) AppleWebKit/605.1.15 (KHTML, like Gecko) Version/17.6 Safari/605.1.15"
122.161.74.194 - - [19/Aug/2024:05:08:12 +0200] "GET /css/owl.carousel.css HTTP/1.1" 200 902 "http://quattrointernational.in/" "Mozilla/5.0 (Macintosh; Intel Mac OS X 10_15_7) AppleWebKit/605.1.15 (KHTML, like Gecko) Version/17.6 Safari/605.1.15"
122.161.74.194 - - [19/Aug/2024:05:08:12 +0200] "GET /css/bootstrap.min.css HTTP/1.1" 200 19765 "http://quattrointernational.in/" "Mozilla/5.0 (Macintosh; Intel Mac OS X 10_15_7) AppleWebKit/605.1.15 (KHTML, like Gecko) Version/17.6 Safari/605.1.15"
122.161.74.194 - - [19/Aug/2024:05:08:12 +0200] "GET /js/jquery-2.1.4.min.js HTTP/1.1" 200 29531 "http://quattrointernational.in/" "Mozilla/5.0 (Macintosh; Intel Mac OS X 10_15_7) AppleWebKit/605.1.15 (KHTML, like Gecko) Version/17.6 Safari/605.1.15"
122.161.74.194 - - [19/Aug/2024:05:08:12 +0200] "GET /js/bootstrap.min.js HTTP/1.1" 200 9765 "http://quattrointernational.in/" "Mozilla/5.0 (Macintosh; Intel Mac OS X 10_15_7) AppleWebKit/605.1.15 (KHTML, like Gecko) Version/17.6 Safari/605.1.15"
122.161.74.194 - - [19/Aug/2024:05:08:12 +0200] "GET /js/smoothscroll.js HTTP/1.1" 200 1857 "http://quattrointernational.in/" "Mozilla/5.0 (Macintosh; Intel Mac OS X 10_15_7) AppleWebKit/605.1.15 (KHTML, like Gecko) Version/17.6 Safari/605.1.15"
122.161.74.194 - - [19/Aug/2024:05:08:12 +0200] "GET /js/mobile-menu.js HTTP/1.1" 200 2069 "http://quattrointernational.in/" "Mozilla/5.0 (Macintosh; Intel Mac OS X 10_15_7) AppleWebKit/605.1.15 (KHTML, like Gecko) Version/17.6 Safari/605.1.15"
122.161.74.194 - - [19/Aug/2024:05:08:12 +0200] "GET /js/owl.carousel.min.js HTTP/1.1" 200 10522 "http://quattrointernational.in/" "Mozilla/5.0 (Macintosh; Intel Mac OS X 10_15_7) AppleWebKit/605.1.15 (KHTML, like Gecko) Version/17.6 Safari/605.1.15"
122.161.74.194 - - [19/Aug/2024:05:08:12 +0200] "GET /js/scripts.js HTTP/1.1" 200 898 "http://quattrointernational.in/" "Mozilla/5.0 (Macintosh; Intel Mac OS X 10_15_7) AppleWebKit/605.1.15 (KHTML, like Gecko) Version/17.6 Safari/605.1.15"
122.161.74.194 - - [19/Aug/2024:05:08:12 +0200] "GET /img/logo.jpg HTTP/1.1" 200 21425 "http://quattrointernational.in/" "Mozilla/5.0 (Macintosh; Intel Mac OS X 10_15_7) AppleWebKit/605.1.15 (KHTML, like Gecko) Version/17.6 Safari/605.1.15"
122.161.74.194 - - [19/Aug/2024:05:08:12 +0200] "GET /img/hero-slide-3.jpg HTTP/1.1" 200 378283 "http://quattrointernational.in/" "Mozilla/5.0 (Macintosh; Intel Mac OS X 10_15_7) AppleWebKit/605.1.15 (KHTML, like Gecko) Version/17.6 Safari/605.1.15"
122.161.74.194 - - [19/Aug/2024:05:08:12 +0200] "GET /connect.facebook.net/en_GB/sdk.js HTTP/1.1" 404 196 "http://quattrointernational.in/" "Mozilla/5.0 (Macintosh; Intel Mac OS X 10_15_7) AppleWebKit/605.1.15 (KHTML, like Gecko) Version/17.6 Safari/605.1.15"
122.161.74.194 - - [19/Aug/2024:05:08:12 +0200] "GET /fonts/font-awesome/fonts/fontawesome-webfont3e6e3e6e.woff2?v=4.7.0 HTTP/1.1" 200 77160 "http://quattrointernational.in/" "Mozilla/5.0 (Macintosh; Intel Mac OS X 10_15_7) AppleWebKit/605.1.15 (KHTML, like Gecko) Version/17.6 Safari/605.1.15"
122.161.74.194 - - [19/Aug/2024:05:08:12 +0200] "GET /img/hero-slide-4.jpg HTTP/1.1" 200 336848 "http://quattrointernational.in/" "Mozilla/5.0 (Macintosh; Intel Mac OS X 10_15_7) AppleWebKit/605.1.15 (KHTML, like Gecko) Version/17.6 Safari/605.1.15"
122.161.74.194 - - [19/Aug/2024:05:08:12 +0200] "GET /img/hero-slide-5.jpg HTTP/1.1" 200 551149 "http://quattrointernational.in/" "Mozilla/5.0 (Macintosh; Intel Mac OS X 10_15_7) AppleWebKit/605.1.15 (KHTML, like Gecko) Version/17.6 Safari/605.1.15"
122.161.74.194 - - [19/Aug/2024:05:08:12 +0200] "GET /img/hero-slide-6.jpg HTTP/1.1" 200 405356 "http://quattrointernational.in/" "Mozilla/5.0 (Macintosh; Intel Mac OS X 10_15_7) AppleWebKit/605.1.15 (KHTML, like Gecko) Version/17.6 Safari/605.1.15"
122.161.74.194 - - [19/Aug/2024:05:08:12 +0200] "GET /img/img-about-overview.jpg HTTP/1.1" 200 255778 "http://quattrointernational.in/" "Mozilla/5.0 (Macintosh; Intel Mac OS X 10_15_7) AppleWebKit/605.1.15 (KHTML, like Gecko) Version/17.6 Safari/605.1.15"
17.241.219.45 - - [19/Aug/2024:05:22:21 +0200] "GET /onlinebusinesspromotion.html HTTP/1.1" 200 9929 "-" "Mozilla/5.0 (Macintosh; Intel Mac OS X 10_15_7) AppleWebKit/605.1.15 (KHTML, like Gecko) Version/17.4 Safari/605.1.15 (Applebot/0.1; +http://www.apple.com/go/applebot)"
66.249.66.166 - - [19/Aug/2024:05:28:05 +0200] "GET /digital-marketing/img/thumbs/gallery_2x/gallery3.jpg HTTP/1.1" 200 79042 "-" "Googlebot-Image/1.0"
17.241.219.230 - - [19/Aug/2024:05:32:59 +0200] "GET /hordingpromotion.html HTTP/1.1" 200 10627 "-" "Mozilla/5.0 (Macintosh; Intel Mac OS X 10_15_7) AppleWebKit/605.1.15 (KHTML, like Gecko) Version/17.4 Safari/605.1.15 (Applebot/0.1; +http://www.apple.com/go/applebot)"
66.249.66.160 - - [19/Aug/2024:05:55:56 +0200] "GET /robots.txt HTTP/1.1" 404 196 "-" "Mozilla/5.0 (compatible; Googlebot/2.1; +http://www.google.com/bot.html)"
66.249.66.160 - - [19/Aug/2024:05:55:57 +0200] "GET /index.html HTTP/1.1" 304 - "-" "Mozilla/5.0 (Linux; Android 6.0.1; Nexus 5X Build/MMB29P) AppleWebKit/537.36 (KHTML, like Gecko) Chrome/127.0.6533.119 Mobile Safari/537.36 (compatible; Googlebot/2.1; +http://www.google.com/bot.html)"
17.241.75.227 - - [19/Aug/2024:06:24:03 +0200] "GET /robots.txt HTTP/1.1" 404 196 "-" "Mozilla/5.0 (Macintosh; Intel Mac OS X 10_15_7) AppleWebKit/605.1.15 (KHTML, like Gecko) Version/17.4 Safari/605.1.15 (Applebot/0.1; +http://www.apple.com/go/applebot)"
17.241.75.227 - - [19/Aug/2024:06:24:04 +0200] "GET /help-sales-support.html HTTP/1.1" 200 8684 "-" "Mozilla/5.0 (Macintosh; Intel Mac OS X 10_15_7) AppleWebKit/605.1.15 (KHTML, like Gecko) Version/17.4 Safari/605.1.15 (Applebot/0.1; +http://www.apple.com/go/applebot)"
185.191.171.18 - - [19/Aug/2024:06:42:01 +0200] "GET /robots.txt HTTP/1.1" 404 196 "-" "Mozilla/5.0 (compatible; SemrushBot/7~bl; +http://www.semrush.com/bot.html)"
185.191.171.3 - - [19/Aug/2024:06:42:02 +0200] "GET /sales-and-marketing.html HTTP/1.1" 200 9544 "-" "Mozilla/5.0 (compatible; SemrushBot/7~bl; +http://www.semrush.com/bot.html)"
66.249.66.160 - - [19/Aug/2024:06:52:42 +0200] "GET /index.html HTTP/1.1" 200 12933 "-" "Mozilla/5.0 (Linux; Android 6.0.1; Nexus 5X Build/MMB29P) AppleWebKit/537.36 (KHTML, like Gecko) Chrome/127.0.6533.119 Mobile Safari/537.36 (compatible; Googlebot/2.1; +http://www.google.com/bot.html)"
85.208.96.205 - - [19/Aug/2024:06:57:29 +0200] "GET /digital-marketing/about.html HTTP/1.1" 200 5003 "-" "Mozilla/5.0 (compatible; SemrushBot/7~bl; +http://www.semrush.com/bot.html)"
66.249.66.167 - - [19/Aug/2024:07:29:45 +0200] "GET /digital-marketing/img/thumbs/gallery_2x/gallery8.jpg HTTP/1.1" 200 137020 "-" "Googlebot-Image/1.0"
114.119.157.124 - - [19/Aug/2024:08:41:02 +0200] "GET /robots.txt HTTP/1.1" 404 196 "-" "Mozilla/5.0 (compatible;PetalBot;+https://webmaster.petalsearch.com/site/petalbot)"
185.191.171.5 - - [19/Aug/2024:09:00:37 +0200] "GET /robots.txt HTTP/1.1" 404 196 "-" "Mozilla/5.0 (compatible; SemrushBot/7~bl; +http://www.semrush.com/bot.html)"
185.191.171.8 - - [19/Aug/2024:09:00:38 +0200] "GET /digital-marketing/index.html HTTP/1.1" 200 3402 "-" "Mozilla/5.0 (compatible; SemrushBot/7~bl; +http://www.semrush.com/bot.html)"
62.146.171.170 - - [19/Aug/2024:09:38:14 +0200] "GET / HTTP/1.1" 200 76745 "-" "Mozilla/5.0 (Windows NT 10.0; Win64; x64) AppleWebKit/537.36 (KHTML, like Gecko) Chrome/89.0.4389.114 Safari/537.36"
62.146.171.170 - - [19/Aug/2024:09:38:15 +0200] "GET / HTTP/1.1" 200 76745 "-" "Mozilla/5.0 (Windows NT 10.0; Win64; x64) AppleWebKit/537.36 (KHTML, like Gecko) Chrome/89.0.4389.114 Safari/537.36"
62.146.171.170 - - [19/Aug/2024:09:38:15 +0200] "GET /wp-includes/wlwmanifest.xml HTTP/1.1" 404 196 "-" "Mozilla/5.0 (Windows NT 10.0; Win64; x64) AppleWebKit/537.36 (KHTML, like Gecko) Chrome/89.0.4389.114 Safari/537.36"
62.146.171.170 - - [19/Aug/2024:09:38:15 +0200] "GET /xmlrpc.php?rsd HTTP/1.1" 404 196 "-" "Mozilla/5.0 (Windows NT 10.0; Win64; x64) AppleWebKit/537.36 (KHTML, like Gecko) Chrome/89.0.4389.114 Safari/537.36"
62.146.171.170 - - [19/Aug/2024:09:38:15 +0200] "GET / HTTP/1.1" 200 76745 "-" "Mozilla/5.0 (Windows NT 10.0; Win64; x64) AppleWebKit/537.36 (KHTML, like Gecko) Chrome/89.0.4389.114 Safari/537.36"
62.146.171.170 - - [19/Aug/2024:09:38:16 +0200] "GET /blog/wp-includes/wlwmanifest.xml HTTP/1.1" 404 196 "-" "Mozilla/5.0 (Windows NT 10.0; Win64; x64) AppleWebKit/537.36 (KHTML, like Gecko) Chrome/89.0.4389.114 Safari/537.36"
62.146.171.170 - - [19/Aug/2024:09:38:16 +0200] "GET /web/wp-includes/wlwmanifest.xml HTTP/1.1" 404 196 "-" "Mozilla/5.0 (Windows NT 10.0; Win64; x64) AppleWebKit/537.36 (KHTML, like Gecko) Chrome/89.0.4389.114 Safari/537.36"
62.146.171.170 - - [19/Aug/2024:09:38:16 +0200] "GET /wordpress/wp-includes/wlwmanifest.xml HTTP/1.1" 404 196 "-" "Mozilla/5.0 (Windows NT 10.0; Win64; x64) AppleWebKit/537.36 (KHTML, like Gecko) Chrome/89.0.4389.114 Safari/537.36"
62.146.171.170 - - [19/Aug/2024:09:38:16 +0200] "GET /website/wp-includes/wlwmanifest.xml HTTP/1.1" 404 196 "-" "Mozilla/5.0 (Windows NT 10.0; Win64; x64) AppleWebKit/537.36 (KHTML, like Gecko) Chrome/89.0.4389.114 Safari/537.36"
62.146.171.170 - - [19/Aug/2024:09:38:17 +0200] "GET /wp/wp-includes/wlwmanifest.xml HTTP/1.1" 404 196 "-" "Mozilla/5.0 (Windows NT 10.0; Win64; x64) AppleWebKit/537.36 (KHTML, like Gecko) Chrome/89.0.4389.114 Safari/537.36"
62.146.171.170 - - [19/Aug/2024:09:38:17 +0200] "GET /news/wp-includes/wlwmanifest.xml HTTP/1.1" 404 196 "-" "Mozilla/5.0 (Windows NT 10.0; Win64; x64) AppleWebKit/537.36 (KHTML, like Gecko) Chrome/89.0.4389.114 Safari/537.36"
62.146.171.170 - - [19/Aug/2024:09:38:17 +0200] "GET /2020/wp-includes/wlwmanifest.xml HTTP/1.1" 404 196 "-" "Mozilla/5.0 (Windows NT 10.0; Win64; x64) AppleWebKit/537.36 (KHTML, like Gecko) Chrome/89.0.4389.114 Safari/537.36"
62.146.171.170 - - [19/Aug/2024:09:38:17 +0200] "GET /2019/wp-includes/wlwmanifest.xml HTTP/1.1" 404 196 "-" "Mozilla/5.0 (Windows NT 10.0; Win64; x64) AppleWebKit/537.36 (KHTML, like Gecko) Chrome/89.0.4389.114 Safari/537.36"
62.146.171.170 - - [19/Aug/2024:09:38:18 +0200] "GET /shop/wp-includes/wlwmanifest.xml HTTP/1.1" 404 196 "-" "Mozilla/5.0 (Windows NT 10.0; Win64; x64) AppleWebKit/537.36 (KHTML, like Gecko) Chrome/89.0.4389.114 Safari/537.36"
62.146.171.170 - - [19/Aug/2024:09:38:18 +0200] "GET /wp1/wp-includes/wlwmanifest.xml HTTP/1.1" 404 196 "-" "Mozilla/5.0 (Windows NT 10.0; Win64; x64) AppleWebKit/537.36 (KHTML, like Gecko) Chrome/89.0.4389.114 Safari/537.36"
62.146.171.170 - - [19/Aug/2024:09:38:18 +0200] "GET /test/wp-includes/wlwmanifest.xml HTTP/1.1" 404 196 "-" "Mozilla/5.0 (Windows NT 10.0; Win64; x64) AppleWebKit/537.36 (KHTML, like Gecko) Chrome/89.0.4389.114 Safari/537.36"
62.146.171.170 - - [19/Aug/2024:09:38:18 +0200] "GET /wp2/wp-includes/wlwmanifest.xml HTTP/1.1" 404 196 "-" "Mozilla/5.0 (Windows NT 10.0; Win64; x64) AppleWebKit/537.36 (KHTML, like Gecko) Chrome/89.0.4389.114 Safari/537.36"
62.146.171.170 - - [19/Aug/2024:09:38:19 +0200] "GET /site/wp-includes/wlwmanifest.xml HTTP/1.1" 404 196 "-" "Mozilla/5.0 (Windows NT 10.0; Win64; x64) AppleWebKit/537.36 (KHTML, like Gecko) Chrome/89.0.4389.114 Safari/537.36"
62.146.171.170 - - [19/Aug/2024:09:38:19 +0200] "GET /cms/wp-includes/wlwmanifest.xml HTTP/1.1" 404 196 "-" "Mozilla/5.0 (Windows NT 10.0; Win64; x64) AppleWebKit/537.36 (KHTML, like Gecko) Chrome/89.0.4389.114 Safari/537.36"
62.146.171.170 - - [19/Aug/2024:09:38:19 +0200] "GET /sito/wp-includes/wlwmanifest.xml HTTP/1.1" 404 196 "-" "Mozilla/5.0 (Windows NT 10.0; Win64; x64) AppleWebKit/537.36 (KHTML, like Gecko) Chrome/89.0.4389.114 Safari/537.36"
145.220.91.19 - - [19/Aug/2024:09:42:53 +0200] "GET / HTTP/1.1" 200 12933 "-" "Mozilla/5.0 (Macintosh; Intel Mac OS X 10.15; rv:122.0) Gecko/20100101 Firefox/122.0"
66.249.66.168 - - [19/Aug/2024:09:55:01 +0200] "GET /robots.txt HTTP/1.1" 404 196 "-" "Mozilla/5.0 (compatible; Googlebot/2.1; +http://www.google.com/bot.html)"
66.249.66.167 - - [19/Aug/2024:09:55:02 +0200] "GET /index.html HTTP/1.1" 304 - "-" "Mozilla/5.0 (Linux; Android 6.0.1; Nexus 5X Build/MMB29P) AppleWebKit/537.36 (KHTML, like Gecko) Chrome/127.0.6533.119 Mobile Safari/537.36 (compatible; Googlebot/2.1; +http://www.google.com/bot.html)"
66.249.66.168 - - [19/Aug/2024:10:24:46 +0200] "GET /sanskriti.html HTTP/1.1" 304 - "-" "Mozilla/5.0 (Linux; Android 6.0.1; Nexus 5X Build/MMB29P) AppleWebKit/537.36 (KHTML, like Gecko) Chrome/127.0.6533.119 Mobile Safari/537.36 (compatible; Googlebot/2.1; +http://www.google.com/bot.html)"
40.77.167.44 - - [19/Aug/2024:10:44:17 +0200] "GET /webdevelopment.html HTTP/1.1" 404 196 "-" "Mozilla/5.0 AppleWebKit/537.36 (KHTML, like Gecko; compatible; bingbot/2.0; +http://www.bing.com/bingbot.htm) Chrome/116.0.1938.76 Safari/537.36"
13.38.52.45 - - [19/Aug/2024:10:52:36 +0200] "GET /wp-aa.php HTTP/1.1" 404 196 "-" "python-requests/2.27.1"
62.146.171.170 - - [19/Aug/2024:11:13:52 +0200] "GET / HTTP/1.1" 200 76745 "-" "Mozilla/5.0 (Windows NT 10.0; Win64; x64) AppleWebKit/537.36 (KHTML, like Gecko) Chrome/89.0.4389.114 Safari/537.36"
62.146.171.170 - - [19/Aug/2024:11:13:53 +0200] "GET / HTTP/1.1" 200 76745 "-" "Mozilla/5.0 (Windows NT 10.0; Win64; x64) AppleWebKit/537.36 (KHTML, like Gecko) Chrome/89.0.4389.114 Safari/537.36"
62.146.171.170 - - [19/Aug/2024:11:13:54 +0200] "GET /wp-includes/wlwmanifest.xml HTTP/1.1" 404 196 "-" "Mozilla/5.0 (Windows NT 10.0; Win64; x64) AppleWebKit/537.36 (KHTML, like Gecko) Chrome/89.0.4389.114 Safari/537.36"
62.146.171.170 - - [19/Aug/2024:11:13:54 +0200] "GET /xmlrpc.php?rsd HTTP/1.1" 404 196 "-" "Mozilla/5.0 (Windows NT 10.0; Win64; x64) AppleWebKit/537.36 (KHTML, like Gecko) Chrome/89.0.4389.114 Safari/537.36"
62.146.171.170 - - [19/Aug/2024:11:13:54 +0200] "GET / HTTP/1.1" 200 76745 "-" "Mozilla/5.0 (Windows NT 10.0; Win64; x64) AppleWebKit/537.36 (KHTML, like Gecko) Chrome/89.0.4389.114 Safari/537.36"
62.146.171.170 - - [19/Aug/2024:11:13:54 +0200] "GET /blog/wp-includes/wlwmanifest.xml HTTP/1.1" 404 196 "-" "Mozilla/5.0 (Windows NT 10.0; Win64; x64) AppleWebKit/537.36 (KHTML, like Gecko) Chrome/89.0.4389.114 Safari/537.36"
62.146.171.170 - - [19/Aug/2024:11:13:55 +0200] "GET /web/wp-includes/wlwmanifest.xml HTTP/1.1" 404 196 "-" "Mozilla/5.0 (Windows NT 10.0; Win64; x64) AppleWebKit/537.36 (KHTML, like Gecko) Chrome/89.0.4389.114 Safari/537.36"
62.146.171.170 - - [19/Aug/2024:11:13:55 +0200] "GET /wordpress/wp-includes/wlwmanifest.xml HTTP/1.1" 404 196 "-" "Mozilla/5.0 (Windows NT 10.0; Win64; x64) AppleWebKit/537.36 (KHTML, like Gecko) Chrome/89.0.4389.114 Safari/537.36"
62.146.171.170 - - [19/Aug/2024:11:13:55 +0200] "GET /website/wp-includes/wlwmanifest.xml HTTP/1.1" 404 196 "-" "Mozilla/5.0 (Windows NT 10.0; Win64; x64) AppleWebKit/537.36 (KHTML, like Gecko) Chrome/89.0.4389.114 Safari/537.36"
62.146.171.170 - - [19/Aug/2024:11:13:55 +0200] "GET /wp/wp-includes/wlwmanifest.xml HTTP/1.1" 404 196 "-" "Mozilla/5.0 (Windows NT 10.0; Win64; x64) AppleWebKit/537.36 (KHTML, like Gecko) Chrome/89.0.4389.114 Safari/537.36"
62.146.171.170 - - [19/Aug/2024:11:13:56 +0200] "GET /news/wp-includes/wlwmanifest.xml HTTP/1.1" 404 196 "-" "Mozilla/5.0 (Windows NT 10.0; Win64; x64) AppleWebKit/537.36 (KHTML, like Gecko) Chrome/89.0.4389.114 Safari/537.36"
62.146.171.170 - - [19/Aug/2024:11:13:56 +0200] "GET /2020/wp-includes/wlwmanifest.xml HTTP/1.1" 404 196 "-" "Mozilla/5.0 (Windows NT 10.0; Win64; x64) AppleWebKit/537.36 (KHTML, like Gecko) Chrome/89.0.4389.114 Safari/537.36"
62.146.171.170 - - [19/Aug/2024:11:13:56 +0200] "GET /2019/wp-includes/wlwmanifest.xml HTTP/1.1" 404 196 "-" "Mozilla/5.0 (Windows NT 10.0; Win64; x64) AppleWebKit/537.36 (KHTML, like Gecko) Chrome/89.0.4389.114 Safari/537.36"
62.146.171.170 - - [19/Aug/2024:11:13:57 +0200] "GET /shop/wp-includes/wlwmanifest.xml HTTP/1.1" 404 196 "-" "Mozilla/5.0 (Windows NT 10.0; Win64; x64) AppleWebKit/537.36 (KHTML, like Gecko) Chrome/89.0.4389.114 Safari/537.36"
62.146.171.170 - - [19/Aug/2024:11:13:57 +0200] "GET /wp1/wp-includes/wlwmanifest.xml HTTP/1.1" 404 196 "-" "Mozilla/5.0 (Windows NT 10.0; Win64; x64) AppleWebKit/537.36 (KHTML, like Gecko) Chrome/89.0.4389.114 Safari/537.36"
62.146.171.170 - - [19/Aug/2024:11:13:57 +0200] "GET /test/wp-includes/wlwmanifest.xml HTTP/1.1" 404 196 "-" "Mozilla/5.0 (Windows NT 10.0; Win64; x64) AppleWebKit/537.36 (KHTML, like Gecko) Chrome/89.0.4389.114 Safari/537.36"
62.146.171.170 - - [19/Aug/2024:11:13:57 +0200] "GET /wp2/wp-includes/wlwmanifest.xml HTTP/1.1" 404 196 "-" "Mozilla/5.0 (Windows NT 10.0; Win64; x64) AppleWebKit/537.36 (KHTML, like Gecko) Chrome/89.0.4389.114 Safari/537.36"
62.146.171.170 - - [19/Aug/2024:11:13:58 +0200] "GET /site/wp-includes/wlwmanifest.xml HTTP/1.1" 404 196 "-" "Mozilla/5.0 (Windows NT 10.0; Win64; x64) AppleWebKit/537.36 (KHTML, like Gecko) Chrome/89.0.4389.114 Safari/537.36"
62.146.171.170 - - [19/Aug/2024:11:13:58 +0200] "GET /cms/wp-includes/wlwmanifest.xml HTTP/1.1" 404 196 "-" "Mozilla/5.0 (Windows NT 10.0; Win64; x64) AppleWebKit/537.36 (KHTML, like Gecko) Chrome/89.0.4389.114 Safari/537.36"
62.146.171.170 - - [19/Aug/2024:11:13:58 +0200] "GET /sito/wp-includes/wlwmanifest.xml HTTP/1.1" 404 196 "-" "Mozilla/5.0 (Windows NT 10.0; Win64; x64) AppleWebKit/537.36 (KHTML, like Gecko) Chrome/89.0.4389.114 Safari/537.36"
185.191.171.5 - - [19/Aug/2024:11:21:46 +0200] "GET /robots.txt HTTP/1.1" 404 196 "-" "Mozilla/5.0 (compatible; SemrushBot/7~bl; +http://www.semrush.com/bot.html)"
185.191.171.14 - - [19/Aug/2024:11:21:47 +0200] "GET /digital-marketing/faq.html HTTP/1.1" 200 4360 "-" "Mozilla/5.0 (compatible; SemrushBot/7~bl; +http://www.semrush.com/bot.html)"
114.119.153.132 - - [19/Aug/2024:11:38:38 +0200] "GET /Start-up-Expo.html HTTP/1.1" 200 11974 "http://quattrointernational.in/BusinessStartup.html" "Mozilla/5.0 (Linux; Android 7.0;) AppleWebKit/537.36 (KHTML, like Gecko) Mobile Safari/537.36 (compatible; PetalBot;+https://webmaster.petalsearch.com/site/petalbot)"
185.191.171.9 - - [19/Aug/2024:11:42:33 +0200] "GET /digital-marketing/works.html HTTP/1.1" 200 4221 "-" "Mozilla/5.0 (compatible; SemrushBot/7~bl; +http://www.semrush.com/bot.html)"
66.249.66.166 - - [19/Aug/2024:11:56:45 +0200] "GET / HTTP/1.1" 200 12933 "-" "Mozilla/5.0 (Linux; Android 6.0.1; Nexus 5X Build/MMB29P) AppleWebKit/537.36 (KHTML, like Gecko) Chrome/127.0.6533.119 Mobile Safari/537.36 (compatible; Googlebot/2.1; +http://www.google.com/bot.html)"
66.249.66.166 - - [19/Aug/2024:11:56:50 +0200] "GET /js/smoothscroll.js HTTP/1.1" 200 1857 "https://www.quattrointernational.in/" "Mozilla/5.0 (Linux; Android 6.0.1; Nexus 5X Build/MMB29P) AppleWebKit/537.36 (KHTML, like Gecko) Chrome/127.0.6533.99 Mobile Safari/537.36 (compatible; Googlebot/2.1; +http://www.google.com/bot.html)"
66.249.66.169 - - [19/Aug/2024:11:56:50 +0200] "GET /robots.txt HTTP/1.1" 404 196 "-" "Mozilla/5.0 (compatible; Googlebot/2.1; +http://www.google.com/bot.html)"
66.249.66.167 - - [19/Aug/2024:11:56:51 +0200] "GET /css/mobile-menu.css HTTP/1.1" 200 631 "https://www.quattrointernational.in/" "Mozilla/5.0 (Linux; Android 6.0.1; Nexus 5X Build/MMB29P) AppleWebKit/537.36 (KHTML, like Gecko) Chrome/127.0.6533.99 Mobile Safari/537.36 (compatible; Googlebot/2.1; +http://www.google.com/bot.html)"
66.249.66.168 - - [19/Aug/2024:11:56:52 +0200] "GET /css/style.css HTTP/1.1" 200 7130 "https://www.quattrointernational.in/" "Mozilla/5.0 (Linux; Android 6.0.1; Nexus 5X Build/MMB29P) AppleWebKit/537.36 (KHTML, like Gecko) Chrome/127.0.6533.99 Mobile Safari/537.36 (compatible; Googlebot/2.1; +http://www.google.com/bot.html)"
66.249.66.166 - - [19/Aug/2024:11:56:53 +0200] "GET /connect.facebook.net/en_GB/sdk.js HTTP/1.1" 404 196 "https://www.quattrointernational.in/" "Mozilla/5.0 (Linux; Android 6.0.1; Nexus 5X Build/MMB29P) AppleWebKit/537.36 (KHTML, like Gecko) Chrome/127.0.6533.99 Mobile Safari/537.36 (compatible; Googlebot/2.1; +http://www.google.com/bot.html)"
66.249.66.167 - - [19/Aug/2024:11:56:54 +0200] "GET /connect.facebook.net/en_GB/sdk.js HTTP/1.1" 404 196 "https://www.quattrointernational.in/" "Mozilla/5.0 (Linux; Android 6.0.1; Nexus 5X Build/MMB29P) AppleWebKit/537.36 (KHTML, like Gecko) Chrome/127.0.6533.99 Mobile Safari/537.36 (compatible; Googlebot/2.1; +http://www.google.com/bot.html)"
47.128.125.132 - - [19/Aug/2024:12:58:21 +0200] "GET /robots.txt HTTP/1.1" 404 196 "-" "Mozilla/5.0 (Linux; Android 5.0) AppleWebKit/537.36 (KHTML, like Gecko) Mobile Safari/537.36 (compatible; Bytespider; spider-feedback@bytedance.com)"
66.249.66.166 - - [19/Aug/2024:13:07:36 +0200] "GET /robots.txt HTTP/1.1" 404 196 "-" "Mozilla/5.0 (compatible; Googlebot/2.1; +http://www.google.com/bot.html)"
66.249.66.167 - - [19/Aug/2024:13:07:36 +0200] "GET /sanskriti.html HTTP/1.1" 304 - "-" "Mozilla/5.0 (Linux; Android 6.0.1; Nexus 5X Build/MMB29P) AppleWebKit/537.36 (KHTML, like Gecko) Chrome/127.0.6533.119 Mobile Safari/537.36 (compatible; Googlebot/2.1; +http://www.google.com/bot.html)"
216.244.66.229 - - [19/Aug/2024:13:49:26 +0200] "GET /robots.txt HTTP/1.1" 404 196 "-" "Mozilla/5.0 (compatible; DotBot/1.2; +https://opensiteexplorer.org/dotbot; help@moz.com)"
216.244.66.229 - - [19/Aug/2024:13:53:38 +0200] "GET /career.html HTTP/1.1" 200 52974 "-" "Mozilla/5.0 (compatible; DotBot/1.2; +https://opensiteexplorer.org/dotbot; help@moz.com)"
5.255.231.20 - - [19/Aug/2024:13:55:07 +0200] "GET /robots.txt HTTP/1.1" 404 196 "-" "Mozilla/5.0 (compatible; YandexBot/3.0; +http://yandex.com/bots)"
95.108.213.222 - - [19/Aug/2024:13:55:08 +0200] "GET /investors.html HTTP/1.1" 200 8672 "-" "Mozilla/5.0 (compatible; YandexBot/3.0; +http://yandex.com/bots)"
51.222.253.5 - - [19/Aug/2024:13:58:19 +0200] "GET /robots.txt HTTP/1.1" 404 196 "-" "Mozilla/5.0 (compatible; AhrefsBot/7.0; +http://ahrefs.com/robot/)"
54.36.148.226 - - [19/Aug/2024:13:58:21 +0200] "GET /bannerdesign.html HTTP/1.1" 200 9014 "-" "Mozilla/5.0 (compatible; AhrefsBot/7.0; +http://ahrefs.com/robot/)"
54.36.148.223 - - [19/Aug/2024:13:58:22 +0200] "GET /img/maxresdefault-1.jpg HTTP/1.1" 200 469006 "-" "Mozilla/5.0 (compatible; AhrefsBot/7.0; +http://ahrefs.com/robot/)"
66.249.66.166 - - [19/Aug/2024:14:23:11 +0200] "GET /smsmarketing.html HTTP/1.1" 304 - "-" "Mozilla/5.0 (Linux; Android 6.0.1; Nexus 5X Build/MMB29P) AppleWebKit/537.36 (KHTML, like Gecko) Chrome/127.0.6533.119 Mobile Safari/537.36 (compatible; Googlebot/2.1; +http://www.google.com/bot.html)"
85.208.96.201 - - [19/Aug/2024:14:24:44 +0200] "GET /robots.txt HTTP/1.1" 404 196 "-" "Mozilla/5.0 (compatible; SemrushBot/7~bl; +http://www.semrush.com/bot.html)"
85.208.96.207 - - [19/Aug/2024:14:24:45 +0200] "GET /helpwebsolutions.html HTTP/1.1" 200 8703 "-" "Mozilla/5.0 (compatible; SemrushBot/7~bl; +http://www.semrush.com/bot.html)"
114.119.136.128 - - [19/Aug/2024:14:35:06 +0200] "GET /ppc.html HTTP/1.1" 200 9638 "http://quattrointernational.in/cateloguedesign.html" "Mozilla/5.0 (Linux; Android 7.0;) AppleWebKit/537.36 (KHTML, like Gecko) Mobile Safari/537.36 (compatible; PetalBot;+https://webmaster.petalsearch.com/site/petalbot)"
47.128.58.103 - - [19/Aug/2024:14:48:02 +0200] "GET /robots.txt HTTP/1.1" 404 196 "-" "Mozilla/5.0 (Linux; Android 5.0) AppleWebKit/537.36 (KHTML, like Gecko) Mobile Safari/537.36 (compatible; Bytespider; spider-feedback@bytedance.com)"
114.119.147.74 - - [19/Aug/2024:14:58:02 +0200] "GET /sales-and-marketing.html HTTP/1.1" 200 9544 "http://quattrointernational.in/cateloguedesign.html" "Mozilla/5.0 (Linux; Android 7.0;) AppleWebKit/537.36 (KHTML, like Gecko) Mobile Safari/537.36 (compatible; PetalBot;+https://webmaster.petalsearch.com/site/petalbot)"
62.146.171.170 - - [19/Aug/2024:15:07:17 +0200] "GET / HTTP/1.1" 200 76745 "-" "Mozilla/5.0 (Windows NT 10.0; Win64; x64) AppleWebKit/537.36 (KHTML, like Gecko) Chrome/89.0.4389.114 Safari/537.36"
62.146.171.170 - - [19/Aug/2024:15:07:18 +0200] "GET / HTTP/1.1" 200 76745 "-" "Mozilla/5.0 (Windows NT 10.0; Win64; x64) AppleWebKit/537.36 (KHTML, like Gecko) Chrome/89.0.4389.114 Safari/537.36"
62.146.171.170 - - [19/Aug/2024:15:07:18 +0200] "GET /wp-includes/wlwmanifest.xml HTTP/1.1" 404 196 "-" "Mozilla/5.0 (Windows NT 10.0; Win64; x64) AppleWebKit/537.36 (KHTML, like Gecko) Chrome/89.0.4389.114 Safari/537.36"
62.146.171.170 - - [19/Aug/2024:15:07:19 +0200] "GET /xmlrpc.php?rsd HTTP/1.1" 404 196 "-" "Mozilla/5.0 (Windows NT 10.0; Win64; x64) AppleWebKit/537.36 (KHTML, like Gecko) Chrome/89.0.4389.114 Safari/537.36"
62.146.171.170 - - [19/Aug/2024:15:07:19 +0200] "GET / HTTP/1.1" 200 76745 "-" "Mozilla/5.0 (Windows NT 10.0; Win64; x64) AppleWebKit/537.36 (KHTML, like Gecko) Chrome/89.0.4389.114 Safari/537.36"
62.146.171.170 - - [19/Aug/2024:15:07:19 +0200] "GET /blog/wp-includes/wlwmanifest.xml HTTP/1.1" 404 196 "-" "Mozilla/5.0 (Windows NT 10.0; Win64; x64) AppleWebKit/537.36 (KHTML, like Gecko) Chrome/89.0.4389.114 Safari/537.36"
62.146.171.170 - - [19/Aug/2024:15:07:19 +0200] "GET /web/wp-includes/wlwmanifest.xml HTTP/1.1" 404 196 "-" "Mozilla/5.0 (Windows NT 10.0; Win64; x64) AppleWebKit/537.36 (KHTML, like Gecko) Chrome/89.0.4389.114 Safari/537.36"
62.146.171.170 - - [19/Aug/2024:15:07:20 +0200] "GET /wordpress/wp-includes/wlwmanifest.xml HTTP/1.1" 404 196 "-" "Mozilla/5.0 (Windows NT 10.0; Win64; x64) AppleWebKit/537.36 (KHTML, like Gecko) Chrome/89.0.4389.114 Safari/537.36"
62.146.171.170 - - [19/Aug/2024:15:07:20 +0200] "GET /website/wp-includes/wlwmanifest.xml HTTP/1.1" 404 196 "-" "Mozilla/5.0 (Windows NT 10.0; Win64; x64) AppleWebKit/537.36 (KHTML, like Gecko) Chrome/89.0.4389.114 Safari/537.36"
62.146.171.170 - - [19/Aug/2024:15:07:20 +0200] "GET /wp/wp-includes/wlwmanifest.xml HTTP/1.1" 404 196 "-" "Mozilla/5.0 (Windows NT 10.0; Win64; x64) AppleWebKit/537.36 (KHTML, like Gecko) Chrome/89.0.4389.114 Safari/537.36"
62.146.171.170 - - [19/Aug/2024:15:07:21 +0200] "GET /news/wp-includes/wlwmanifest.xml HTTP/1.1" 404 196 "-" "Mozilla/5.0 (Windows NT 10.0; Win64; x64) AppleWebKit/537.36 (KHTML, like Gecko) Chrome/89.0.4389.114 Safari/537.36"
62.146.171.170 - - [19/Aug/2024:15:07:21 +0200] "GET /2020/wp-includes/wlwmanifest.xml HTTP/1.1" 404 196 "-" "Mozilla/5.0 (Windows NT 10.0; Win64; x64) AppleWebKit/537.36 (KHTML, like Gecko) Chrome/89.0.4389.114 Safari/537.36"
62.146.171.170 - - [19/Aug/2024:15:07:21 +0200] "GET /2019/wp-includes/wlwmanifest.xml HTTP/1.1" 404 196 "-" "Mozilla/5.0 (Windows NT 10.0; Win64; x64) AppleWebKit/537.36 (KHTML, like Gecko) Chrome/89.0.4389.114 Safari/537.36"
62.146.171.170 - - [19/Aug/2024:15:07:21 +0200] "GET /shop/wp-includes/wlwmanifest.xml HTTP/1.1" 404 196 "-" "Mozilla/5.0 (Windows NT 10.0; Win64; x64) AppleWebKit/537.36 (KHTML, like Gecko) Chrome/89.0.4389.114 Safari/537.36"
62.146.171.170 - - [19/Aug/2024:15:07:22 +0200] "GET /wp1/wp-includes/wlwmanifest.xml HTTP/1.1" 404 196 "-" "Mozilla/5.0 (Windows NT 10.0; Win64; x64) AppleWebKit/537.36 (KHTML, like Gecko) Chrome/89.0.4389.114 Safari/537.36"
62.146.171.170 - - [19/Aug/2024:15:07:22 +0200] "GET /test/wp-includes/wlwmanifest.xml HTTP/1.1" 404 196 "-" "Mozilla/5.0 (Windows NT 10.0; Win64; x64) AppleWebKit/537.36 (KHTML, like Gecko) Chrome/89.0.4389.114 Safari/537.36"
62.146.171.170 - - [19/Aug/2024:15:07:22 +0200] "GET /wp2/wp-includes/wlwmanifest.xml HTTP/1.1" 404 196 "-" "Mozilla/5.0 (Windows NT 10.0; Win64; x64) AppleWebKit/537.36 (KHTML, like Gecko) Chrome/89.0.4389.114 Safari/537.36"
62.146.171.170 - - [19/Aug/2024:15:07:23 +0200] "GET /site/wp-includes/wlwmanifest.xml HTTP/1.1" 404 196 "-" "Mozilla/5.0 (Windows NT 10.0; Win64; x64) AppleWebKit/537.36 (KHTML, like Gecko) Chrome/89.0.4389.114 Safari/537.36"
62.146.171.170 - - [19/Aug/2024:15:07:23 +0200] "GET /cms/wp-includes/wlwmanifest.xml HTTP/1.1" 404 196 "-" "Mozilla/5.0 (Windows NT 10.0; Win64; x64) AppleWebKit/537.36 (KHTML, like Gecko) Chrome/89.0.4389.114 Safari/537.36"
62.146.171.170 - - [19/Aug/2024:15:07:23 +0200] "GET /sito/wp-includes/wlwmanifest.xml HTTP/1.1" 404 196 "-" "Mozilla/5.0 (Windows NT 10.0; Win64; x64) AppleWebKit/537.36 (KHTML, like Gecko) Chrome/89.0.4389.114 Safari/537.36"
198.235.24.148 - - [19/Aug/2024:16:15:41 +0200] "GET / HTTP/1.1" 200 76745 "-" "-"
43.138.191.97 - - [19/Aug/2024:16:19:55 +0200] "GET /xmlrpc.php HTTP/1.1" 404 196 "-" "Mozilla/5.0 (Windows NT 6.1; WOW64; rv:45.0) Gecko/20100101 Firefox/45.0"
114.119.153.49 - - [19/Aug/2024:16:39:41 +0200] "GET /politicalpromotion.html HTTP/1.1" 200 10347 "http://quattrointernational.in/helpwebsolutions.html" "Mozilla/5.0 (Linux; Android 7.0;) AppleWebKit/537.36 (KHTML, like Gecko) Mobile Safari/537.36 (compatible; PetalBot;+https://webmaster.petalsearch.com/site/petalbot)"
47.128.41.234 - - [19/Aug/2024:16:43:39 +0200] "GET /robots.txt HTTP/1.1" 404 196 "-" "Mozilla/5.0 (Linux; Android 5.0) AppleWebKit/537.36 (KHTML, like Gecko) Mobile Safari/537.36 (compatible; Bytespider; spider-feedback@bytedance.com)"
66.249.66.167 - - [19/Aug/2024:16:46:06 +0200] "GET /ppc.html HTTP/1.1" 200 9638 "-" "Mozilla/5.0 (Linux; Android 6.0.1; Nexus 5X Build/MMB29P) AppleWebKit/537.36 (KHTML, like Gecko) Chrome/127.0.6533.119 Mobile Safari/537.36 (compatible; Googlebot/2.1; +http://www.google.com/bot.html)"
66.249.66.167 - - [19/Aug/2024:16:46:15 +0200] "GET /connect.facebook.net/en_GB/sdk.js HTTP/1.1" 404 196 "https://quattrointernational.in/ppc.html" "Mozilla/5.0 (Linux; Android 6.0.1; Nexus 5X Build/MMB29P) AppleWebKit/537.36 (KHTML, like Gecko) Chrome/127.0.6533.99 Mobile Safari/537.36 (compatible; Googlebot/2.1; +http://www.google.com/bot.html)"
185.191.171.1 - - [19/Aug/2024:16:53:00 +0200] "GET /robots.txt HTTP/1.1" 404 196 "-" "Mozilla/5.0 (compatible; SemrushBot/7~bl; +http://www.semrush.com/bot.html)"
85.208.96.212 - - [19/Aug/2024:16:53:00 +0200] "GET /digital-marketing/works.html HTTP/1.1" 200 4221 "-" "Mozilla/5.0 (compatible; SemrushBot/7~bl; +http://www.semrush.com/bot.html)"
216.244.66.229 - - [19/Aug/2024:17:14:45 +0200] "GET /robots.txt HTTP/1.1" 404 196 "-" "Mozilla/5.0 (compatible; DotBot/1.2; +https://opensiteexplorer.org/dotbot; help@moz.com)"
216.244.66.229 - - [19/Aug/2024:17:18:23 +0200] "GET /digitalmarketing.html HTTP/1.1" 200 57877 "-" "Mozilla/5.0 (compatible; DotBot/1.2; +https://opensiteexplorer.org/dotbot; help@moz.com)"
216.244.66.229 - - [19/Aug/2024:17:18:29 +0200] "GET /finance.html HTTP/1.1" 200 52321 "-" "Mozilla/5.0 (compatible; DotBot/1.2; +https://opensiteexplorer.org/dotbot; help@moz.com)"
15.236.225.94 - - [19/Aug/2024:17:31:33 +0200] "GET /wordpress/ HTTP/1.1" 404 196 "-" "Mozilla/5.0 (Windows NT 6.3; Win64; x64; rv:63.0) Gecko/20100101 Firefox/63.0"
15.236.225.94 - - [19/Aug/2024:17:31:35 +0200] "GET /wp/ HTTP/1.1" 404 196 "-" "Mozilla/5.0 (Windows NT 6.3; Win64; x64; rv:63.0) Gecko/20100101 Firefox/63.0"
15.236.225.94 - - [19/Aug/2024:17:31:37 +0200] "GET /blog/ HTTP/1.1" 404 196 "-" "Mozilla/5.0 (Windows NT 6.3; Win64; x64; rv:63.0) Gecko/20100101 Firefox/63.0"
15.236.225.94 - - [19/Aug/2024:17:31:39 +0200] "GET /old/ HTTP/1.1" 404 196 "-" "Mozilla/5.0 (Windows NT 6.3; Win64; x64; rv:63.0) Gecko/20100101 Firefox/63.0"
15.236.225.94 - - [19/Aug/2024:17:31:42 +0200] "GET /new/ HTTP/1.1" 404 196 "-" "Mozilla/5.0 (Windows NT 6.3; Win64; x64; rv:63.0) Gecko/20100101 Firefox/63.0"
15.236.225.94 - - [19/Aug/2024:17:31:42 +0200] "GET /test/ HTTP/1.1" 404 196 "-" "Mozilla/5.0 (Windows NT 6.3; Win64; x64; rv:63.0) Gecko/20100101 Firefox/63.0"
15.236.225.94 - - [19/Aug/2024:17:31:43 +0200] "GET /backup/ HTTP/1.1" 403 199 "-" "Mozilla/5.0 (Windows NT 6.3; Win64; x64; rv:63.0) Gecko/20100101 Firefox/63.0"
15.236.225.94 - - [19/Aug/2024:17:31:45 +0200] "GET /temp/ HTTP/1.1" 404 196 "-" "Mozilla/5.0 (Windows NT 6.3; Win64; x64; rv:63.0) Gecko/20100101 Firefox/63.0"
15.236.225.94 - - [19/Aug/2024:17:31:45 +0200] "GET / HTTP/1.1" 200 12933 "-" "Mozilla/5.0 (Windows NT 6.3; Win64; x64; rv:63.0) Gecko/20100101 Firefox/63.0"
47.128.123.197 - - [19/Aug/2024:17:43:28 +0200] "GET /robots.txt HTTP/1.1" 404 196 "-" "Mozilla/5.0 (Linux; Android 5.0) AppleWebKit/537.36 (KHTML, like Gecko) Mobile Safari/537.36 (compatible; Bytespider; spider-feedback@bytedance.com)"
66.249.66.167 - - [19/Aug/2024:18:03:02 +0200] "GET /secureunwantedvirus.html HTTP/1.1" 304 - "-" "Mozilla/5.0 (Linux; Android 6.0.1; Nexus 5X Build/MMB29P) AppleWebKit/537.36 (KHTML, like Gecko) Chrome/127.0.6533.119 Mobile Safari/537.36 (compatible; Googlebot/2.1; +http://www.google.com/bot.html)"
85.208.96.204 - - [19/Aug/2024:18:23:09 +0200] "GET /robots.txt HTTP/1.1" 404 196 "-" "Mozilla/5.0 (compatible; SemrushBot/7~bl; +http://www.semrush.com/bot.html)"
85.208.96.204 - - [19/Aug/2024:18:23:10 +0200] "GET /digital-marketing/index.html HTTP/1.1" 200 3402 "-" "Mozilla/5.0 (compatible; SemrushBot/7~bl; +http://www.semrush.com/bot.html)"
54.36.149.68 - - [19/Aug/2024:18:24:18 +0200] "GET /politicalpromotion.html HTTP/1.1" 200 10347 "-" "Mozilla/5.0 (compatible; AhrefsBot/7.0; +http://ahrefs.com/robot/)"
47.128.22.108 - - [19/Aug/2024:18:29:46 +0200] "GET /robots.txt HTTP/1.1" 404 196 "-" "Mozilla/5.0 (Linux; Android 5.0) AppleWebKit/537.36 (KHTML, like Gecko) Mobile Safari/537.36 (compatible; Bytespider; spider-feedback@bytedance.com)"
149.34.253.149 - - [19/Aug/2024:18:40:20 +0200] "GET /.vscode/sftp.json HTTP/1.1" 404 196 "-" "-"
149.34.253.149 - - [19/Aug/2024:18:40:20 +0200] "GET /sftp-config.json HTTP/1.1" 404 196 "-" "-"
149.34.253.149 - - [19/Aug/2024:18:40:21 +0200] "GET /sftp.json HTTP/1.1" 404 196 "-" "-"
216.244.66.229 - - [19/Aug/2024:18:57:21 +0200] "GET /robots.txt HTTP/1.1" 404 196 "-" "Mozilla/5.0 (compatible; DotBot/1.2; +https://opensiteexplorer.org/dotbot; help@moz.com)"
216.244.66.229 - - [19/Aug/2024:19:01:20 +0200] "GET /investors.html HTTP/1.1" 200 53762 "-" "Mozilla/5.0 (compatible; DotBot/1.2; +https://opensiteexplorer.org/dotbot; help@moz.com)"
47.128.62.146 - - [19/Aug/2024:19:32:56 +0200] "GET /robots.txt HTTP/1.1" 404 196 "-" "Mozilla/5.0 (Linux; Android 5.0) AppleWebKit/537.36 (KHTML, like Gecko) Mobile Safari/537.36 (compatible; Bytespider; spider-feedback@bytedance.com)"
114.119.153.132 - - [19/Aug/2024:19:36:28 +0200] "GET /psddesign.html HTTP/1.1" 200 8853 "http://quattrointernational.in/cateloguedesign.html" "Mozilla/5.0 (Linux; Android 7.0;) AppleWebKit/537.36 (KHTML, like Gecko) Mobile Safari/537.36 (compatible; PetalBot;+https://webmaster.petalsearch.com/site/petalbot)"
114.119.147.74 - - [19/Aug/2024:20:13:58 +0200] "GET /googleadWord.html HTTP/1.1" 200 9916 "http://quattrointernational.in/cateloguedesign.html" "Mozilla/5.0 (Linux; Android 7.0;) AppleWebKit/537.36 (KHTML, like Gecko) Mobile Safari/537.36 (compatible; PetalBot;+https://webmaster.petalsearch.com/site/petalbot)"
66.249.66.167 - - [19/Aug/2024:20:21:27 +0200] "GET /secureunwantedvirus.html HTTP/1.1" 304 - "-" "Mozilla/5.0 (Linux; Android 6.0.1; Nexus 5X Build/MMB29P) AppleWebKit/537.36 (KHTML, like Gecko) Chrome/127.0.6533.119 Mobile Safari/537.36 (compatible; Googlebot/2.1; +http://www.google.com/bot.html)"
85.208.96.198 - - [19/Aug/2024:20:44:05 +0200] "GET /robots.txt HTTP/1.1" 404 196 "-" "Mozilla/5.0 (compatible; SemrushBot/7~bl; +http://www.semrush.com/bot.html)"
85.208.96.205 - - [19/Aug/2024:20:44:06 +0200] "GET /faq.html HTTP/1.1" 200 10410 "-" "Mozilla/5.0 (compatible; SemrushBot/7~bl; +http://www.semrush.com/bot.html)"
47.128.118.84 - - [19/Aug/2024:21:11:44 +0200] "GET /robots.txt HTTP/1.1" 404 196 "-" "Mozilla/5.0 (Linux; Android 5.0) AppleWebKit/537.36 (KHTML, like Gecko) Mobile Safari/537.36 (compatible; Bytespider; spider-feedback@bytedance.com)"
35.171.144.152 - - [19/Aug/2024:21:19:30 +0200] "GET / HTTP/1.1" 200 76745 "-" "Mozilla/5.0 \\(Windows NT 10.0\\; Win64\\; x64\\) AppleWebKit/537.36 \\(KHTML, like Gecko\\) Chrome/100.0.4896.60 Safari/537.36"
54.88.179.33 - - [19/Aug/2024:21:19:31 +0200] "GET / HTTP/1.1" 200 76745 "-" "Mozilla/5.0 \\(Windows NT 10.0\\; Win64\\; x64\\) AppleWebKit/537.36 \\(KHTML, like Gecko\\) Chrome/100.0.4896.60 Safari/537.36"
35.171.144.152 - - [19/Aug/2024:21:19:32 +0200] "GET / HTTP/1.1" 200 76745 "-" "Mozilla/5.0 \\(Windows NT 10.0\\; Win64\\; x64\\) AppleWebKit/537.36 \\(KHTML, like Gecko\\) Chrome/100.0.4896.60 Safari/537.36"
114.119.147.74 - - [19/Aug/2024:21:59:11 +0200] "GET /home.html HTTP/1.1" 200 12934 "http://quattrointernational.in/cateloguedesign.html" "Mozilla/5.0 (Linux; Android 7.0;) AppleWebKit/537.36 (KHTML, like Gecko) Mobile Safari/537.36 (compatible; PetalBot;+https://webmaster.petalsearch.com/site/petalbot)"
44.234.36.19 - - [19/Aug/2024:22:23:24 +0200] "GET /robots.txt HTTP/1.1" 404 196 "-" "Mozilla/5.0 (compatible; wpbot/1.1; +https://forms.gle/ajBaxygz9jSR8p8G9)"
44.234.36.19 - - [19/Aug/2024:22:23:24 +0200] "GET / HTTP/1.1" 200 12933 "-" "Mozilla/5.0 (compatible; wpbot/1.1; +https://forms.gle/ajBaxygz9jSR8p8G9)"
